{"id":595373,"date":"2025-03-05T00:21:32","date_gmt":"2025-03-04T23:21:32","guid":{"rendered":"https:\/\/shop.kustom.ch\/?post_type=product&#038;p=595373"},"modified":"2026-03-31T08:58:39","modified_gmt":"2026-03-31T07:58:39","slug":"high-vis-jacke-2","status":"publish","type":"product","link":"https:\/\/shop.kustom.ch\/it\/prodotto\/high-vis-jacke-2\/","title":{"rendered":"Giacca alta visibilit\u00e0"},"content":{"rendered":"<p>Pratica giacca a vista con braccia preformate, larghezza regolabile in vita e schiena plissettata in materiale idrorepellente. La combinazione di colori 3399 giallo\/nero \u00e8 certificata in base alla norma EN ISO 20471 classe 2.<\/p>\n<p>CHIUSURA: Schiena allungata. Polsini regolabili con chiusura in velcro. DETTAGLI: Tasca per carte d'identit\u00e0. Soffietti sulla schiena. Colletto foderato in pile. CHIUSURA ANTERIORE: Zip nascosta in plastica rinforzata. CARATTERISTICHE PRINCIPALI: Artigianale. EN ISO 20471. REFLEX: profili riflettenti. TESSUTO: Uomo. nero. Trasporto. TASCHE: Tasche sul petto con soffietto e patta. Tasca Napoleone all'interno della patta antivento. Tasche anteriori con cerniere. Tasca sulla manica con portapenne. ISTRUZIONI DI LAVAGGIO: lavaggio industriale X 50. PRO: adatto all'asciugatura in tamburo. LAVAGGIO: Lavaggio industriale EN ISO 15797. CERTIFICAZIONE: EN ISO 20471, classe 2.<\/p>\n<p>65% poliestere, 35% cotone, twill, tessuto esterno idrorepellente, 240g\/m\u00b2.<\/p>","protected":false},"excerpt":{"rendered":"<p>Praktische High Vis Jacke mit vorgeformten Armen, einstellbarer Weite an der Taille und plissiertem R\u00fccken aus wasserabweisendem Material. Die Farbkombination 3399 Gelb\/Schwarz ist zertifiziert nach EN ISO 20471 Klasse 2. ABSCHLUSS: Verl\u00e4ngerter R\u00fccken. Verstellbare \u00c4rmelb\u00fcndchen mit Klettverschluss. DETAILS: Ausweistasche. Balg am R\u00fccken. Fleecegef\u00fctterter Kragen. FRONTVERSCHLUSS: Verdeckter, verst\u00e4rkter Reissverschluss aus Kunststoff. HAUPTEIGENSCHAFTEN: Handwerker. EN ISO 20471. [&hellip;]<\/p>\n","protected":false},"featured_media":595443,"template":"","meta":[],"product_brand":[],"product_cat":[4186],"product_tag":[],"class_list":{"0":"post-595373","1":"product","2":"type-product","3":"status-publish","4":"has-post-thumbnail","6":"product_cat-jacken","7":"pa_brand-blaklaeder","8":"pa_brand-type-workwear","9":"pa_filter-color-gelb","10":"pa_filter-color-schwarz","12":"first","13":"instock","14":"sale","15":"taxable","16":"shipping-taxable","17":"purchasable","18":"product-type-variable","19":"add-to-wishlist-before_image"},"exclude_global_add_ons":[],"addons":[],"acf":[],"_links":{"self":[{"href":"https:\/\/shop.kustom.ch\/it\/wp-json\/wp\/v2\/product\/595373"}],"collection":[{"href":"https:\/\/shop.kustom.ch\/it\/wp-json\/wp\/v2\/product"}],"about":[{"href":"https:\/\/shop.kustom.ch\/it\/wp-json\/wp\/v2\/types\/product"}],"wp:featuredmedia":[{"embeddable":true,"href":"https:\/\/shop.kustom.ch\/it\/wp-json\/wp\/v2\/media\/595443"}],"wp:attachment":[{"href":"https:\/\/shop.kustom.ch\/it\/wp-json\/wp\/v2\/media?parent=595373"}],"wp:term":[{"taxonomy":"product_brand","embeddable":true,"href":"https:\/\/shop.kustom.ch\/it\/wp-json\/wp\/v2\/product_brand?post=595373"},{"taxonomy":"product_cat","embeddable":true,"href":"https:\/\/shop.kustom.ch\/it\/wp-json\/wp\/v2\/product_cat?post=595373"},{"taxonomy":"product_tag","embeddable":true,"href":"https:\/\/shop.kustom.ch\/it\/wp-json\/wp\/v2\/product_tag?post=595373"}],"curies":[{"name":"wp","href":"https:\/\/api.w.org\/{rel}","templated":true}]}}

Giacca alta visibilità

<p>Pratica giacca a vista con braccia preformate, larghezza regolabile in vita e schiena plissettata in materiale idrorepellente. La combinazione di colori 3399 giallo/nero è certificata in base alla norma EN ISO 20471 classe 2.</p>
<p>CHIUSURA: Schiena allungata. Polsini regolabili con chiusura in velcro. DETTAGLI: Tasca per carte d'identità. Soffietti sulla schiena. Colletto foderato in pile. CHIUSURA ANTERIORE: Zip nascosta in plastica rinforzata. CARATTERISTICHE PRINCIPALI: Artigianale. EN ISO 20471. REFLEX: profili riflettenti. TESSUTO: Uomo. nero. Trasporto. TASCHE: Tasche sul petto con soffietto e patta. Tasca Napoleone all'interno della patta antivento. Tasche anteriori con cerniere. Tasca sulla manica con portapenne. ISTRUZIONI DI LAVAGGIO: lavaggio industriale X 50. PRO: adatto all'asciugatura in tamburo. LAVAGGIO: Lavaggio industriale EN ISO 15797. CERTIFICAZIONE: EN ISO 20471, classe 2.</p>
<p>65% poliestere, 35% cotone, twill, tessuto esterno idrorepellente, 240g/m².</p>

<p>Praktische High Vis Jacke mit vorgeformten Armen, einstellbarer Weite an der Taille und plissiertem Rücken aus wasserabweisendem Material. Die Farbkombination 3399 Gelb/Schwarz ist zertifiziert nach EN ISO 20471 Klasse 2. ABSCHLUSS: Verlängerter Rücken. Verstellbare Ärmelbündchen mit Klettverschluss. DETAILS: Ausweistasche. Balg am Rücken. Fleecegefütterter Kragen. FRONTVERSCHLUSS: Verdeckter, verstärkter Reissverschluss aus Kunststoff. HAUPTEIGENSCHAFTEN: Handwerker. EN ISO 20471. [&hellip;]</p>
