{"id":595234,"date":"2025-03-05T00:18:34","date_gmt":"2025-03-04T23:18:34","guid":{"rendered":"https:\/\/shop.kustom.ch\/?post_type=product&#038;p=595234"},"modified":"2026-03-31T08:58:14","modified_gmt":"2026-03-31T07:58:14","slug":"winterweste-2","status":"publish","type":"product","link":"https:\/\/shop.kustom.ch\/it\/prodotto\/winterweste-2\/","title":{"rendered":"Gilet invernale"},"content":{"rendered":"<p>Gilet invernale foderato con cappuccio, perfetto per la stagione di transizione. Il gilet \u00e8 realizzato in un materiale leggero e morbido e presenta rinforzi in CORDURA\u00ae denim sulle spalle, una zip sul davanti e un cappuccio staccabile, anch'esso foderato. Le tasche anteriori sono dotate di zip e quelle interne includono una tasca per il cellulare. La schiena \u00e8 tagliata lunga per proteggere la delicata zona lombare.<\/p>\n<p>CHIUSURA: Schiena allungata. DETTAGLI: Cappuccio staccabile e regolabile con fodera calda. Interno collo in colore a contrasto. Spalle rinforzate. Ricamo Bl\u00e5kl\u00e4der sulla schiena. CHIUSURA ANTERIORE: Zip in plastica. FUNZIONALIT\u00c0: Fodera calda. CARATTERISTICHE PRINCIPALI: Pescatore. TESSUTO: Uomo. grigio. Fodera trapuntata. Vento\/umido\/freddo. TASCHE: Tasche interne con tasca per cellulare. Tasche anteriori con cerniera. ISTRUZIONI DI LAVAGGIO: Asciugare in asciugatrice. RINFORZO: Spalle rinforzate.<\/p>\n<p>65% poliestere, 35% cotone, tessuto fine, 166g\/m\u00b2<\/p>","protected":false},"excerpt":{"rendered":"<p>Gef\u00fctterte Winterweste mit Kapuze, perfekt f\u00fcr die \u00dcbergangszeit. Die Weste besteht aus einem leichten, weichen Material und besitzt CORDURA\u00ae Denim Verst\u00e4rkungen an den Schultern, einen Reissverschluss vorne und eine abnehmbare, ebenfalls gef\u00fctterte, Kapuze. Die Vordertaschen haben einen Reissverschluss und die Innentaschen haben eine Handytasche inkludiert. Der R\u00fccken ist lang geschnitten, um den empfindlichen Lendenbereich zu [&hellip;]<\/p>\n","protected":false},"featured_media":530665,"template":"","meta":[],"product_brand":[],"product_cat":[4208],"product_tag":[],"class_list":{"0":"post-595234","1":"product","2":"type-product","3":"status-publish","4":"has-post-thumbnail","6":"product_cat-westen","7":"pa_brand-blaklaeder","8":"pa_brand-type-workwear","9":"pa_filter-color-grau","11":"first","12":"instock","13":"sale","14":"taxable","15":"shipping-taxable","16":"purchasable","17":"product-type-variable","18":"add-to-wishlist-before_image"},"exclude_global_add_ons":[],"addons":[],"acf":[],"_links":{"self":[{"href":"https:\/\/shop.kustom.ch\/it\/wp-json\/wp\/v2\/product\/595234"}],"collection":[{"href":"https:\/\/shop.kustom.ch\/it\/wp-json\/wp\/v2\/product"}],"about":[{"href":"https:\/\/shop.kustom.ch\/it\/wp-json\/wp\/v2\/types\/product"}],"wp:featuredmedia":[{"embeddable":true,"href":"https:\/\/shop.kustom.ch\/it\/wp-json\/wp\/v2\/media\/530665"}],"wp:attachment":[{"href":"https:\/\/shop.kustom.ch\/it\/wp-json\/wp\/v2\/media?parent=595234"}],"wp:term":[{"taxonomy":"product_brand","embeddable":true,"href":"https:\/\/shop.kustom.ch\/it\/wp-json\/wp\/v2\/product_brand?post=595234"},{"taxonomy":"product_cat","embeddable":true,"href":"https:\/\/shop.kustom.ch\/it\/wp-json\/wp\/v2\/product_cat?post=595234"},{"taxonomy":"product_tag","embeddable":true,"href":"https:\/\/shop.kustom.ch\/it\/wp-json\/wp\/v2\/product_tag?post=595234"}],"curies":[{"name":"wp","href":"https:\/\/api.w.org\/{rel}","templated":true}]}}

<p>Gilet invernale foderato con cappuccio, perfetto per la stagione di transizione. Il gilet è realizzato in un materiale leggero e morbido e presenta rinforzi in CORDURA® denim sulle spalle, una zip sul davanti e un cappuccio staccabile, anch'esso foderato. Le tasche anteriori sono dotate di zip e quelle interne includono una tasca per il cellulare. La schiena è tagliata lunga per proteggere la delicata zona lombare.</p>
<p>CHIUSURA: Schiena allungata. DETTAGLI: Cappuccio staccabile e regolabile con fodera calda. Interno collo in colore a contrasto. Spalle rinforzate. Ricamo Blåkläder sulla schiena. CHIUSURA ANTERIORE: Zip in plastica. FUNZIONALITÀ: Fodera calda. CARATTERISTICHE PRINCIPALI: Pescatore. TESSUTO: Uomo. grigio. Fodera trapuntata. Vento/umido/freddo. TASCHE: Tasche interne con tasca per cellulare. Tasche anteriori con cerniera. ISTRUZIONI DI LAVAGGIO: Asciugare in asciugatrice. RINFORZO: Spalle rinforzate.</p>
<p>65% poliestere, 35% cotone, tessuto fine, 166g/m²</p>

<p>Gefütterte Winterweste mit Kapuze, perfekt für die Übergangszeit. Die Weste besteht aus einem leichten, weichen Material und besitzt CORDURA® Denim Verstärkungen an den Schultern, einen Reissverschluss vorne und eine abnehmbare, ebenfalls gefütterte, Kapuze. Die Vordertaschen haben einen Reissverschluss und die Innentaschen haben eine Handytasche inkludiert. Der Rücken ist lang geschnitten, um den empfindlichen Lendenbereich zu [&hellip;]</p>
