{"id":595153,"date":"2025-03-05T00:17:21","date_gmt":"2025-03-04T23:17:21","guid":{"rendered":"https:\/\/shop.kustom.ch\/?post_type=product&#038;p=595153"},"modified":"2026-03-31T08:57:57","modified_gmt":"2026-03-31T07:57:57","slug":"damen-weste-warm-gefuettert","status":"publish","type":"product","link":"https:\/\/shop.kustom.ch\/it\/prodotto\/damen-weste-warm-gefuettert\/","title":{"rendered":"Gilet da donna con fodera calda"},"content":{"rendered":"<p>Gilet trapuntato dal taglio femminile della collezione Unite di Bl\u00e5kl\u00e4der. \u00c8 dotato di una cerniera a due vie e di una calda fodera sul davanti e sul retro. Le aree laterali e delle spalle del gilet sono realizzate in poliestere lavorato a maglia, che contribuisce a un'eccellente libert\u00e0 di movimento e al comfort. Il gilet offre una buona superficie per la decorazione. Disponibile anche come modello da uomo 3863.<\/p>\n<p>CHIUSURA: Fascia elastica in vita. DETTAGLI: Buone superfici per le rifiniture. CHIUSURA ANTERIORE: Patta antivento interna. FUNZIONALIT\u00c0: busto foderato caldo davanti e dietro. CARATTERISTICHE PRINCIPALI: Lavoratore da giardino. TESSUTO: Disponibile per uomo e donna. blu. Unito. TASCHE: Tasche anteriori con cerniera. ISTRUZIONI DI LAVAGGIO: 40\u00b0 C<\/p>\n<p>100% poliammide, ratiera, idrorepellente, 52 g\/m\u00b2<\/p>","protected":false},"excerpt":{"rendered":"<p>Eine gesteppte Weste im Damenschnitt aus Bl\u00e5kl\u00e4ders Unite Kollektion. Sie hat einen Zwei-Wege-Reissverschluss und ist sowohl vorne als auch hinten warm gef\u00fcttert. Die Seiten- und Schulterbereiche der Weste bestehen aus gestricktem Polyester, was zur exzellenten Bewegungsfreiheit und dem besten Komfort beitr\u00e4gt. Die Weste bietet eine gute Oberfl\u00e4che f\u00fcr Veredelungen. Auch als Herrenmodell 3863 erh\u00e4ltlich. ABSCHLUSS: [&hellip;]<\/p>\n","protected":false},"featured_media":595210,"template":"","meta":[],"product_brand":[],"product_cat":[4208],"product_tag":[],"class_list":{"0":"post-595153","1":"product","2":"type-product","3":"status-publish","4":"has-post-thumbnail","6":"product_cat-westen","7":"pa_brand-blaklaeder","8":"pa_brand-type-workwear","9":"pa_filter-color-blau","11":"first","12":"instock","13":"sale","14":"taxable","15":"shipping-taxable","16":"purchasable","17":"product-type-variable","18":"add-to-wishlist-before_image"},"exclude_global_add_ons":[],"addons":[],"acf":[],"_links":{"self":[{"href":"https:\/\/shop.kustom.ch\/it\/wp-json\/wp\/v2\/product\/595153"}],"collection":[{"href":"https:\/\/shop.kustom.ch\/it\/wp-json\/wp\/v2\/product"}],"about":[{"href":"https:\/\/shop.kustom.ch\/it\/wp-json\/wp\/v2\/types\/product"}],"wp:featuredmedia":[{"embeddable":true,"href":"https:\/\/shop.kustom.ch\/it\/wp-json\/wp\/v2\/media\/595210"}],"wp:attachment":[{"href":"https:\/\/shop.kustom.ch\/it\/wp-json\/wp\/v2\/media?parent=595153"}],"wp:term":[{"taxonomy":"product_brand","embeddable":true,"href":"https:\/\/shop.kustom.ch\/it\/wp-json\/wp\/v2\/product_brand?post=595153"},{"taxonomy":"product_cat","embeddable":true,"href":"https:\/\/shop.kustom.ch\/it\/wp-json\/wp\/v2\/product_cat?post=595153"},{"taxonomy":"product_tag","embeddable":true,"href":"https:\/\/shop.kustom.ch\/it\/wp-json\/wp\/v2\/product_tag?post=595153"}],"curies":[{"name":"wp","href":"https:\/\/api.w.org\/{rel}","templated":true}]}}

<p>Gilet trapuntato dal taglio femminile della collezione Unite di Blåkläder. È dotato di una cerniera a due vie e di una calda fodera sul davanti e sul retro. Le aree laterali e delle spalle del gilet sono realizzate in poliestere lavorato a maglia, che contribuisce a un'eccellente libertà di movimento e al comfort. Il gilet offre una buona superficie per la decorazione. Disponibile anche come modello da uomo 3863.</p>
<p>CHIUSURA: Fascia elastica in vita. DETTAGLI: Buone superfici per le rifiniture. CHIUSURA ANTERIORE: Patta antivento interna. FUNZIONALITÀ: busto foderato caldo davanti e dietro. CARATTERISTICHE PRINCIPALI: Lavoratore da giardino. TESSUTO: Disponibile per uomo e donna. blu. Unito. TASCHE: Tasche anteriori con cerniera. ISTRUZIONI DI LAVAGGIO: 40° C</p>
<p>100% poliammide, ratiera, idrorepellente, 52 g/m²</p>

<p>Eine gesteppte Weste im Damenschnitt aus Blåkläders Unite Kollektion. Sie hat einen Zwei-Wege-Reissverschluss und ist sowohl vorne als auch hinten warm gefüttert. Die Seiten- und Schulterbereiche der Weste bestehen aus gestricktem Polyester, was zur exzellenten Bewegungsfreiheit und dem besten Komfort beiträgt. Die Weste bietet eine gute Oberfläche für Veredelungen. Auch als Herrenmodell 3863 erhältlich. ABSCHLUSS: [&hellip;]</p>
