{"id":595111,"date":"2025-03-05T00:16:41","date_gmt":"2025-03-04T23:16:41","guid":{"rendered":"https:\/\/shop.kustom.ch\/?post_type=product&#038;p=595111"},"modified":"2026-03-31T08:57:56","modified_gmt":"2026-03-31T07:57:56","slug":"weste-warm-gefuettert","status":"publish","type":"product","link":"https:\/\/shop.kustom.ch\/it\/prodotto\/weste-warm-gefuettert\/","title":{"rendered":"Gilet foderato caldo"},"content":{"rendered":"<p>Gilet trapuntato della collezione Unite di Bl\u00e5kl\u00e4der, foderato sul davanti e sul retro. Le aree laterali e delle spalle del gilet sono realizzate in poliestere lavorato a maglia, che contribuisce a garantire un'eccellente libert\u00e0 di movimento e comfort. Il gilet offre una buona superficie per la decorazione. Disponibile anche come modello da donna 3864.<\/p>\n<p>CHIUSURA: Fascia elastica in vita. DETTAGLI: Buone superfici per le rifiniture. CHIUSURA ANTERIORE: Patta antivento interna. FUNZIONALIT\u00c0: Inserti laterali in materiale elasticizzato. CARATTERISTICHE PRINCIPALI: Autista. TESSUTO: Disponibile per uomo e donna. blu. Profilo. TASCHE: Tasche anteriori con cerniera. ISTRUZIONI DI LAVAGGIO: Non lavare a secco.<\/p>\n<p>100% poliammide, ratiera, idrorepellente, 52 g\/m\u00b2<\/p>","protected":false},"excerpt":{"rendered":"<p>Eine gesteppte Weste aus Bl\u00e5kl\u00e4ders Unite Kollektion, die sowohl vorne und hinten warm gef\u00fcttert ist. Die Seiten- und Schulterbereiche der Weste bestehen aus gestricktem Polyester, was zur exzellenten Bewegungsfreiheit und dem besten Komfort beitr\u00e4gt. Die Weste bietet eine gute Oberfl\u00e4che f\u00fcr Veredelungen. Auch als Damenmodell 3864 erh\u00e4ltlich. ABSCHLUSS: Elastischer Bund. DETAILS: Gute Oberfl\u00e4chen f\u00fcr Veredelung. [&hellip;]<\/p>\n","protected":false},"featured_media":595176,"template":"","meta":[],"product_brand":[],"product_cat":[4208],"product_tag":[],"class_list":{"0":"post-595111","1":"product","2":"type-product","3":"status-publish","4":"has-post-thumbnail","6":"product_cat-westen","7":"pa_brand-blaklaeder","8":"pa_brand-type-workwear","9":"pa_filter-color-blau","11":"first","12":"instock","13":"sale","14":"taxable","15":"shipping-taxable","16":"purchasable","17":"product-type-variable","18":"add-to-wishlist-before_image"},"exclude_global_add_ons":[],"addons":[],"acf":[],"_links":{"self":[{"href":"https:\/\/shop.kustom.ch\/it\/wp-json\/wp\/v2\/product\/595111"}],"collection":[{"href":"https:\/\/shop.kustom.ch\/it\/wp-json\/wp\/v2\/product"}],"about":[{"href":"https:\/\/shop.kustom.ch\/it\/wp-json\/wp\/v2\/types\/product"}],"wp:featuredmedia":[{"embeddable":true,"href":"https:\/\/shop.kustom.ch\/it\/wp-json\/wp\/v2\/media\/595176"}],"wp:attachment":[{"href":"https:\/\/shop.kustom.ch\/it\/wp-json\/wp\/v2\/media?parent=595111"}],"wp:term":[{"taxonomy":"product_brand","embeddable":true,"href":"https:\/\/shop.kustom.ch\/it\/wp-json\/wp\/v2\/product_brand?post=595111"},{"taxonomy":"product_cat","embeddable":true,"href":"https:\/\/shop.kustom.ch\/it\/wp-json\/wp\/v2\/product_cat?post=595111"},{"taxonomy":"product_tag","embeddable":true,"href":"https:\/\/shop.kustom.ch\/it\/wp-json\/wp\/v2\/product_tag?post=595111"}],"curies":[{"name":"wp","href":"https:\/\/api.w.org\/{rel}","templated":true}]}}

<p>Gilet trapuntato della collezione Unite di Blåkläder, foderato sul davanti e sul retro. Le aree laterali e delle spalle del gilet sono realizzate in poliestere lavorato a maglia, che contribuisce a garantire un'eccellente libertà di movimento e comfort. Il gilet offre una buona superficie per la decorazione. Disponibile anche come modello da donna 3864.</p>
<p>CHIUSURA: Fascia elastica in vita. DETTAGLI: Buone superfici per le rifiniture. CHIUSURA ANTERIORE: Patta antivento interna. FUNZIONALITÀ: Inserti laterali in materiale elasticizzato. CARATTERISTICHE PRINCIPALI: Autista. TESSUTO: Disponibile per uomo e donna. blu. Profilo. TASCHE: Tasche anteriori con cerniera. ISTRUZIONI DI LAVAGGIO: Non lavare a secco.</p>
<p>100% poliammide, ratiera, idrorepellente, 52 g/m²</p>

<p>Eine gesteppte Weste aus Blåkläders Unite Kollektion, die sowohl vorne und hinten warm gefüttert ist. Die Seiten- und Schulterbereiche der Weste bestehen aus gestricktem Polyester, was zur exzellenten Bewegungsfreiheit und dem besten Komfort beiträgt. Die Weste bietet eine gute Oberfläche für Veredelungen. Auch als Damenmodell 3864 erhältlich. ABSCHLUSS: Elastischer Bund. DETAILS: Gute Oberflächen für Veredelung. [&hellip;]</p>
