{"id":595110,"date":"2025-03-05T00:16:41","date_gmt":"2025-03-04T23:16:41","guid":{"rendered":"https:\/\/shop.kustom.ch\/?post_type=product&#038;p=595110"},"modified":"2026-03-31T08:57:51","modified_gmt":"2026-03-31T07:57:51","slug":"winddichte-fleeceweste","status":"publish","type":"product","link":"https:\/\/shop.kustom.ch\/it\/prodotto\/winddichte-fleeceweste\/","title":{"rendered":"Gilet in pile antivento"},"content":{"rendered":"<p>Gilet in pile in materiale antivento e traspirante. Il gilet \u00e8 dotato di tasche anteriori, tasche interne e rinforzi in Cordura\u00ae sulle spalle e sulla parte inferiore per una maggiore durata. Dotato di dettagli riflettenti per una maggiore visibilit\u00e0.<\/p>\n<p>CHIUSURA: vita regolabile con coulisse. DETTAGLI: anello a D. Colletto foderato in pile. CHIUSURA ANTERIORE: Zip nascosta in plastica rinforzata. FUNZIONALIT\u00c0: Antivento e traspirante. CARATTERISTICHE PRINCIPALI: Artigianale. REFLEX: Dettagli riflettenti. TESSUTO: Uomo. nero. antivento. Vento\/umido\/freddo. TASCHE: Tasca sul petto con zip. Tasche anteriori con zip e due tasche interne. ISTRUZIONI DI LAVAGGIO: 40\u00b0 C. RINFORZO: Colletto, spalle, orlo e patta antivento rinforzati in CORDURA\u00ae.<\/p>\n<p>100% poliestere, pile, laminato, antivento e impermeabile, traspirante, 280 g\/m\u00b2<\/p>","protected":false},"excerpt":{"rendered":"<p>Fleece Weste aus winddichtem Material mit Atmungsfunktion. Die Weste hat Vordertaschen, Innentaschen und Cordura\u00ae-Verst\u00e4rkungen an den Schultern und am unteren Teil f\u00fcr bessere Best\u00e4ndigkeit. Ausgestattet mit Reflex Details f\u00fcr h\u00f6here Sichtbarkeit. ABSCHLUSS: Verstellbarer Bund mit Kordelzug. DETAILS: D-Ring. Fleecegef\u00fctterter Kragen. FRONTVERSCHLUSS: Verdeckter, verst\u00e4rkter Reissverschluss aus Kunststoff. FUNKTIONALIT\u00c4T: Winddicht und atmungsaktiv. HAUPTEIGENSCHAFTEN: Handwerker. REFLEX: Reflektierende Details. [&hellip;]<\/p>\n","protected":false},"featured_media":595137,"template":"","meta":[],"product_brand":[],"product_cat":[4208],"product_tag":[],"class_list":{"0":"post-595110","1":"product","2":"type-product","3":"status-publish","4":"has-post-thumbnail","6":"product_cat-westen","7":"pa_brand-blaklaeder","8":"pa_brand-type-workwear","9":"pa_filter-color-schwarz","11":"first","12":"instock","13":"sale","14":"taxable","15":"shipping-taxable","16":"purchasable","17":"product-type-variable","18":"add-to-wishlist-before_image"},"exclude_global_add_ons":[],"addons":[],"acf":[],"_links":{"self":[{"href":"https:\/\/shop.kustom.ch\/it\/wp-json\/wp\/v2\/product\/595110"}],"collection":[{"href":"https:\/\/shop.kustom.ch\/it\/wp-json\/wp\/v2\/product"}],"about":[{"href":"https:\/\/shop.kustom.ch\/it\/wp-json\/wp\/v2\/types\/product"}],"wp:featuredmedia":[{"embeddable":true,"href":"https:\/\/shop.kustom.ch\/it\/wp-json\/wp\/v2\/media\/595137"}],"wp:attachment":[{"href":"https:\/\/shop.kustom.ch\/it\/wp-json\/wp\/v2\/media?parent=595110"}],"wp:term":[{"taxonomy":"product_brand","embeddable":true,"href":"https:\/\/shop.kustom.ch\/it\/wp-json\/wp\/v2\/product_brand?post=595110"},{"taxonomy":"product_cat","embeddable":true,"href":"https:\/\/shop.kustom.ch\/it\/wp-json\/wp\/v2\/product_cat?post=595110"},{"taxonomy":"product_tag","embeddable":true,"href":"https:\/\/shop.kustom.ch\/it\/wp-json\/wp\/v2\/product_tag?post=595110"}],"curies":[{"name":"wp","href":"https:\/\/api.w.org\/{rel}","templated":true}]}}

<p>Gilet in pile in materiale antivento e traspirante. Il gilet è dotato di tasche anteriori, tasche interne e rinforzi in Cordura® sulle spalle e sulla parte inferiore per una maggiore durata. Dotato di dettagli riflettenti per una maggiore visibilità.</p>
<p>CHIUSURA: vita regolabile con coulisse. DETTAGLI: anello a D. Colletto foderato in pile. CHIUSURA ANTERIORE: Zip nascosta in plastica rinforzata. FUNZIONALITÀ: Antivento e traspirante. CARATTERISTICHE PRINCIPALI: Artigianale. REFLEX: Dettagli riflettenti. TESSUTO: Uomo. nero. antivento. Vento/umido/freddo. TASCHE: Tasca sul petto con zip. Tasche anteriori con zip e due tasche interne. ISTRUZIONI DI LAVAGGIO: 40° C. RINFORZO: Colletto, spalle, orlo e patta antivento rinforzati in CORDURA®.</p>
<p>100% poliestere, pile, laminato, antivento e impermeabile, traspirante, 280 g/m²</p>

<p>Fleece Weste aus winddichtem Material mit Atmungsfunktion. Die Weste hat Vordertaschen, Innentaschen und Cordura®-Verstärkungen an den Schultern und am unteren Teil für bessere Beständigkeit. Ausgestattet mit Reflex Details für höhere Sichtbarkeit. ABSCHLUSS: Verstellbarer Bund mit Kordelzug. DETAILS: D-Ring. Fleecegefütterter Kragen. FRONTVERSCHLUSS: Verdeckter, verstärkter Reissverschluss aus Kunststoff. FUNKTIONALITÄT: Winddicht und atmungsaktiv. HAUPTEIGENSCHAFTEN: Handwerker. REFLEX: Reflektierende Details. [&hellip;]</p>
