{"id":595068,"date":"2025-03-05T00:16:05","date_gmt":"2025-03-04T23:16:05","guid":{"rendered":"https:\/\/shop.kustom.ch\/?post_type=product&#038;p=595068"},"modified":"2026-03-31T08:57:50","modified_gmt":"2026-03-31T07:57:50","slug":"damen-softshell-weste","status":"publish","type":"product","link":"https:\/\/shop.kustom.ch\/it\/prodotto\/damen-softshell-weste\/","title":{"rendered":"Gilet softshell da donna"},"content":{"rendered":"<p>Un capo softshell attraente e flessibile progettato per le donne. \u00c8 ideale come strato superiore quando si vuole mantenere il calore ma ci si vuole muovere liberamente. Gli inserti elasticizzati sulla schiena offrono una buona ventilazione, comfort e flessibilit\u00e0. Il materiale \u00e8 resistente al vento e la fodera in pile nel colletto \u00e8 morbida e confortevole.<\/p>\n<p>CHIUSURA: Schienale allungato. DETTAGLI: colletto foderato in pile. CHIUSURA ANTERIORE: Cerniera anteriore con protezione per il mento in pile. FUNZIONALIT\u00c0: Inserto elasticizzato sul retro. Taglio sartoriale. CARATTERISTICHE PRINCIPALI: Giardiniere. TESSUTO: Disponibile per uomo e donna. blu. Zip a 2 vie. Unita. TASCHE: Tasche interne. Tasca portapenne. Tasche anteriori con cerniera. ISTRUZIONI DI LAVAGGIO: Non centrifugare.<\/p>\n<p>100% Poliestere, 2 strati, softshell, sigillato, idrorepellente 255 g\/m\u00b2<\/p>","protected":false},"excerpt":{"rendered":"<p>Ein attraktives und flexibles Softshell Kleidungsst\u00fcck entwickelt f\u00fcr Damen. Es eignet sich ideal als oberste Schicht wenn man sich warm halten will, aber sich trotzdem frei bewegen m\u00f6chte. Die Stretch-Eins\u00e4tze hinten bieten gute Bel\u00fcftung, Komfort und Flexibilit\u00e4t. Das Material ist windbest\u00e4ndig und das Fleece Futter im Kragen ist weich und bequem. ABSCHLUSS: Verl\u00e4ngerter R\u00fccken. DETAILS: [&hellip;]<\/p>\n","protected":false},"featured_media":595096,"template":"","meta":[],"product_brand":[],"product_cat":[4208],"product_tag":[],"class_list":{"0":"post-595068","1":"product","2":"type-product","3":"status-publish","4":"has-post-thumbnail","6":"product_cat-westen","7":"pa_brand-blaklaeder","8":"pa_brand-type-workwear","9":"pa_filter-color-blau","10":"pa_filter-color-gelb","11":"pa_filter-color-grau","12":"pa_filter-color-rot","13":"pa_filter-color-schwarz","15":"first","16":"instock","17":"sale","18":"taxable","19":"shipping-taxable","20":"purchasable","21":"product-type-variable","22":"add-to-wishlist-before_image"},"exclude_global_add_ons":[],"addons":[],"acf":[],"_links":{"self":[{"href":"https:\/\/shop.kustom.ch\/it\/wp-json\/wp\/v2\/product\/595068"}],"collection":[{"href":"https:\/\/shop.kustom.ch\/it\/wp-json\/wp\/v2\/product"}],"about":[{"href":"https:\/\/shop.kustom.ch\/it\/wp-json\/wp\/v2\/types\/product"}],"wp:featuredmedia":[{"embeddable":true,"href":"https:\/\/shop.kustom.ch\/it\/wp-json\/wp\/v2\/media\/595096"}],"wp:attachment":[{"href":"https:\/\/shop.kustom.ch\/it\/wp-json\/wp\/v2\/media?parent=595068"}],"wp:term":[{"taxonomy":"product_brand","embeddable":true,"href":"https:\/\/shop.kustom.ch\/it\/wp-json\/wp\/v2\/product_brand?post=595068"},{"taxonomy":"product_cat","embeddable":true,"href":"https:\/\/shop.kustom.ch\/it\/wp-json\/wp\/v2\/product_cat?post=595068"},{"taxonomy":"product_tag","embeddable":true,"href":"https:\/\/shop.kustom.ch\/it\/wp-json\/wp\/v2\/product_tag?post=595068"}],"curies":[{"name":"wp","href":"https:\/\/api.w.org\/{rel}","templated":true}]}}

<p>Un capo softshell attraente e flessibile progettato per le donne. È ideale come strato superiore quando si vuole mantenere il calore ma ci si vuole muovere liberamente. Gli inserti elasticizzati sulla schiena offrono una buona ventilazione, comfort e flessibilità. Il materiale è resistente al vento e la fodera in pile nel colletto è morbida e confortevole.</p>
<p>CHIUSURA: Schienale allungato. DETTAGLI: colletto foderato in pile. CHIUSURA ANTERIORE: Cerniera anteriore con protezione per il mento in pile. FUNZIONALITÀ: Inserto elasticizzato sul retro. Taglio sartoriale. CARATTERISTICHE PRINCIPALI: Giardiniere. TESSUTO: Disponibile per uomo e donna. blu. Zip a 2 vie. Unita. TASCHE: Tasche interne. Tasca portapenne. Tasche anteriori con cerniera. ISTRUZIONI DI LAVAGGIO: Non centrifugare.</p>
<p>100% Poliestere, 2 strati, softshell, sigillato, idrorepellente 255 g/m²</p>

<p>Ein attraktives und flexibles Softshell Kleidungsstück entwickelt für Damen. Es eignet sich ideal als oberste Schicht wenn man sich warm halten will, aber sich trotzdem frei bewegen möchte. Die Stretch-Einsätze hinten bieten gute Belüftung, Komfort und Flexibilität. Das Material ist windbeständig und das Fleece Futter im Kragen ist weich und bequem. ABSCHLUSS: Verlängerter Rücken. DETAILS: [&hellip;]</p>
