{"id":591031,"date":"2025-03-04T23:17:01","date_gmt":"2025-03-04T22:17:01","guid":{"rendered":"https:\/\/shop.kustom.ch\/?post_type=product&#038;p=591031"},"modified":"2026-03-31T09:08:40","modified_gmt":"2026-03-31T08:08:40","slug":"high-vis-winteroverall-3","status":"publish","type":"product","link":"https:\/\/shop.kustom.ch\/it\/prodotto\/high-vis-winteroverall-3\/","title":{"rendered":"Tuta invernale High Vis"},"content":{"rendered":"<p>Protezione affidabile e funzionalit\u00e0 integrata in questa tuta invernale antivento e impermeabile. La tuta \u00e8 dotata di soffietti plissettati sulle gambe e sulla schiena e la larghezza dei piedi pu\u00f2 essere regolata con una coulisse. Tasche interne per ginocchiere e cappuccio staccabile. Certificata secondo la norma EN ISO 20471 classe 3, abbigliamento ad alta visibilit\u00e0.<\/p>\n<p>CHIUSURA: pu\u00f2 essere aperta nella parte superiore dei fianchi con una cerniera. Polsini delle gambe regolabili con chiusura in velcro. Polsini regolabili con chiusura in velcro. DETTAGLI: Tasca per carte d'identit\u00e0 incassata. Soffietti sulla schiena. Cappuccio staccabile con fodera calda. Colletto foderato in pile. Passanti. Gonna da neve con chiusura a velcro e bottone. Vita elasticizzata. CHIUSURA ANTERIORE: Zip nascosta in plastica rinforzata. FUNZIONALIT\u00c0: Ventilazione sotto le maniche. PROPRIET\u00c0 PRINCIPALI: Artigianale. Uomo. EN 343. REFLEX: Materiale riflettente intorno alle gambe. TESSUTO: Giallo alta visibilit\u00e0. impermeabile. Alta visibilit\u00e0. TASCHE: Tasche sulle gambe con patta. Tasche sul petto con cerniere idrorepellenti. Tasche posteriori con patta. Tasca interna con zip e tasca per cellulare. Tasche interne per ginocchiere. Tasche laterali con fodera in pile. Tasca per regolo pieghevole con portacoltelli e portapenne. ISTRUZIONI DI LAVAGGIO: Numero di lavaggi: 25, non centrifugare. CERTIFICAZIONE: EN 14404:2004+A1:2010 insieme alle ginocchiere 4027, 4057, 4058 e 4032. EN 342. EN 343, classe 4.1. EN ISO 20471, classe 3.<\/p>\n<p>100% poliestere, Oxford, rivestito, impermeabile 15.000 mm, antivento, traspirante Ret 8.5, 200g\/m\u00b2<\/p>","protected":false},"excerpt":{"rendered":"<p>Zuverl\u00e4ssiger Schutz und integrierte Funktionalit\u00e4t in diesem wind- und wasserdichten Winteroverall. Der Overall hat Faltenb\u00e4lge an Beinen und R\u00fccken, die Fussweite ist mit einem Kordelzug verstellbar. Innenliegende Kniepolstertaschen und abnehmbare Kapuze. Zertifiziert nach EN ISO 20471 Klasse 3, Kleidung mit hoher Sichtbarkeit. ABSCHLUSS: Oben an der H\u00fcfte mit Reissverschluss zu \u00f6ffnen. Verstellbare Beinabschl\u00fcsse mit Klettverschluss. [&hellip;]<\/p>\n","protected":false},"featured_media":591041,"template":"","meta":[],"product_brand":[],"product_cat":[10454],"product_tag":[],"class_list":{"0":"post-591031","1":"product","2":"type-product","3":"status-publish","4":"has-post-thumbnail","6":"product_cat-overalls","7":"pa_brand-blaklaeder","8":"pa_brand-type-workwear","9":"pa_filter-color-blau","10":"pa_filter-color-gelb","11":"pa_filter-color-grau","12":"pa_filter-color-orange","13":"pa_filter-color-rot","14":"pa_filter-color-schwarz","16":"first","17":"instock","18":"sale","19":"taxable","20":"shipping-taxable","21":"purchasable","22":"product-type-variable","23":"add-to-wishlist-before_image"},"exclude_global_add_ons":[],"addons":[],"acf":[],"_links":{"self":[{"href":"https:\/\/shop.kustom.ch\/it\/wp-json\/wp\/v2\/product\/591031"}],"collection":[{"href":"https:\/\/shop.kustom.ch\/it\/wp-json\/wp\/v2\/product"}],"about":[{"href":"https:\/\/shop.kustom.ch\/it\/wp-json\/wp\/v2\/types\/product"}],"wp:featuredmedia":[{"embeddable":true,"href":"https:\/\/shop.kustom.ch\/it\/wp-json\/wp\/v2\/media\/591041"}],"wp:attachment":[{"href":"https:\/\/shop.kustom.ch\/it\/wp-json\/wp\/v2\/media?parent=591031"}],"wp:term":[{"taxonomy":"product_brand","embeddable":true,"href":"https:\/\/shop.kustom.ch\/it\/wp-json\/wp\/v2\/product_brand?post=591031"},{"taxonomy":"product_cat","embeddable":true,"href":"https:\/\/shop.kustom.ch\/it\/wp-json\/wp\/v2\/product_cat?post=591031"},{"taxonomy":"product_tag","embeddable":true,"href":"https:\/\/shop.kustom.ch\/it\/wp-json\/wp\/v2\/product_tag?post=591031"}],"curies":[{"name":"wp","href":"https:\/\/api.w.org\/{rel}","templated":true}]}}

<p>Protezione affidabile e funzionalità integrata in questa tuta invernale antivento e impermeabile. La tuta è dotata di soffietti plissettati sulle gambe e sulla schiena e la larghezza dei piedi può essere regolata con una coulisse. Tasche interne per ginocchiere e cappuccio staccabile. Certificata secondo la norma EN ISO 20471 classe 3, abbigliamento ad alta visibilità.</p>
<p>CHIUSURA: può essere aperta nella parte superiore dei fianchi con una cerniera. Polsini delle gambe regolabili con chiusura in velcro. Polsini regolabili con chiusura in velcro. DETTAGLI: Tasca per carte d'identità incassata. Soffietti sulla schiena. Cappuccio staccabile con fodera calda. Colletto foderato in pile. Passanti. Gonna da neve con chiusura a velcro e bottone. Vita elasticizzata. CHIUSURA ANTERIORE: Zip nascosta in plastica rinforzata. FUNZIONALITÀ: Ventilazione sotto le maniche. PROPRIETÀ PRINCIPALI: Artigianale. Uomo. EN 343. REFLEX: Materiale riflettente intorno alle gambe. TESSUTO: Giallo alta visibilità. impermeabile. Alta visibilità. TASCHE: Tasche sulle gambe con patta. Tasche sul petto con cerniere idrorepellenti. Tasche posteriori con patta. Tasca interna con zip e tasca per cellulare. Tasche interne per ginocchiere. Tasche laterali con fodera in pile. Tasca per regolo pieghevole con portacoltelli e portapenne. ISTRUZIONI DI LAVAGGIO: Numero di lavaggi: 25, non centrifugare. CERTIFICAZIONE: EN 14404:2004+A1:2010 insieme alle ginocchiere 4027, 4057, 4058 e 4032. EN 342. EN 343, classe 4.1. EN ISO 20471, classe 3.</p>
<p>100% poliestere, Oxford, rivestito, impermeabile 15.000 mm, antivento, traspirante Ret 8.5, 200g/m²</p>

<p>Zuverlässiger Schutz und integrierte Funktionalität in diesem wind- und wasserdichten Winteroverall. Der Overall hat Faltenbälge an Beinen und Rücken, die Fussweite ist mit einem Kordelzug verstellbar. Innenliegende Kniepolstertaschen und abnehmbare Kapuze. Zertifiziert nach EN ISO 20471 Klasse 3, Kleidung mit hoher Sichtbarkeit. ABSCHLUSS: Oben an der Hüfte mit Reissverschluss zu öffnen. Verstellbare Beinabschlüsse mit Klettverschluss. [&hellip;]</p>
