{"id":590947,"date":"2025-03-04T23:15:44","date_gmt":"2025-03-04T22:15:44","guid":{"rendered":"https:\/\/shop.kustom.ch\/?post_type=product&#038;p=590947"},"modified":"2026-03-31T09:08:35","modified_gmt":"2026-03-31T08:08:35","slug":"high-vis-winteroverall-2","status":"publish","type":"product","link":"https:\/\/shop.kustom.ch\/it\/prodotto\/high-vis-winteroverall-2\/","title":{"rendered":"Tuta invernale High Vis"},"content":{"rendered":"<p>Tuta invernale antivento e impermeabile, classe 3 high vis, con cuciture nastrate e fodera imbottita per il calore necessario alle basse temperature. La tuta \u00e8 elasticizzata nella parte posteriore per garantire una migliore flessibilit\u00e0 e un soffietto nella schiena per una maggiore libert\u00e0 di movimento. Il cappuccio \u00e8 staccabile e adatto a caschi e protezioni auricolari. La tuta \u00e8 dotata di tasche interne per le ginocchiere, di una cerniera laterale a due vie fino alla cintura e di un portamartello in vita su entrambi i lati. \u00c8 possibile applicare le tasche portachiodi staccabili 2170, disponibili separatamente. Disponibile nelle taglie extra corte XXSS, XSS, SS, MS, LS, XLS, XXLS, XXXLS, 4XLS (-4 cm rispetto alle taglie normali).<\/p>\n<p>CHIUSURA: pu\u00f2 essere aperta nella parte superiore dei fianchi con una cerniera. Polsini delle gambe regolabili con chiusura in velcro. Polsini regolabili con chiusura in velcro. DETTAGLI: Tasca per carte d'identit\u00e0 staccabile. Soffietti sulla schiena. Stampa riflettente sul retro del cappuccio. Cappuccio per casco e protezioni auricolari. Moschettoni in metallo. Colletto foderato in pile. Zip laterale a due vie. Passanti su entrambi i lati del petto per microfoni e altre attrezzature. Gonna da neve con chiusura a velcro e bottone. Vita elasticizzata. CHIUSURA ANTERIORE: Patta antivento con fodera in pile all'interno. FUNZIONALIT\u00c0: Inserto in rete nel giromanica. REGOLAZIONE TAGLIA: Per ottenere diverse lunghezze interne delle gambe, offriamo la 6725 in due lunghezze. Taglia L: LS=corto 78 cm, L=82 cm. Per maggiori informazioni, consultare la tabella delle taglie. . CARATTERISTICHE PRINCIPALI: Artigianale. Unisex. EN 343. REFLEX: strisce riflettenti sulle spalle. SIMBOLI: Foderato. TASCHE: Tasca sulla gamba con patta e tasca per cellulare. Tasca sul petto con zip e anello a D. Tasca posteriore con zip. Tasca interna con zip. Tasche interne per ginocchiere. Tasche per chiodi in CORDURA\u00ae vendute separatamente (art. 2170). Tasche laterali con cerniera. Tasca portapenne sulla manica. Tasca per regolo pieghevole con portacoltelli e tasca portapenne. ISTRUZIONI DI LAVAGGIO: Numero di lavaggi: 20, non centrifugare. CERTIFICAZIONE: EN 14404:2004+A1:2010 insieme alle ginocchiere 4027, 4057, 4058 e 4032. EN 342. EN 343, classe 4.1. EN ISO 20471, classe 3.<\/p>\n<p>100% poliestere, Oxford, rivestito, impermeabile 15.000 mm, antivento, traspirante Ret 8.5, 200g\/m\u00b2<\/p>","protected":false},"excerpt":{"rendered":"<p>Ein wind- und wasserdichter Winteroverall, Klasse 3 High Vis, mit versiegelten N\u00e4hten und wattiertem Futter f\u00fcr die n\u00f6tige W\u00e4rme bei niedrigen Temperaturen. Der Overall hat Stretch am R\u00fccken, um eine bessere Flexibilit\u00e4t zu gew\u00e4hrleisten und einen Faltenbalg im R\u00fccken f\u00fcr mehr Bewegungsfreiheit. Die Kapuze ist abnehmbar und f\u00fcr Helme und Ohrensch\u00fctzer geeignet. Der Overall hat [&hellip;]<\/p>\n","protected":false},"featured_media":590991,"template":"","meta":[],"product_brand":[],"product_cat":[10454],"product_tag":[],"class_list":{"0":"post-590947","1":"product","2":"type-product","3":"status-publish","4":"has-post-thumbnail","6":"product_cat-overalls","7":"pa_brand-blaklaeder","8":"pa_brand-type-workwear","9":"pa_filter-color-blau","10":"pa_filter-color-gelb","11":"pa_filter-color-orange","12":"pa_filter-color-rot","13":"pa_filter-color-schwarz","15":"first","16":"instock","17":"sale","18":"taxable","19":"shipping-taxable","20":"purchasable","21":"product-type-variable","22":"add-to-wishlist-before_image"},"exclude_global_add_ons":[],"addons":[],"acf":[],"_links":{"self":[{"href":"https:\/\/shop.kustom.ch\/it\/wp-json\/wp\/v2\/product\/590947"}],"collection":[{"href":"https:\/\/shop.kustom.ch\/it\/wp-json\/wp\/v2\/product"}],"about":[{"href":"https:\/\/shop.kustom.ch\/it\/wp-json\/wp\/v2\/types\/product"}],"wp:featuredmedia":[{"embeddable":true,"href":"https:\/\/shop.kustom.ch\/it\/wp-json\/wp\/v2\/media\/590991"}],"wp:attachment":[{"href":"https:\/\/shop.kustom.ch\/it\/wp-json\/wp\/v2\/media?parent=590947"}],"wp:term":[{"taxonomy":"product_brand","embeddable":true,"href":"https:\/\/shop.kustom.ch\/it\/wp-json\/wp\/v2\/product_brand?post=590947"},{"taxonomy":"product_cat","embeddable":true,"href":"https:\/\/shop.kustom.ch\/it\/wp-json\/wp\/v2\/product_cat?post=590947"},{"taxonomy":"product_tag","embeddable":true,"href":"https:\/\/shop.kustom.ch\/it\/wp-json\/wp\/v2\/product_tag?post=590947"}],"curies":[{"name":"wp","href":"https:\/\/api.w.org\/{rel}","templated":true}]}}

<p>Tuta invernale antivento e impermeabile, classe 3 high vis, con cuciture nastrate e fodera imbottita per il calore necessario alle basse temperature. La tuta è elasticizzata nella parte posteriore per garantire una migliore flessibilità e un soffietto nella schiena per una maggiore libertà di movimento. Il cappuccio è staccabile e adatto a caschi e protezioni auricolari. La tuta è dotata di tasche interne per le ginocchiere, di una cerniera laterale a due vie fino alla cintura e di un portamartello in vita su entrambi i lati. È possibile applicare le tasche portachiodi staccabili 2170, disponibili separatamente. Disponibile nelle taglie extra corte XXSS, XSS, SS, MS, LS, XLS, XXLS, XXXLS, 4XLS (-4 cm rispetto alle taglie normali).</p>
<p>CHIUSURA: può essere aperta nella parte superiore dei fianchi con una cerniera. Polsini delle gambe regolabili con chiusura in velcro. Polsini regolabili con chiusura in velcro. DETTAGLI: Tasca per carte d'identità staccabile. Soffietti sulla schiena. Stampa riflettente sul retro del cappuccio. Cappuccio per casco e protezioni auricolari. Moschettoni in metallo. Colletto foderato in pile. Zip laterale a due vie. Passanti su entrambi i lati del petto per microfoni e altre attrezzature. Gonna da neve con chiusura a velcro e bottone. Vita elasticizzata. CHIUSURA ANTERIORE: Patta antivento con fodera in pile all'interno. FUNZIONALITÀ: Inserto in rete nel giromanica. REGOLAZIONE TAGLIA: Per ottenere diverse lunghezze interne delle gambe, offriamo la 6725 in due lunghezze. Taglia L: LS=corto 78 cm, L=82 cm. Per maggiori informazioni, consultare la tabella delle taglie. . CARATTERISTICHE PRINCIPALI: Artigianale. Unisex. EN 343. REFLEX: strisce riflettenti sulle spalle. SIMBOLI: Foderato. TASCHE: Tasca sulla gamba con patta e tasca per cellulare. Tasca sul petto con zip e anello a D. Tasca posteriore con zip. Tasca interna con zip. Tasche interne per ginocchiere. Tasche per chiodi in CORDURA® vendute separatamente (art. 2170). Tasche laterali con cerniera. Tasca portapenne sulla manica. Tasca per regolo pieghevole con portacoltelli e tasca portapenne. ISTRUZIONI DI LAVAGGIO: Numero di lavaggi: 20, non centrifugare. CERTIFICAZIONE: EN 14404:2004+A1:2010 insieme alle ginocchiere 4027, 4057, 4058 e 4032. EN 342. EN 343, classe 4.1. EN ISO 20471, classe 3.</p>
<p>100% poliestere, Oxford, rivestito, impermeabile 15.000 mm, antivento, traspirante Ret 8.5, 200g/m²</p>

<p>Ein wind- und wasserdichter Winteroverall, Klasse 3 High Vis, mit versiegelten Nähten und wattiertem Futter für die nötige Wärme bei niedrigen Temperaturen. Der Overall hat Stretch am Rücken, um eine bessere Flexibilität zu gewährleisten und einen Faltenbalg im Rücken für mehr Bewegungsfreiheit. Die Kapuze ist abnehmbar und für Helme und Ohrenschützer geeignet. Der Overall hat [&hellip;]</p>
