{"id":590661,"date":"2025-03-04T23:12:18","date_gmt":"2025-03-04T22:12:18","guid":{"rendered":"https:\/\/shop.kustom.ch\/?post_type=product&#038;p=590661"},"modified":"2026-03-31T09:07:56","modified_gmt":"2026-03-31T08:07:56","slug":"overall-lebensmittelindustrie","status":"publish","type":"product","link":"https:\/\/shop.kustom.ch\/it\/prodotto\/overall-lebensmittelindustrie\/","title":{"rendered":"Industria alimentare in generale"},"content":{"rendered":"<p>Una tuta appositamente sviluppata per l'industria alimentare che soddisfa tutti gli elevati standard di igiene clinica. L'indumento non ha tasche esterne, ma ha due tasche interne sul petto, una delle quali con cerniera in plastica. La tuta \u00e8 dotata di una cerniera in plastica bidirezionale nascosta e, per un maggiore comfort, \u00e8 dotata di un elastico regolabile in vita e di un elastico su entrambe le maniche e all'estremit\u00e0 delle gambe. Pu\u00f2 essere lavata industrialmente in conformit\u00e0 alla norma EN ISO 15797. <\/p>\n<p>CHIUSURA: Polsini elasticizzati. Polsini elasticizzati. DETTAGLI: vita elastica regolabile. CHIUSURA ANTERIORE: zip bidirezionale nascosta in metallo. CARATTERISTICHE PRINCIPALI: Artigiano. Uomo. TESSUTO: bianco. Industria \/ Servizio. TASCHE: Tasche interne sul petto, di cui una con zip in plastica. ISTRUZIONI DI LAVAGGIO: Stiratura - media. LAVAGGIO: lavanderia industriale EN ISO 15797.<\/p>\n<p>65% poliestere, 35% cotone, twill, 240 g\/m\u00b2<\/p>","protected":false},"excerpt":{"rendered":"<p>Ein Overall speziell f\u00fcr die Lebensmittelindustrie entwickelt, der alle hohen Standards der klinischen Hygiene erf\u00fcllt. Das Arbeitskleidungsst\u00fcck hat keine Aussentaschen, daf\u00fcr aber zwei Brusttaschen innen, eine davon mit einem Kunststoffreissverschluss. Der Overall hat einen verdeckten Zwei-Wege-Reissverschluss aus Kunststoff, und f\u00fcr erh\u00f6hten Komfort gibt es einen verstellbaren Gummizug in der Taille und einen Gummizug in beiden [&hellip;]<\/p>\n","protected":false},"featured_media":590705,"template":"","meta":[],"product_brand":[],"product_cat":[10454],"product_tag":[],"class_list":{"0":"post-590661","1":"product","2":"type-product","3":"status-publish","4":"has-post-thumbnail","6":"product_cat-overalls","7":"pa_brand-blaklaeder","8":"pa_brand-type-workwear","9":"pa_filter-color-blau","10":"pa_filter-color-grau","11":"pa_filter-color-rot","12":"pa_filter-color-weiss","14":"first","15":"instock","16":"sale","17":"taxable","18":"shipping-taxable","19":"purchasable","20":"product-type-variable","21":"add-to-wishlist-before_image"},"exclude_global_add_ons":[],"addons":[],"acf":[],"_links":{"self":[{"href":"https:\/\/shop.kustom.ch\/it\/wp-json\/wp\/v2\/product\/590661"}],"collection":[{"href":"https:\/\/shop.kustom.ch\/it\/wp-json\/wp\/v2\/product"}],"about":[{"href":"https:\/\/shop.kustom.ch\/it\/wp-json\/wp\/v2\/types\/product"}],"wp:featuredmedia":[{"embeddable":true,"href":"https:\/\/shop.kustom.ch\/it\/wp-json\/wp\/v2\/media\/590705"}],"wp:attachment":[{"href":"https:\/\/shop.kustom.ch\/it\/wp-json\/wp\/v2\/media?parent=590661"}],"wp:term":[{"taxonomy":"product_brand","embeddable":true,"href":"https:\/\/shop.kustom.ch\/it\/wp-json\/wp\/v2\/product_brand?post=590661"},{"taxonomy":"product_cat","embeddable":true,"href":"https:\/\/shop.kustom.ch\/it\/wp-json\/wp\/v2\/product_cat?post=590661"},{"taxonomy":"product_tag","embeddable":true,"href":"https:\/\/shop.kustom.ch\/it\/wp-json\/wp\/v2\/product_tag?post=590661"}],"curies":[{"name":"wp","href":"https:\/\/api.w.org\/{rel}","templated":true}]}}

<p>Una tuta appositamente sviluppata per l'industria alimentare che soddisfa tutti gli elevati standard di igiene clinica. L'indumento non ha tasche esterne, ma ha due tasche interne sul petto, una delle quali con cerniera in plastica. La tuta è dotata di una cerniera in plastica bidirezionale nascosta e, per un maggiore comfort, è dotata di un elastico regolabile in vita e di un elastico su entrambe le maniche e all'estremità delle gambe. Può essere lavata industrialmente in conformità alla norma EN ISO 15797. </p>
<p>CHIUSURA: Polsini elasticizzati. Polsini elasticizzati. DETTAGLI: vita elastica regolabile. CHIUSURA ANTERIORE: zip bidirezionale nascosta in metallo. CARATTERISTICHE PRINCIPALI: Artigiano. Uomo. TESSUTO: bianco. Industria / Servizio. TASCHE: Tasche interne sul petto, di cui una con zip in plastica. ISTRUZIONI DI LAVAGGIO: Stiratura - media. LAVAGGIO: lavanderia industriale EN ISO 15797.</p>
<p>65% poliestere, 35% cotone, twill, 240 g/m²</p>

<p>Ein Overall speziell für die Lebensmittelindustrie entwickelt, der alle hohen Standards der klinischen Hygiene erfüllt. Das Arbeitskleidungsstück hat keine Aussentaschen, dafür aber zwei Brusttaschen innen, eine davon mit einem Kunststoffreissverschluss. Der Overall hat einen verdeckten Zwei-Wege-Reissverschluss aus Kunststoff, und für erhöhten Komfort gibt es einen verstellbaren Gummizug in der Taille und einen Gummizug in beiden [&hellip;]</p>
