{"id":590385,"date":"2025-03-04T23:08:10","date_gmt":"2025-03-04T22:08:10","guid":{"rendered":"https:\/\/shop.kustom.ch\/?post_type=product&#038;p=590385"},"modified":"2026-03-31T09:07:34","modified_gmt":"2026-03-31T08:07:34","slug":"damen-strickjacke","status":"publish","type":"product","link":"https:\/\/shop.kustom.ch\/it\/prodotto\/damen-strickjacke\/","title":{"rendered":"Cardigan da donna"},"content":{"rendered":"<p>Un cardigan con cappuccio dal design alla moda e dalla qualit\u00e0 del pile imbattibilmente confortevole. Questa giacca con cerniera bidirezionale ha un materiale nuovo ed esclusivo che pu\u00f2 essere descritto come un pile tridimensionale. Il materiale spazzolato conferisce alla giacca il suo aspetto con un comfort elastico e flessibile e il calore necessario. La giacca \u00e8 rinforzata con materiale softshell sulle braccia, sulle spalle e sull'orlo posteriore per aumentare la durata e, poich\u00e9 non c'\u00e8 materiale softshell sotto le braccia, la ventilazione \u00e8 migliorata. Il 5941 presenta eccellenti superfici profilate, ma \u00e8 adatto sia al lavoro che al tempo libero. \u00c8 garantito che vi piacer\u00e0. Disponibile anche come modello da uomo 5940.<\/p>\n<p>CHIUSURA: Schiena allungata. Polsini elasticizzati. DETTAGLI: Cappuccio fisso. Spalle rinforzate. CHIUSURA ANTERIORE: Patta antivento interna. FUNZIONALIT\u00c0: Taglia donna. CARATTERISTICHE PRINCIPALI: Tettoia. TESSUTO: Disponibile per uomo e donna. rosso. Zip a 2 vie. Vento \/ bagnato \/ freddo. TASCHE: Tasca sul petto con zip. Tasche anteriori con zip. ISTRUZIONI DI LAVAGGIO: 40\u00b0 C<\/p>\n<p>97% poliestere, 3% elastan, maglia jacquard, spazzolato su un lato, elasticizzato, 290 g\/m\u00b2<\/p>","protected":false},"excerpt":{"rendered":"<p>Eine Strickjacke mit Kapuze in modischem Design und unschlagbar bequemer Fleece-Qualit\u00e4t. Diese Jacke mit Zwei-Wege-Reissverschluss hat ein neues, einzigartiges Material, das am besten als dreidimensionaler Fleece beschrieben werden kann. Das geb\u00fcrstete Material verleiht der Jacke ihr Aussehen mit dehnbarem und geschmeidigem Komfort und W\u00e4rme bei Bedarf. Die Jacke ist an den Armen, Schultern und am [&hellip;]<\/p>\n","protected":false},"featured_media":590439,"template":"","meta":[],"product_brand":[],"product_cat":[4186],"product_tag":[],"class_list":{"0":"post-590385","1":"product","2":"type-product","3":"status-publish","4":"has-post-thumbnail","6":"product_cat-jacken","7":"pa_brand-blaklaeder","8":"pa_brand-type-workwear","9":"pa_filter-color-blau","10":"pa_filter-color-grau","11":"pa_filter-color-rot","12":"pa_filter-color-schwarz","14":"first","15":"instock","16":"sale","17":"taxable","18":"shipping-taxable","19":"purchasable","20":"product-type-variable","21":"add-to-wishlist-before_image"},"exclude_global_add_ons":[],"addons":[],"acf":[],"_links":{"self":[{"href":"https:\/\/shop.kustom.ch\/it\/wp-json\/wp\/v2\/product\/590385"}],"collection":[{"href":"https:\/\/shop.kustom.ch\/it\/wp-json\/wp\/v2\/product"}],"about":[{"href":"https:\/\/shop.kustom.ch\/it\/wp-json\/wp\/v2\/types\/product"}],"wp:featuredmedia":[{"embeddable":true,"href":"https:\/\/shop.kustom.ch\/it\/wp-json\/wp\/v2\/media\/590439"}],"wp:attachment":[{"href":"https:\/\/shop.kustom.ch\/it\/wp-json\/wp\/v2\/media?parent=590385"}],"wp:term":[{"taxonomy":"product_brand","embeddable":true,"href":"https:\/\/shop.kustom.ch\/it\/wp-json\/wp\/v2\/product_brand?post=590385"},{"taxonomy":"product_cat","embeddable":true,"href":"https:\/\/shop.kustom.ch\/it\/wp-json\/wp\/v2\/product_cat?post=590385"},{"taxonomy":"product_tag","embeddable":true,"href":"https:\/\/shop.kustom.ch\/it\/wp-json\/wp\/v2\/product_tag?post=590385"}],"curies":[{"name":"wp","href":"https:\/\/api.w.org\/{rel}","templated":true}]}}

<p>Un cardigan con cappuccio dal design alla moda e dalla qualità del pile imbattibilmente confortevole. Questa giacca con cerniera bidirezionale ha un materiale nuovo ed esclusivo che può essere descritto come un pile tridimensionale. Il materiale spazzolato conferisce alla giacca il suo aspetto con un comfort elastico e flessibile e il calore necessario. La giacca è rinforzata con materiale softshell sulle braccia, sulle spalle e sull'orlo posteriore per aumentare la durata e, poiché non c'è materiale softshell sotto le braccia, la ventilazione è migliorata. Il 5941 presenta eccellenti superfici profilate, ma è adatto sia al lavoro che al tempo libero. È garantito che vi piacerà. Disponibile anche come modello da uomo 5940.</p>
<p>CHIUSURA: Schiena allungata. Polsini elasticizzati. DETTAGLI: Cappuccio fisso. Spalle rinforzate. CHIUSURA ANTERIORE: Patta antivento interna. FUNZIONALITÀ: Taglia donna. CARATTERISTICHE PRINCIPALI: Tettoia. TESSUTO: Disponibile per uomo e donna. rosso. Zip a 2 vie. Vento / bagnato / freddo. TASCHE: Tasca sul petto con zip. Tasche anteriori con zip. ISTRUZIONI DI LAVAGGIO: 40° C</p>
<p>97% poliestere, 3% elastan, maglia jacquard, spazzolato su un lato, elasticizzato, 290 g/m²</p>

<p>Eine Strickjacke mit Kapuze in modischem Design und unschlagbar bequemer Fleece-Qualität. Diese Jacke mit Zwei-Wege-Reissverschluss hat ein neues, einzigartiges Material, das am besten als dreidimensionaler Fleece beschrieben werden kann. Das gebürstete Material verleiht der Jacke ihr Aussehen mit dehnbarem und geschmeidigem Komfort und Wärme bei Bedarf. Die Jacke ist an den Armen, Schultern und am [&hellip;]</p>
