{"id":590281,"date":"2025-03-04T23:06:27","date_gmt":"2025-03-04T22:06:27","guid":{"rendered":"https:\/\/shop.kustom.ch\/?post_type=product&#038;p=590281"},"modified":"2026-03-31T09:07:28","modified_gmt":"2026-03-31T08:07:28","slug":"damen-hybrid-jacke","status":"publish","type":"product","link":"https:\/\/shop.kustom.ch\/it\/prodotto\/damen-hybrid-jacke\/","title":{"rendered":"Giacca ibrida da donna"},"content":{"rendered":"<p>Una giacca ibrida progettata per la figura femminile. Caratterizzata da una sottile ma calda imbottitura su fronte, schiena e cappuccio e da un tessuto softshell su spalle, braccia e fianchi. Un capo confortevole e caldo che consente un'eccellente libert\u00e0 di movimento quando si lavora in ambienti pi\u00f9 freddi. Funziona bene anche come giacca o maglione.<\/p>\n<p>CHIUSURA: Schiena allungata. Polsini e vita elasticizzati. DETTAGLI: Buone superfici per le rifiniture. Cappuccio fisso. CHIUSURA ANTERIORE: Patta antivento con fodera in pile all'interno. FUNZIONALIT\u00c0: Parte superiore del corpo foderata in modo caldo davanti e dietro e parzialmente sul cappuccio e sulle spalle. Taglio sartoriale. CARATTERISTICHE PRINCIPALI: Strato a terra. TESSUTO: Disponibile per uomo e donna. Colore giallo alta visibilit\u00e0. Zip a 2 vie. Vento\/umido\/freddo. TASCHE: Tasche anteriori con cerniera. ISTRUZIONI DI LAVAGGIO: Non lavare a secco.<\/p>\n<p>100% Poliestere, spazzolato su un lato, 380 g\/m\u00b2<\/p>","protected":false},"excerpt":{"rendered":"<p>Eine Hybrid Jacke, die f\u00fcr die weibliche Figur entwickelt wurde. Ausgestattet mit einer d\u00fcnnen aber warmen Polsterung auf der Vorder- und R\u00fcckseite und an der Kapuze und einem Softshell Stoff an den Schultern, den Armen und den Seiten. Ein bequemes, warmes Kleidungsst\u00fcck, das bei Arbeiten in k\u00e4lteren Umgebungen eine ausgezeichnete Bewegungsfreiheit erm\u00f6glicht. Funktioniert genauso gut [&hellip;]<\/p>\n","protected":false},"featured_media":590316,"template":"","meta":[],"product_brand":[],"product_cat":[4186],"product_tag":[],"class_list":{"0":"post-590281","1":"product","2":"type-product","3":"status-publish","4":"has-post-thumbnail","6":"product_cat-jacken","7":"pa_brand-blaklaeder","8":"pa_brand-type-workwear","9":"pa_filter-color-blau","10":"pa_filter-color-gelb","11":"pa_filter-color-grau","12":"pa_filter-color-rot","13":"pa_filter-color-schwarz","15":"first","16":"instock","17":"sale","18":"taxable","19":"shipping-taxable","20":"purchasable","21":"product-type-variable","22":"add-to-wishlist-before_image"},"exclude_global_add_ons":[],"addons":[],"acf":[],"_links":{"self":[{"href":"https:\/\/shop.kustom.ch\/it\/wp-json\/wp\/v2\/product\/590281"}],"collection":[{"href":"https:\/\/shop.kustom.ch\/it\/wp-json\/wp\/v2\/product"}],"about":[{"href":"https:\/\/shop.kustom.ch\/it\/wp-json\/wp\/v2\/types\/product"}],"wp:featuredmedia":[{"embeddable":true,"href":"https:\/\/shop.kustom.ch\/it\/wp-json\/wp\/v2\/media\/590316"}],"wp:attachment":[{"href":"https:\/\/shop.kustom.ch\/it\/wp-json\/wp\/v2\/media?parent=590281"}],"wp:term":[{"taxonomy":"product_brand","embeddable":true,"href":"https:\/\/shop.kustom.ch\/it\/wp-json\/wp\/v2\/product_brand?post=590281"},{"taxonomy":"product_cat","embeddable":true,"href":"https:\/\/shop.kustom.ch\/it\/wp-json\/wp\/v2\/product_cat?post=590281"},{"taxonomy":"product_tag","embeddable":true,"href":"https:\/\/shop.kustom.ch\/it\/wp-json\/wp\/v2\/product_tag?post=590281"}],"curies":[{"name":"wp","href":"https:\/\/api.w.org\/{rel}","templated":true}]}}

<p>Una giacca ibrida progettata per la figura femminile. Caratterizzata da una sottile ma calda imbottitura su fronte, schiena e cappuccio e da un tessuto softshell su spalle, braccia e fianchi. Un capo confortevole e caldo che consente un'eccellente libertà di movimento quando si lavora in ambienti più freddi. Funziona bene anche come giacca o maglione.</p>
<p>CHIUSURA: Schiena allungata. Polsini e vita elasticizzati. DETTAGLI: Buone superfici per le rifiniture. Cappuccio fisso. CHIUSURA ANTERIORE: Patta antivento con fodera in pile all'interno. FUNZIONALITÀ: Parte superiore del corpo foderata in modo caldo davanti e dietro e parzialmente sul cappuccio e sulle spalle. Taglio sartoriale. CARATTERISTICHE PRINCIPALI: Strato a terra. TESSUTO: Disponibile per uomo e donna. Colore giallo alta visibilità. Zip a 2 vie. Vento/umido/freddo. TASCHE: Tasche anteriori con cerniera. ISTRUZIONI DI LAVAGGIO: Non lavare a secco.</p>
<p>100% Poliestere, spazzolato su un lato, 380 g/m²</p>

<p>Eine Hybrid Jacke, die für die weibliche Figur entwickelt wurde. Ausgestattet mit einer dünnen aber warmen Polsterung auf der Vorder- und Rückseite und an der Kapuze und einem Softshell Stoff an den Schultern, den Armen und den Seiten. Ein bequemes, warmes Kleidungsstück, das bei Arbeiten in kälteren Umgebungen eine ausgezeichnete Bewegungsfreiheit ermöglicht. Funktioniert genauso gut [&hellip;]</p>
