{"id":590139,"date":"2025-03-04T23:03:55","date_gmt":"2025-03-04T22:03:55","guid":{"rendered":"https:\/\/shop.kustom.ch\/?post_type=product&#038;p=590139"},"modified":"2026-03-31T09:06:51","modified_gmt":"2026-03-31T08:06:51","slug":"winterparka-3","status":"publish","type":"product","link":"https:\/\/shop.kustom.ch\/it\/prodotto\/winterparka-3\/","title":{"rendered":"Parka invernale"},"content":{"rendered":"<p>Questo parka invernale ad alte prestazioni, antivento e impermeabile, con fodera trapuntata, sar\u00e0 il vostro buon amico quando fa freddo. Colletto extra alto foderato in pile e tasche foderate in pile per una protezione totale contro il freddo. Il cappuccio staccabile pu\u00f2 essere regolato perfettamente per garantire il massimo comfort. Discrete strisce riflettenti sul davanti, sul retro e sulle maniche. Vita regolabile e maniche regolabili con velcro e polsini interni con fori per i pollici. Certificato secondo la norma EN 342, abbigliamento protettivo contro il freddo combinato con pantaloni invernali 1810 e EN 343, abbigliamento protettivo contro il maltempo.<\/p>\n<p>CHIUSURA: Vita regolabile con coulisse. Polsini regolabili con cintura interna. DETTAGLI: Tasca per carte d'identit\u00e0 staccabile. Cappuccio staccabile e regolabile con fodera calda. Collo alto. Coulisse regolabile in vita. CHIUSURA ANTERIORE: Zip bidirezionale nascosta in plastica. FUNZIONALIT\u00c0: Fodera calda. CARATTERISTICHE PRINCIPALI: Artigianale. REFLEX: Dettagli riflettenti sulla tasca sul petto, sul cappuccio e sulle maniche. TESSUTO: Uomo. nero. impermeabile. Vento\/umido\/freddo. TASCHE: Tasca sul petto con zip. Tasca interna con chiusura a velcro. Tasche anteriori con patta, tasche laterali con zip e fodera in pile. ISTRUZIONI DI LAVAGGIO: Non lavare a secco. RINFORZO: Rinforzato su maniche, schiena e fronte. CERTIFICAZIONE: EN 342 insieme all'art. 1810. EN 343, classe 4.1.<\/p>\n<p>100% poliestere, twill, elasticizzato, spalmato, impermeabile 11.000 mm, antivento, traspirante Ret 6.3, 150 g\/m\u00b2<\/p>","protected":false},"excerpt":{"rendered":"<p>Dieser leistungsstarke, wind- und wasserdichte Winterparka mit Steppfutter wird zum guten Freund bei kaltem Wetter. Extra hoher, Fleece gef\u00fctterter Kragen und Fleece gef\u00fctterte Taschen f\u00fcr ultimativen Schutz gegen die K\u00e4lte. Die abnehmbare Kapuze kann f\u00fcr den Komfort perfekt eingestellt werden. Es befinden sich diskrete Reflexstreifen vorne, hinten und an den \u00c4rmeln. Einstellbare Taille und Klett-verstellbare [&hellip;]<\/p>\n","protected":false},"featured_media":590190,"template":"","meta":[],"product_brand":[],"product_cat":[4186],"product_tag":[],"class_list":{"0":"post-590139","1":"product","2":"type-product","3":"status-publish","4":"has-post-thumbnail","6":"product_cat-jacken","7":"pa_brand-blaklaeder","8":"pa_brand-type-workwear","9":"pa_filter-color-schwarz","11":"first","12":"instock","13":"sale","14":"taxable","15":"shipping-taxable","16":"purchasable","17":"product-type-variable","18":"add-to-wishlist-before_image"},"exclude_global_add_ons":[],"addons":[],"acf":[],"_links":{"self":[{"href":"https:\/\/shop.kustom.ch\/it\/wp-json\/wp\/v2\/product\/590139"}],"collection":[{"href":"https:\/\/shop.kustom.ch\/it\/wp-json\/wp\/v2\/product"}],"about":[{"href":"https:\/\/shop.kustom.ch\/it\/wp-json\/wp\/v2\/types\/product"}],"wp:featuredmedia":[{"embeddable":true,"href":"https:\/\/shop.kustom.ch\/it\/wp-json\/wp\/v2\/media\/590190"}],"wp:attachment":[{"href":"https:\/\/shop.kustom.ch\/it\/wp-json\/wp\/v2\/media?parent=590139"}],"wp:term":[{"taxonomy":"product_brand","embeddable":true,"href":"https:\/\/shop.kustom.ch\/it\/wp-json\/wp\/v2\/product_brand?post=590139"},{"taxonomy":"product_cat","embeddable":true,"href":"https:\/\/shop.kustom.ch\/it\/wp-json\/wp\/v2\/product_cat?post=590139"},{"taxonomy":"product_tag","embeddable":true,"href":"https:\/\/shop.kustom.ch\/it\/wp-json\/wp\/v2\/product_tag?post=590139"}],"curies":[{"name":"wp","href":"https:\/\/api.w.org\/{rel}","templated":true}]}}

<p>Questo parka invernale ad alte prestazioni, antivento e impermeabile, con fodera trapuntata, sarà il vostro buon amico quando fa freddo. Colletto extra alto foderato in pile e tasche foderate in pile per una protezione totale contro il freddo. Il cappuccio staccabile può essere regolato perfettamente per garantire il massimo comfort. Discrete strisce riflettenti sul davanti, sul retro e sulle maniche. Vita regolabile e maniche regolabili con velcro e polsini interni con fori per i pollici. Certificato secondo la norma EN 342, abbigliamento protettivo contro il freddo combinato con pantaloni invernali 1810 e EN 343, abbigliamento protettivo contro il maltempo.</p>
<p>CHIUSURA: Vita regolabile con coulisse. Polsini regolabili con cintura interna. DETTAGLI: Tasca per carte d'identità staccabile. Cappuccio staccabile e regolabile con fodera calda. Collo alto. Coulisse regolabile in vita. CHIUSURA ANTERIORE: Zip bidirezionale nascosta in plastica. FUNZIONALITÀ: Fodera calda. CARATTERISTICHE PRINCIPALI: Artigianale. REFLEX: Dettagli riflettenti sulla tasca sul petto, sul cappuccio e sulle maniche. TESSUTO: Uomo. nero. impermeabile. Vento/umido/freddo. TASCHE: Tasca sul petto con zip. Tasca interna con chiusura a velcro. Tasche anteriori con patta, tasche laterali con zip e fodera in pile. ISTRUZIONI DI LAVAGGIO: Non lavare a secco. RINFORZO: Rinforzato su maniche, schiena e fronte. CERTIFICAZIONE: EN 342 insieme all'art. 1810. EN 343, classe 4.1.</p>
<p>100% poliestere, twill, elasticizzato, spalmato, impermeabile 11.000 mm, antivento, traspirante Ret 6.3, 150 g/m²</p>

<p>Dieser leistungsstarke, wind- und wasserdichte Winterparka mit Steppfutter wird zum guten Freund bei kaltem Wetter. Extra hoher, Fleece gefütterter Kragen und Fleece gefütterte Taschen für ultimativen Schutz gegen die Kälte. Die abnehmbare Kapuze kann für den Komfort perfekt eingestellt werden. Es befinden sich diskrete Reflexstreifen vorne, hinten und an den Ärmeln. Einstellbare Taille und Klett-verstellbare [&hellip;]</p>
