{"id":589989,"date":"2025-03-04T23:01:04","date_gmt":"2025-03-04T22:01:04","guid":{"rendered":"https:\/\/shop.kustom.ch\/?post_type=product&#038;p=589989"},"modified":"2026-03-31T09:06:34","modified_gmt":"2026-03-31T08:06:34","slug":"damen-winterjacke","status":"publish","type":"product","link":"https:\/\/shop.kustom.ch\/it\/prodotto\/damen-winterjacke\/","title":{"rendered":"Giacca invernale da donna"},"content":{"rendered":"<p>Giacca invernale altamente funzionale, antivento e idrorepellente, con cuciture nastrate e cappuccio staccabile e regolabile. La giacca \u00e8 dotata di inserti in rete in punti accuratamente selezionati per allontanare l'umidit\u00e0 dal corpo. Per una vestibilit\u00e0 ottimale, la giacca \u00e8 dotata di gomiti preformati e di una zip a due vie. I polsini sono regolabili e hanno una fascia interna in vita con foro per il pollice. Discreti dettagli riflettenti si trovano sul davanti, sulla schiena, sul cappuccio e sulle braccia. Certificata secondo la norma EN 343, protezione dalla pioggia.<\/p>\n<p>CHIUSURA: Vita regolabile con coulisse. Polsini regolabili con chiusura a velcro. DETTAGLI: Zip nella fodera per facilitare la rifinitura del tessuto. Tasca per carte d'identit\u00e0 staccabile. Cappuccio staccabile e regolabile. Colletto foderato in pile. CHIUSURA ANTERIORE: zip nascosta in plastica a due vie. FUNZIONALIT\u00c0: inserti in rete nelle zone chiave della sudorazione. Taglia donna. CARATTERISTICHE PRINCIPALI: Artigianale. EN 343. REFLEX: dettagli riflettenti su fronte, schiena, cappuccio e maniche. TESSUTO: Disponibile per uomo e donna. nero. impermeabile. Vento\/umido\/freddo. TASCHE: Tasca sul petto con patta. Tasca interna in rete. Tasche anteriori con zip, foderate in pile. ISTRUZIONI DI LAVAGGIO: Non stirare. CERTIFICAZIONE: EN 343, classe 3.1.<\/p>\n<p>100% poliestere, twill, elasticizzato, spalmato, impermeabile 11.000 mm, antivento, traspirante Ret 6.3, 150 g\/m\u00b2<\/p>","protected":false},"excerpt":{"rendered":"<p>Hochfunktionelle wind- und wasserabweisende Winterjacke mit verschweissten N\u00e4hten und abnehmbarer, einstellbarer Kapuze. Die Jacke hat Mesh Eins\u00e4tze an sorgf\u00e4ltig gew\u00e4hlten Stellen, um Feuchtigkeit vom K\u00f6rper weg zu transportieren. F\u00fcr einen optimalen Schnitt hat die Jacke vorgeformte Ellb\u00f6gen und einen Zwei-Wege Reissverschluss. Die Armabschl\u00fcsse sind einstellbar und haben einen Innenbund mit Daumenloch. Diskrete Reflexdetails sind an [&hellip;]<\/p>\n","protected":false},"featured_media":590056,"template":"","meta":[],"product_brand":[],"product_cat":[4186],"product_tag":[],"class_list":{"0":"post-589989","1":"product","2":"type-product","3":"status-publish","4":"has-post-thumbnail","6":"product_cat-jacken","7":"pa_brand-blaklaeder","8":"pa_brand-type-workwear","9":"pa_filter-color-schwarz","11":"first","12":"instock","13":"sale","14":"taxable","15":"shipping-taxable","16":"purchasable","17":"product-type-variable","18":"add-to-wishlist-before_image"},"exclude_global_add_ons":[],"addons":[],"acf":[],"_links":{"self":[{"href":"https:\/\/shop.kustom.ch\/it\/wp-json\/wp\/v2\/product\/589989"}],"collection":[{"href":"https:\/\/shop.kustom.ch\/it\/wp-json\/wp\/v2\/product"}],"about":[{"href":"https:\/\/shop.kustom.ch\/it\/wp-json\/wp\/v2\/types\/product"}],"wp:featuredmedia":[{"embeddable":true,"href":"https:\/\/shop.kustom.ch\/it\/wp-json\/wp\/v2\/media\/590056"}],"wp:attachment":[{"href":"https:\/\/shop.kustom.ch\/it\/wp-json\/wp\/v2\/media?parent=589989"}],"wp:term":[{"taxonomy":"product_brand","embeddable":true,"href":"https:\/\/shop.kustom.ch\/it\/wp-json\/wp\/v2\/product_brand?post=589989"},{"taxonomy":"product_cat","embeddable":true,"href":"https:\/\/shop.kustom.ch\/it\/wp-json\/wp\/v2\/product_cat?post=589989"},{"taxonomy":"product_tag","embeddable":true,"href":"https:\/\/shop.kustom.ch\/it\/wp-json\/wp\/v2\/product_tag?post=589989"}],"curies":[{"name":"wp","href":"https:\/\/api.w.org\/{rel}","templated":true}]}}

<p>Giacca invernale altamente funzionale, antivento e idrorepellente, con cuciture nastrate e cappuccio staccabile e regolabile. La giacca è dotata di inserti in rete in punti accuratamente selezionati per allontanare l'umidità dal corpo. Per una vestibilità ottimale, la giacca è dotata di gomiti preformati e di una zip a due vie. I polsini sono regolabili e hanno una fascia interna in vita con foro per il pollice. Discreti dettagli riflettenti si trovano sul davanti, sulla schiena, sul cappuccio e sulle braccia. Certificata secondo la norma EN 343, protezione dalla pioggia.</p>
<p>CHIUSURA: Vita regolabile con coulisse. Polsini regolabili con chiusura a velcro. DETTAGLI: Zip nella fodera per facilitare la rifinitura del tessuto. Tasca per carte d'identità staccabile. Cappuccio staccabile e regolabile. Colletto foderato in pile. CHIUSURA ANTERIORE: zip nascosta in plastica a due vie. FUNZIONALITÀ: inserti in rete nelle zone chiave della sudorazione. Taglia donna. CARATTERISTICHE PRINCIPALI: Artigianale. EN 343. REFLEX: dettagli riflettenti su fronte, schiena, cappuccio e maniche. TESSUTO: Disponibile per uomo e donna. nero. impermeabile. Vento/umido/freddo. TASCHE: Tasca sul petto con patta. Tasca interna in rete. Tasche anteriori con zip, foderate in pile. ISTRUZIONI DI LAVAGGIO: Non stirare. CERTIFICAZIONE: EN 343, classe 3.1.</p>
<p>100% poliestere, twill, elasticizzato, spalmato, impermeabile 11.000 mm, antivento, traspirante Ret 6.3, 150 g/m²</p>

<p>Hochfunktionelle wind- und wasserabweisende Winterjacke mit verschweissten Nähten und abnehmbarer, einstellbarer Kapuze. Die Jacke hat Mesh Einsätze an sorgfältig gewählten Stellen, um Feuchtigkeit vom Körper weg zu transportieren. Für einen optimalen Schnitt hat die Jacke vorgeformte Ellbögen und einen Zwei-Wege Reissverschluss. Die Armabschlüsse sind einstellbar und haben einen Innenbund mit Daumenloch. Diskrete Reflexdetails sind an [&hellip;]</p>
