{"id":589970,"date":"2025-03-04T23:01:00","date_gmt":"2025-03-04T22:01:00","guid":{"rendered":"https:\/\/shop.kustom.ch\/?post_type=product&#038;p=589970"},"modified":"2026-03-31T09:06:32","modified_gmt":"2026-03-31T08:06:32","slug":"damen-high-vis-strickjacke","status":"publish","type":"product","link":"https:\/\/shop.kustom.ch\/it\/prodotto\/damen-high-vis-strickjacke\/","title":{"rendered":"Cardigan da donna con visiera alta"},"content":{"rendered":"<p>Elegante giacca ad alta visibilit\u00e0 realizzata in un confortevole tessuto a maglia, progettato per la figura femminile. Le strisce riflettenti interrotte garantiscono una maggiore traspirabilit\u00e0 e mobilit\u00e0. La giacca \u00e8 dotata di cerniere ed \u00e8 rinforzata con tessuto softshell su spalle, maniche e orlo posteriore, che ne aumenta la durata. \u00c8 una giacca ideale per il tempo libero e il lavoro. Certificata secondo lo standard EN ISO 20471, classe 2.<\/p>\n<p>CHIUSURA: Schiena allungata. Polsini elasticizzati. DETTAGLI: Cappuccio fisso. CHIUSURA ANTERIORE: zip bidirezionale in plastica. FUNZIONALIT\u00c0: Taglia donna. CARATTERISTICHE PRINCIPALI: Lavoratore da giardino. EN ISO 20471. REFLEX: strisce riflettenti a trasferimento larghe 50 mm. TESSUTO: Donna. Giallo alta visibilit\u00e0. Alta visibilit\u00e0. TASCHE: Tasca sul petto con zip. Tasche anteriori, una con anello a D. ISTRUZIONI DI LAVAGGIO: Numero di lavaggi: 20, non candeggiare. RINFORZO: Rinforzato su spalle, maniche e fianchi. CERTIFICAZIONE: Gruppo di certificazione B<\/p>\n<p>100% poliestere, maglia grossa, spazzolato su un lato, 380 g\/m\u00b2<\/p>","protected":false},"excerpt":{"rendered":"<p>Stylische High Vis Jacke aus einem bequemen Strickgewebe, entworfen f\u00fcr die weibliche Figur. Unterbrochene Reflexstreifen sorgen f\u00fcr mehr Atmungsaktivit\u00e4t und Mobilit\u00e4t. Die Jacke hat Reissverschl\u00fcsse und ist mit Softshell Stoff an den Schultern, \u00c4rmeln und am Hintersaum verst\u00e4rkt, wodurch sich die Haltbarkeit erh\u00f6ht. Dies ist eine tolle Jacke f\u00fcr Freizeit und Beruf. Zertifiziert nach der [&hellip;]<\/p>\n","protected":false},"featured_media":590026,"template":"","meta":[],"product_brand":[],"product_cat":[4186],"product_tag":[],"class_list":{"0":"post-589970","1":"product","2":"type-product","3":"status-publish","4":"has-post-thumbnail","6":"product_cat-jacken","7":"pa_brand-blaklaeder","8":"pa_brand-type-workwear","9":"pa_filter-color-blau","10":"pa_filter-color-gelb","11":"pa_filter-color-schwarz","13":"first","14":"instock","15":"sale","16":"taxable","17":"shipping-taxable","18":"purchasable","19":"product-type-variable","20":"add-to-wishlist-before_image"},"exclude_global_add_ons":[],"addons":[],"acf":[],"_links":{"self":[{"href":"https:\/\/shop.kustom.ch\/it\/wp-json\/wp\/v2\/product\/589970"}],"collection":[{"href":"https:\/\/shop.kustom.ch\/it\/wp-json\/wp\/v2\/product"}],"about":[{"href":"https:\/\/shop.kustom.ch\/it\/wp-json\/wp\/v2\/types\/product"}],"wp:featuredmedia":[{"embeddable":true,"href":"https:\/\/shop.kustom.ch\/it\/wp-json\/wp\/v2\/media\/590026"}],"wp:attachment":[{"href":"https:\/\/shop.kustom.ch\/it\/wp-json\/wp\/v2\/media?parent=589970"}],"wp:term":[{"taxonomy":"product_brand","embeddable":true,"href":"https:\/\/shop.kustom.ch\/it\/wp-json\/wp\/v2\/product_brand?post=589970"},{"taxonomy":"product_cat","embeddable":true,"href":"https:\/\/shop.kustom.ch\/it\/wp-json\/wp\/v2\/product_cat?post=589970"},{"taxonomy":"product_tag","embeddable":true,"href":"https:\/\/shop.kustom.ch\/it\/wp-json\/wp\/v2\/product_tag?post=589970"}],"curies":[{"name":"wp","href":"https:\/\/api.w.org\/{rel}","templated":true}]}}

<p>Elegante giacca ad alta visibilità realizzata in un confortevole tessuto a maglia, progettato per la figura femminile. Le strisce riflettenti interrotte garantiscono una maggiore traspirabilità e mobilità. La giacca è dotata di cerniere ed è rinforzata con tessuto softshell su spalle, maniche e orlo posteriore, che ne aumenta la durata. È una giacca ideale per il tempo libero e il lavoro. Certificata secondo lo standard EN ISO 20471, classe 2.</p>
<p>CHIUSURA: Schiena allungata. Polsini elasticizzati. DETTAGLI: Cappuccio fisso. CHIUSURA ANTERIORE: zip bidirezionale in plastica. FUNZIONALITÀ: Taglia donna. CARATTERISTICHE PRINCIPALI: Lavoratore da giardino. EN ISO 20471. REFLEX: strisce riflettenti a trasferimento larghe 50 mm. TESSUTO: Donna. Giallo alta visibilità. Alta visibilità. TASCHE: Tasca sul petto con zip. Tasche anteriori, una con anello a D. ISTRUZIONI DI LAVAGGIO: Numero di lavaggi: 20, non candeggiare. RINFORZO: Rinforzato su spalle, maniche e fianchi. CERTIFICAZIONE: Gruppo di certificazione B</p>
<p>100% poliestere, maglia grossa, spazzolato su un lato, 380 g/m²</p>

<p>Stylische High Vis Jacke aus einem bequemen Strickgewebe, entworfen für die weibliche Figur. Unterbrochene Reflexstreifen sorgen für mehr Atmungsaktivität und Mobilität. Die Jacke hat Reissverschlüsse und ist mit Softshell Stoff an den Schultern, Ärmeln und am Hintersaum verstärkt, wodurch sich die Haltbarkeit erhöht. Dies ist eine tolle Jacke für Freizeit und Beruf. Zertifiziert nach der [&hellip;]</p>
