{"id":589794,"date":"2025-03-04T22:58:10","date_gmt":"2025-03-04T21:58:10","guid":{"rendered":"https:\/\/shop.kustom.ch\/?post_type=product&#038;p=589794"},"modified":"2026-03-31T09:06:23","modified_gmt":"2026-03-31T08:06:23","slug":"softshell-jacke-2","status":"publish","type":"product","link":"https:\/\/shop.kustom.ch\/it\/prodotto\/softshell-jacke-2\/","title":{"rendered":"Giacca softshell"},"content":{"rendered":"<p>Giacca softshell leggera, in tessuto ripstop, antivento e traspirante. La giacca ha maniche preformate, una schiena allungata e un colletto in pile per un comfort ottimale. La giacca \u00e8 dotata di polsini e cintura regolabili e di molte pratiche soluzioni per le tasche.<\/p>\n<p>CHIUSURA: Schiena allungata. Polsini regolabili con chiusura in velcro. DETTAGLI: colletto foderato in pile. CHIUSURA ANTERIORE: Zip in plastica. CARATTERISTICHE PRINCIPALI: Autista. TESSUTO: Uomo. Idrorepellente. Vento\/umido\/freddo. TASCHE: Tasca sul petto con zip. Tasche interne. Tasche anteriori con zip. ISTRUZIONI DI LAVAGGIO: Non centrifugare.<\/p>\n<p>100% Poliestere, 2 strati, softshell, sigillato, idrorepellente 255 g\/m\u00b2<\/p>","protected":false},"excerpt":{"rendered":"<p>Leichte, Ripstop-gewebte Softshell Jacke, windabweisend und atmungsaktiv. F\u00fcr optimalen Tragekomfort besitzt die Jacke vorgeformte \u00c4rmel, einen verl\u00e4ngerten R\u00fccken und Fleece im Kragen. Die Jacke hat einen einstellbaren Arm- und Bundabschluss und viele praktische Taschenl\u00f6sungen. ABSCHLUSS: Verl\u00e4ngerter R\u00fccken. Verstellbare \u00c4rmelb\u00fcndchen mit Klettverschluss. DETAILS: Fleecegef\u00fctterter Kragen. FRONTVERSCHLUSS: Reissverschluss aus Kunststoff. HAUPTEIGENSCHAFTEN: Fahrer. STOFF: Herren. wasserabweisend. Wind \/ [&hellip;]<\/p>\n","protected":false},"featured_media":589846,"template":"","meta":[],"product_brand":[],"product_cat":[4186],"product_tag":[],"class_list":{"0":"post-589794","1":"product","2":"type-product","3":"status-publish","4":"has-post-thumbnail","6":"product_cat-jacken","7":"pa_brand-blaklaeder","8":"pa_brand-type-workwear","9":"pa_filter-color-blau","10":"pa_filter-color-gelb","12":"first","13":"instock","14":"sale","15":"taxable","16":"shipping-taxable","17":"purchasable","18":"product-type-variable","19":"add-to-wishlist-before_image"},"exclude_global_add_ons":[],"addons":[],"acf":[],"_links":{"self":[{"href":"https:\/\/shop.kustom.ch\/it\/wp-json\/wp\/v2\/product\/589794"}],"collection":[{"href":"https:\/\/shop.kustom.ch\/it\/wp-json\/wp\/v2\/product"}],"about":[{"href":"https:\/\/shop.kustom.ch\/it\/wp-json\/wp\/v2\/types\/product"}],"wp:featuredmedia":[{"embeddable":true,"href":"https:\/\/shop.kustom.ch\/it\/wp-json\/wp\/v2\/media\/589846"}],"wp:attachment":[{"href":"https:\/\/shop.kustom.ch\/it\/wp-json\/wp\/v2\/media?parent=589794"}],"wp:term":[{"taxonomy":"product_brand","embeddable":true,"href":"https:\/\/shop.kustom.ch\/it\/wp-json\/wp\/v2\/product_brand?post=589794"},{"taxonomy":"product_cat","embeddable":true,"href":"https:\/\/shop.kustom.ch\/it\/wp-json\/wp\/v2\/product_cat?post=589794"},{"taxonomy":"product_tag","embeddable":true,"href":"https:\/\/shop.kustom.ch\/it\/wp-json\/wp\/v2\/product_tag?post=589794"}],"curies":[{"name":"wp","href":"https:\/\/api.w.org\/{rel}","templated":true}]}}

<p>Giacca softshell leggera, in tessuto ripstop, antivento e traspirante. La giacca ha maniche preformate, una schiena allungata e un colletto in pile per un comfort ottimale. La giacca è dotata di polsini e cintura regolabili e di molte pratiche soluzioni per le tasche.</p>
<p>CHIUSURA: Schiena allungata. Polsini regolabili con chiusura in velcro. DETTAGLI: colletto foderato in pile. CHIUSURA ANTERIORE: Zip in plastica. CARATTERISTICHE PRINCIPALI: Autista. TESSUTO: Uomo. Idrorepellente. Vento/umido/freddo. TASCHE: Tasca sul petto con zip. Tasche interne. Tasche anteriori con zip. ISTRUZIONI DI LAVAGGIO: Non centrifugare.</p>
<p>100% Poliestere, 2 strati, softshell, sigillato, idrorepellente 255 g/m²</p>

<p>Leichte, Ripstop-gewebte Softshell Jacke, windabweisend und atmungsaktiv. Für optimalen Tragekomfort besitzt die Jacke vorgeformte Ärmel, einen verlängerten Rücken und Fleece im Kragen. Die Jacke hat einen einstellbaren Arm- und Bundabschluss und viele praktische Taschenlösungen. ABSCHLUSS: Verlängerter Rücken. Verstellbare Ärmelbündchen mit Klettverschluss. DETAILS: Fleecegefütterter Kragen. FRONTVERSCHLUSS: Reissverschluss aus Kunststoff. HAUPTEIGENSCHAFTEN: Fahrer. STOFF: Herren. wasserabweisend. Wind / [&hellip;]</p>
