{"id":589752,"date":"2025-03-04T22:57:32","date_gmt":"2025-03-04T21:57:32","guid":{"rendered":"https:\/\/shop.kustom.ch\/?post_type=product&#038;p=589752"},"modified":"2026-03-31T09:06:16","modified_gmt":"2026-03-31T08:06:16","slug":"softshell-jacke","status":"publish","type":"product","link":"https:\/\/shop.kustom.ch\/it\/prodotto\/softshell-jacke\/","title":{"rendered":"Giacca softshell"},"content":{"rendered":"<p>Questa giacca softshell molto flessibile e versatile \u00e8 dotata di un cappuccio regolabile. La giacca \u00e8 progettata per offrire la massima libert\u00e0 di movimento ed \u00e8 realizzata in tessuto elasticizzato, antivento e impermeabile.<\/p>\n<p>CHIUSURA: Vita regolabile con coulisse. Polsini regolabili con chiusura a velcro. DETTAGLI: Stampa sul petto. Cappuccio fisso e regolabile. CHIUSURA ANTERIORE: Cerniera anteriore con mentoniera in pile. FUNZIONALIT\u00c0: Antivento e impermeabile, cuciture non sigillate, traspirante. CARATTERISTICHE PRINCIPALI: Artigianale. REFLEX: Stampa riflettente su maniche e petto. TESSUTO: Disponibile per uomo e donna. rosso. impermeabile. Vento\/umido\/freddo. TASCHE: Tasca sul petto con zip. Tasche anteriori con cerniera. ISTRUZIONI DI LAVAGGIO: Non candeggiare.<\/p>\n<p>100% poliestere, tessuto softshell a 3 strati, impermeabile 17.000 mm, antivento, traspirante Ret 7.2, 300 g\/m\u00b2<\/p>","protected":false},"excerpt":{"rendered":"<p>Diese sehr flexible und vielseitige Softshell-Jacke hat eine verstellbare Kapuze. Die Jacke wurde entworfen, um Ihnen maximale Bewegungsfreiheit zu bieten und besteht aus einem dehnbaren, wind- und wasserfesten Stoff. ABSCHLUSS: Verstellbarer Bund mit Kordelzug. Verstellbare \u00c4rmelb\u00fcndchen mit Klettverschluss. DETAILS: Aufdruck auf der Brust. Feste, verstellbare Kapuze. FRONTVERSCHLUSS: Reissverschluss vorne mit Kinnschutz aus Fleece. FUNKTIONALIT\u00c4T: Wind- [&hellip;]<\/p>\n","protected":false},"featured_media":589818,"template":"","meta":[],"product_brand":[],"product_cat":[4186],"product_tag":[],"class_list":{"0":"post-589752","1":"product","2":"type-product","3":"status-publish","4":"has-post-thumbnail","6":"product_cat-jacken","7":"pa_brand-blaklaeder","8":"pa_brand-type-workwear","9":"pa_filter-color-blau","10":"pa_filter-color-gelb","11":"pa_filter-color-grau","12":"pa_filter-color-gruen","13":"pa_filter-color-rot","14":"pa_filter-color-schwarz","16":"first","17":"instock","18":"sale","19":"taxable","20":"shipping-taxable","21":"purchasable","22":"product-type-variable","23":"add-to-wishlist-before_image"},"exclude_global_add_ons":[],"addons":[],"acf":[],"_links":{"self":[{"href":"https:\/\/shop.kustom.ch\/it\/wp-json\/wp\/v2\/product\/589752"}],"collection":[{"href":"https:\/\/shop.kustom.ch\/it\/wp-json\/wp\/v2\/product"}],"about":[{"href":"https:\/\/shop.kustom.ch\/it\/wp-json\/wp\/v2\/types\/product"}],"wp:featuredmedia":[{"embeddable":true,"href":"https:\/\/shop.kustom.ch\/it\/wp-json\/wp\/v2\/media\/589818"}],"wp:attachment":[{"href":"https:\/\/shop.kustom.ch\/it\/wp-json\/wp\/v2\/media?parent=589752"}],"wp:term":[{"taxonomy":"product_brand","embeddable":true,"href":"https:\/\/shop.kustom.ch\/it\/wp-json\/wp\/v2\/product_brand?post=589752"},{"taxonomy":"product_cat","embeddable":true,"href":"https:\/\/shop.kustom.ch\/it\/wp-json\/wp\/v2\/product_cat?post=589752"},{"taxonomy":"product_tag","embeddable":true,"href":"https:\/\/shop.kustom.ch\/it\/wp-json\/wp\/v2\/product_tag?post=589752"}],"curies":[{"name":"wp","href":"https:\/\/api.w.org\/{rel}","templated":true}]}}

<p>Questa giacca softshell molto flessibile e versatile è dotata di un cappuccio regolabile. La giacca è progettata per offrire la massima libertà di movimento ed è realizzata in tessuto elasticizzato, antivento e impermeabile.</p>
<p>CHIUSURA: Vita regolabile con coulisse. Polsini regolabili con chiusura a velcro. DETTAGLI: Stampa sul petto. Cappuccio fisso e regolabile. CHIUSURA ANTERIORE: Cerniera anteriore con mentoniera in pile. FUNZIONALITÀ: Antivento e impermeabile, cuciture non sigillate, traspirante. CARATTERISTICHE PRINCIPALI: Artigianale. REFLEX: Stampa riflettente su maniche e petto. TESSUTO: Disponibile per uomo e donna. rosso. impermeabile. Vento/umido/freddo. TASCHE: Tasca sul petto con zip. Tasche anteriori con cerniera. ISTRUZIONI DI LAVAGGIO: Non candeggiare.</p>
<p>100% poliestere, tessuto softshell a 3 strati, impermeabile 17.000 mm, antivento, traspirante Ret 7.2, 300 g/m²</p>

<p>Diese sehr flexible und vielseitige Softshell-Jacke hat eine verstellbare Kapuze. Die Jacke wurde entworfen, um Ihnen maximale Bewegungsfreiheit zu bieten und besteht aus einem dehnbaren, wind- und wasserfesten Stoff. ABSCHLUSS: Verstellbarer Bund mit Kordelzug. Verstellbare Ärmelbündchen mit Klettverschluss. DETAILS: Aufdruck auf der Brust. Feste, verstellbare Kapuze. FRONTVERSCHLUSS: Reissverschluss vorne mit Kinnschutz aus Fleece. FUNKTIONALITÄT: Wind- [&hellip;]</p>
