{"id":586512,"date":"2025-03-04T22:09:45","date_gmt":"2025-03-04T21:09:45","guid":{"rendered":"https:\/\/shop.kustom.ch\/?post_type=product&#038;p=586512"},"modified":"2026-03-31T08:48:28","modified_gmt":"2026-03-31T07:48:28","slug":"arbeitsweste-industrie","status":"publish","type":"product","link":"https:\/\/shop.kustom.ch\/it\/prodotto\/arbeitsweste-industrie\/","title":{"rendered":"Gilet da lavoro industriale"},"content":{"rendered":"<p>Gilet da lavoro con dettagli in colore a contrasto, cuciture a vista e orlo regolabile. Piega di movimento sul retro per una maggiore libert\u00e0 di movimento.<\/p>\n<p>DETTAGLI: Tasca per carte d'identit\u00e0 staccabile. Soffietti sul retro. Spallacci in colore a contrasto. CHIUSURA ANTERIORE: zip nascosta in plastica. CARATTERISTICHE PRINCIPALI: Autista. TESSUTO: kaki da uomo. Industria \/ Servizio. TASCHE: Tasche sul petto con soffietto e patta, una con doppio taschino portapenne, con fettuccia per attrezzi supplementari. Tasche interne, una con tasca per cellulare. Due tasche anteriori. ISTRUZIONI DI LAVAGGIO: Non candeggiare. LAVAGGIO: Lavanderia industriale EN ISO 15797.<\/p>\n<p>65% poliestere, 35% cotone, twill, 240 g\/m\u00b2<\/p>","protected":false},"excerpt":{"rendered":"<p>Arbeitsweste mit Details und Nahtverriegelungen in Kontrastfarbe und verstellbarem Saum. Bewegungsfalte am R\u00fccken f\u00fcr bessere Bewegungsfreiheit. DETAILS: Abnehmbare Ausweistasche. Balg am R\u00fccken. Schulterpartien in Kontrastfarbe. FRONTVERSCHLUSS: Verdeckter Reissverschluss aus Kunststoff. HAUPTEIGENSCHAFTEN: Fahrer. STOFF: Herren. khaki. Industrie \/ Service. TASCHEN: Brusttaschen mit Balg und Patte, davon eine mit Doppelstifttasche, mit Gurtband f\u00fcr zus\u00e4tzliche Werkzeuge. Innentaschen, davon [&hellip;]<\/p>\n","protected":false},"featured_media":586570,"template":"","meta":[],"product_brand":[],"product_cat":[4208],"product_tag":[],"class_list":{"0":"post-586512","1":"product","2":"type-product","3":"status-publish","4":"has-post-thumbnail","6":"product_cat-westen","7":"pa_brand-blaklaeder","8":"pa_brand-type-workwear","9":"pa_filter-color-beige","10":"pa_filter-color-grau","11":"pa_filter-color-rot","12":"pa_filter-color-schwarz","14":"first","15":"instock","16":"sale","17":"taxable","18":"shipping-taxable","19":"purchasable","20":"product-type-variable","21":"add-to-wishlist-before_image"},"exclude_global_add_ons":[],"addons":[],"acf":[],"_links":{"self":[{"href":"https:\/\/shop.kustom.ch\/it\/wp-json\/wp\/v2\/product\/586512"}],"collection":[{"href":"https:\/\/shop.kustom.ch\/it\/wp-json\/wp\/v2\/product"}],"about":[{"href":"https:\/\/shop.kustom.ch\/it\/wp-json\/wp\/v2\/types\/product"}],"wp:featuredmedia":[{"embeddable":true,"href":"https:\/\/shop.kustom.ch\/it\/wp-json\/wp\/v2\/media\/586570"}],"wp:attachment":[{"href":"https:\/\/shop.kustom.ch\/it\/wp-json\/wp\/v2\/media?parent=586512"}],"wp:term":[{"taxonomy":"product_brand","embeddable":true,"href":"https:\/\/shop.kustom.ch\/it\/wp-json\/wp\/v2\/product_brand?post=586512"},{"taxonomy":"product_cat","embeddable":true,"href":"https:\/\/shop.kustom.ch\/it\/wp-json\/wp\/v2\/product_cat?post=586512"},{"taxonomy":"product_tag","embeddable":true,"href":"https:\/\/shop.kustom.ch\/it\/wp-json\/wp\/v2\/product_tag?post=586512"}],"curies":[{"name":"wp","href":"https:\/\/api.w.org\/{rel}","templated":true}]}}

<p>Gilet da lavoro con dettagli in colore a contrasto, cuciture a vista e orlo regolabile. Piega di movimento sul retro per una maggiore libertà di movimento.</p>
<p>DETTAGLI: Tasca per carte d'identità staccabile. Soffietti sul retro. Spallacci in colore a contrasto. CHIUSURA ANTERIORE: zip nascosta in plastica. CARATTERISTICHE PRINCIPALI: Autista. TESSUTO: kaki da uomo. Industria / Servizio. TASCHE: Tasche sul petto con soffietto e patta, una con doppio taschino portapenne, con fettuccia per attrezzi supplementari. Tasche interne, una con tasca per cellulare. Due tasche anteriori. ISTRUZIONI DI LAVAGGIO: Non candeggiare. LAVAGGIO: Lavanderia industriale EN ISO 15797.</p>
<p>65% poliestere, 35% cotone, twill, 240 g/m²</p>

<p>Arbeitsweste mit Details und Nahtverriegelungen in Kontrastfarbe und verstellbarem Saum. Bewegungsfalte am Rücken für bessere Bewegungsfreiheit. DETAILS: Abnehmbare Ausweistasche. Balg am Rücken. Schulterpartien in Kontrastfarbe. FRONTVERSCHLUSS: Verdeckter Reissverschluss aus Kunststoff. HAUPTEIGENSCHAFTEN: Fahrer. STOFF: Herren. khaki. Industrie / Service. TASCHEN: Brusttaschen mit Balg und Patte, davon eine mit Doppelstifttasche, mit Gurtband für zusätzliche Werkzeuge. Innentaschen, davon [&hellip;]</p>
