{"id":586492,"date":"2025-03-04T22:09:42","date_gmt":"2025-03-04T21:09:42","guid":{"rendered":"https:\/\/shop.kustom.ch\/?post_type=product&#038;p=586492"},"modified":"2026-03-31T08:48:27","modified_gmt":"2026-03-31T07:48:27","slug":"handwerker-weste-x1900","status":"publish","type":"product","link":"https:\/\/shop.kustom.ch\/it\/prodotto\/handwerker-weste-x1900\/","title":{"rendered":"Gilet artigianale X1900"},"content":{"rendered":"<p>Gilet di montaggio moderno con molte pratiche tasche per attrezzi e accessori. Le tasche per le unghie staccabili e la cintura riducono lo sforzo sulle spalle e sul collo. Una doppia cerniera sul davanti, con la quale \u00e8 possibile regolare l'ampiezza, garantisce una migliore vestibilit\u00e0 e aumenta il comfort di utilizzo. Gli inserti in rete con materiale elasticizzato riducono il peso e assicurano una buona ventilazione nella parte posteriore.<\/p>\n<p>DETTAGLI: Anello a D. Bottoni in metallo. Portacoltelli con bottone. Ampi passanti per cintura. CHIUSURA ANTERIORE: robusta cerniera in plastica. FUNZIONALIT\u00c0: Tasche in Cordura\u00ae denim. CARATTERISTICHE PRINCIPALI: Sartoriale. TESSUTO: Uomo. nero. Tasche a chiodo. Artigianale. TASCHE: Tasche sul petto, una con patta, una con bottoni per coltello. Tasca frontale per documenti. Tasche porta chiodi - staccabili ed extra larghe, con passanti per attrezzi e scomparti supplementari per attrezzi. Due tasche Napoleone con spazio per formati A4. ISTRUZIONI DI LAVAGGIO: Non candeggiare. RINFORZO: tasche portachiodi rinforzate in CORDURA\u00ae. ACCESSORI: Cintura in tessuto<\/p>\n<p>100% Cotone, tela, 270 g\/m\u00b2<\/p>","protected":false},"excerpt":{"rendered":"<p>Moderne Montageweste mit vielen praktischen Taschen f\u00fcr Werkzeuge und Zubeh\u00f6r. Abnehmbare Nageltaschen und ein G\u00fcrtel reduzieren die Belastungen an Schultern und Nacken. Ein doppelter Reissverschluss vorne, mit dem die Weite einstellbar ist, sorgt f\u00fcr eine verbesserte Passform und erh\u00f6ht den Tragekomfort. Netzeins\u00e4tze mit Stretchmaterial reduzieren das Gewicht und sorgen f\u00fcr gute Ventilation am R\u00fccken. DETAILS: [&hellip;]<\/p>\n","protected":false},"featured_media":586544,"template":"","meta":[],"product_brand":[],"product_cat":[4208],"product_tag":[],"class_list":{"0":"post-586492","1":"product","2":"type-product","3":"status-publish","4":"has-post-thumbnail","6":"product_cat-westen","7":"pa_brand-blaklaeder","8":"pa_brand-type-workwear","9":"pa_filter-color-schwarz","11":"first","12":"instock","13":"sale","14":"taxable","15":"shipping-taxable","16":"purchasable","17":"product-type-variable","18":"add-to-wishlist-before_image"},"exclude_global_add_ons":[],"addons":[],"acf":[],"_links":{"self":[{"href":"https:\/\/shop.kustom.ch\/it\/wp-json\/wp\/v2\/product\/586492"}],"collection":[{"href":"https:\/\/shop.kustom.ch\/it\/wp-json\/wp\/v2\/product"}],"about":[{"href":"https:\/\/shop.kustom.ch\/it\/wp-json\/wp\/v2\/types\/product"}],"wp:featuredmedia":[{"embeddable":true,"href":"https:\/\/shop.kustom.ch\/it\/wp-json\/wp\/v2\/media\/586544"}],"wp:attachment":[{"href":"https:\/\/shop.kustom.ch\/it\/wp-json\/wp\/v2\/media?parent=586492"}],"wp:term":[{"taxonomy":"product_brand","embeddable":true,"href":"https:\/\/shop.kustom.ch\/it\/wp-json\/wp\/v2\/product_brand?post=586492"},{"taxonomy":"product_cat","embeddable":true,"href":"https:\/\/shop.kustom.ch\/it\/wp-json\/wp\/v2\/product_cat?post=586492"},{"taxonomy":"product_tag","embeddable":true,"href":"https:\/\/shop.kustom.ch\/it\/wp-json\/wp\/v2\/product_tag?post=586492"}],"curies":[{"name":"wp","href":"https:\/\/api.w.org\/{rel}","templated":true}]}}

<p>Gilet di montaggio moderno con molte pratiche tasche per attrezzi e accessori. Le tasche per le unghie staccabili e la cintura riducono lo sforzo sulle spalle e sul collo. Una doppia cerniera sul davanti, con la quale è possibile regolare l'ampiezza, garantisce una migliore vestibilità e aumenta il comfort di utilizzo. Gli inserti in rete con materiale elasticizzato riducono il peso e assicurano una buona ventilazione nella parte posteriore.</p>
<p>DETTAGLI: Anello a D. Bottoni in metallo. Portacoltelli con bottone. Ampi passanti per cintura. CHIUSURA ANTERIORE: robusta cerniera in plastica. FUNZIONALITÀ: Tasche in Cordura® denim. CARATTERISTICHE PRINCIPALI: Sartoriale. TESSUTO: Uomo. nero. Tasche a chiodo. Artigianale. TASCHE: Tasche sul petto, una con patta, una con bottoni per coltello. Tasca frontale per documenti. Tasche porta chiodi - staccabili ed extra larghe, con passanti per attrezzi e scomparti supplementari per attrezzi. Due tasche Napoleone con spazio per formati A4. ISTRUZIONI DI LAVAGGIO: Non candeggiare. RINFORZO: tasche portachiodi rinforzate in CORDURA®. ACCESSORI: Cintura in tessuto</p>
<p>100% Cotone, tela, 270 g/m²</p>

<p>Moderne Montageweste mit vielen praktischen Taschen für Werkzeuge und Zubehör. Abnehmbare Nageltaschen und ein Gürtel reduzieren die Belastungen an Schultern und Nacken. Ein doppelter Reissverschluss vorne, mit dem die Weite einstellbar ist, sorgt für eine verbesserte Passform und erhöht den Tragekomfort. Netzeinsätze mit Stretchmaterial reduzieren das Gewicht und sorgen für gute Ventilation am Rücken. DETAILS: [&hellip;]</p>
