{"id":586384,"date":"2025-03-04T22:07:27","date_gmt":"2025-03-04T21:07:27","guid":{"rendered":"https:\/\/shop.kustom.ch\/?post_type=product&#038;p=586384"},"modified":"2026-03-31T08:48:05","modified_gmt":"2026-03-31T07:48:05","slug":"high-vis-softshell-weste","status":"publish","type":"product","link":"https:\/\/shop.kustom.ch\/it\/prodotto\/high-vis-softshell-weste\/","title":{"rendered":"Gilet softshell ad alta visibilit\u00e0"},"content":{"rendered":"<p>Moderno gilet softshell in colori ad alta visibilit\u00e0, realizzato in tessuto idrorepellente e traspirante. Il gilet ha un collo alto e una morbida fodera in pile. Certificato secondo la norma EN 20471 per una migliore visibilit\u00e0 sul lavoro.<\/p>\n<p>CHIUSURA: dorso allungato. DETTAGLI: Tasca per carte d'identit\u00e0 staccabile. Colletto foderato in pile. CHIUSURA ANTERIORE: zip in plastica. FUNZIONALIT\u00c0: Materiale antivento e idrorepellente, cuciture non saldate. PROPRIET\u00c0 PRINCIPALI: Lavoratori stradali ed edili. EN ISO 20471. REFLEX: strisce riflettenti larghe 65 mm. TESSUTO: Uomo. Giallo alta visibilit\u00e0. Traspirabilit\u00e0. Protezione ad alta visibilit\u00e0. TASCHE: Tasche sul petto con cerniera e anello a D. Tasche interne. Tasche anteriori con cerniera, foderate in pile. ISTRUZIONI DI LAVAGGIO: Numero di lavaggi: 20, non stirare. CERTIFICAZIONE: Gruppo di certificazione D XXS-S<\/p>\n<p>100% poliestere, tessuto softshell a 3 strati, impermeabile 17.000 mm, antivento, traspirante Ret 7.2, 300 g\/m\u00b2<\/p>","protected":false},"excerpt":{"rendered":"<p>Moderne Softshell Weste in High Vis Farben aus einem wasserabweisenden und atmungsaktiven Stoff. Die Weste hat einen hohen Kragen und ein weiches Fleecefutter. Zertifiziert nach EN 20471 f\u00fcr bessere Sichtbarkeit bei der Arbeit. ABSCHLUSS: Verl\u00e4ngerter R\u00fccken. DETAILS: Abnehmbare Ausweistasche. Fleecegef\u00fctterter Kragen. FRONTVERSCHLUSS: Reissverschluss aus Kunststoff. FUNKTIONALIT\u00c4T: Wind- &amp;amp; wasserabweisendes Material, nicht verschweisste N\u00e4hte. HAUPTEIGENSCHAFTEN: Strassen- [&hellip;]<\/p>\n","protected":false},"featured_media":586429,"template":"","meta":[],"product_brand":[],"product_cat":[4208],"product_tag":[],"class_list":{"0":"post-586384","1":"product","2":"type-product","3":"status-publish","4":"has-post-thumbnail","6":"product_cat-westen","7":"pa_brand-blaklaeder","8":"pa_brand-type-workwear","9":"pa_filter-color-gelb","10":"pa_filter-color-orange","11":"pa_filter-color-rot","13":"first","14":"instock","15":"sale","16":"taxable","17":"shipping-taxable","18":"purchasable","19":"product-type-variable","20":"add-to-wishlist-before_image"},"exclude_global_add_ons":[],"addons":[],"acf":[],"_links":{"self":[{"href":"https:\/\/shop.kustom.ch\/it\/wp-json\/wp\/v2\/product\/586384"}],"collection":[{"href":"https:\/\/shop.kustom.ch\/it\/wp-json\/wp\/v2\/product"}],"about":[{"href":"https:\/\/shop.kustom.ch\/it\/wp-json\/wp\/v2\/types\/product"}],"wp:featuredmedia":[{"embeddable":true,"href":"https:\/\/shop.kustom.ch\/it\/wp-json\/wp\/v2\/media\/586429"}],"wp:attachment":[{"href":"https:\/\/shop.kustom.ch\/it\/wp-json\/wp\/v2\/media?parent=586384"}],"wp:term":[{"taxonomy":"product_brand","embeddable":true,"href":"https:\/\/shop.kustom.ch\/it\/wp-json\/wp\/v2\/product_brand?post=586384"},{"taxonomy":"product_cat","embeddable":true,"href":"https:\/\/shop.kustom.ch\/it\/wp-json\/wp\/v2\/product_cat?post=586384"},{"taxonomy":"product_tag","embeddable":true,"href":"https:\/\/shop.kustom.ch\/it\/wp-json\/wp\/v2\/product_tag?post=586384"}],"curies":[{"name":"wp","href":"https:\/\/api.w.org\/{rel}","templated":true}]}}

Gilet softshell ad alta visibilità

<p>Moderno gilet softshell in colori ad alta visibilità, realizzato in tessuto idrorepellente e traspirante. Il gilet ha un collo alto e una morbida fodera in pile. Certificato secondo la norma EN 20471 per una migliore visibilità sul lavoro.</p>
<p>CHIUSURA: dorso allungato. DETTAGLI: Tasca per carte d'identità staccabile. Colletto foderato in pile. CHIUSURA ANTERIORE: zip in plastica. FUNZIONALITÀ: Materiale antivento e idrorepellente, cuciture non saldate. PROPRIETÀ PRINCIPALI: Lavoratori stradali ed edili. EN ISO 20471. REFLEX: strisce riflettenti larghe 65 mm. TESSUTO: Uomo. Giallo alta visibilità. Traspirabilità. Protezione ad alta visibilità. TASCHE: Tasche sul petto con cerniera e anello a D. Tasche interne. Tasche anteriori con cerniera, foderate in pile. ISTRUZIONI DI LAVAGGIO: Numero di lavaggi: 20, non stirare. CERTIFICAZIONE: Gruppo di certificazione D XXS-S</p>
<p>100% poliestere, tessuto softshell a 3 strati, impermeabile 17.000 mm, antivento, traspirante Ret 7.2, 300 g/m²</p>

<p>Moderne Softshell Weste in High Vis Farben aus einem wasserabweisenden und atmungsaktiven Stoff. Die Weste hat einen hohen Kragen und ein weiches Fleecefutter. Zertifiziert nach EN 20471 für bessere Sichtbarkeit bei der Arbeit. ABSCHLUSS: Verlängerter Rücken. DETAILS: Abnehmbare Ausweistasche. Fleecegefütterter Kragen. FRONTVERSCHLUSS: Reissverschluss aus Kunststoff. FUNKTIONALITÄT: Wind- &amp;amp; wasserabweisendes Material, nicht verschweisste Nähte. HAUPTEIGENSCHAFTEN: Strassen- [&hellip;]</p>
