{"id":583716,"date":"2025-03-04T09:56:00","date_gmt":"2025-03-04T08:56:00","guid":{"rendered":"https:\/\/shop.kustom.ch\/?post_type=product&#038;p=583716"},"modified":"2026-03-31T08:39:11","modified_gmt":"2026-03-31T07:39:11","slug":"stretch-muetze","status":"publish","type":"product","link":"https:\/\/shop.kustom.ch\/it\/prodotto\/stretch-muetze\/","title":{"rendered":"Berretto elasticizzato"},"content":{"rendered":"<p>Questo berretto sottile ed elasticizzato \u00e8 ideale per profilare i vostri dipendenti. Questo berretto ha una qualit\u00e0 a base di cotone e la superficie \u00e8 particolarmente adatta agli abbellimenti, poich\u00e9 viene applicato solo un piccolo ricamo Bl\u00e5kl\u00e4der. Il berretto 2063 \u00e8 disponibile in sette colori diversi. <\/p>\n<p>DETTAGLI: Buone superfici per la finitura. Logo Bl\u00e5kl\u00e4der intrecciato sul retro. CARATTERISTICHE PRINCIPALI: Unisex. TESSUTO: Giallo alta visibilit\u00e0. Unito. ISTRUZIONI DI LAVAGGIO: Non candeggiare. CERTIFICAZIONE: Non certificato High Vis<\/p>\n<p>95% cotone, 5% elastan, polo, 210 g\/m\u00b2<\/p>","protected":false},"excerpt":{"rendered":"<p>Diese d\u00fcnne und elastische M\u00fctze eignet sich hervorragend f\u00fcr die Profilierung Ihrer Mitarbeiter. Diese M\u00fctze hat eine Baumwoll-basierende Qualit\u00e4t und die Oberfl\u00e4che eignet sich besonders gut f\u00fcr Veredelungen, da nur ein kleiner Bl\u00e5kl\u00e4der-Stick angebracht ist. Die M\u00fctze 2063 ist in sieben verschiedenen Farben erh\u00e4ltlich. DETAILS: Gute Oberfl\u00e4chen f\u00fcr Veredelung. Gewebtes Bl\u00e5kl\u00e4der Logo hinten. HAUPTEIGENSCHAFTEN: Unisex. [&hellip;]<\/p>\n","protected":false},"featured_media":583794,"template":"","meta":[],"product_brand":[],"product_cat":[9643,4209],"product_tag":[],"class_list":{"0":"post-583716","1":"product","2":"type-product","3":"status-publish","4":"has-post-thumbnail","6":"product_cat-equipment","7":"product_cat-zubehoer","8":"pa_brand-blaklaeder","9":"pa_brand-type-workwear","10":"pa_filter-color-blau","11":"pa_filter-color-gelb","12":"pa_filter-color-grau","13":"pa_filter-color-gruen","14":"pa_filter-color-orange","15":"pa_filter-color-rot","16":"pa_filter-color-schwarz","18":"first","19":"instock","20":"sale","21":"taxable","22":"shipping-taxable","23":"purchasable","24":"product-type-variable","25":"add-to-wishlist-before_image"},"exclude_global_add_ons":[],"addons":[],"acf":[],"_links":{"self":[{"href":"https:\/\/shop.kustom.ch\/it\/wp-json\/wp\/v2\/product\/583716"}],"collection":[{"href":"https:\/\/shop.kustom.ch\/it\/wp-json\/wp\/v2\/product"}],"about":[{"href":"https:\/\/shop.kustom.ch\/it\/wp-json\/wp\/v2\/types\/product"}],"wp:featuredmedia":[{"embeddable":true,"href":"https:\/\/shop.kustom.ch\/it\/wp-json\/wp\/v2\/media\/583794"}],"wp:attachment":[{"href":"https:\/\/shop.kustom.ch\/it\/wp-json\/wp\/v2\/media?parent=583716"}],"wp:term":[{"taxonomy":"product_brand","embeddable":true,"href":"https:\/\/shop.kustom.ch\/it\/wp-json\/wp\/v2\/product_brand?post=583716"},{"taxonomy":"product_cat","embeddable":true,"href":"https:\/\/shop.kustom.ch\/it\/wp-json\/wp\/v2\/product_cat?post=583716"},{"taxonomy":"product_tag","embeddable":true,"href":"https:\/\/shop.kustom.ch\/it\/wp-json\/wp\/v2\/product_tag?post=583716"}],"curies":[{"name":"wp","href":"https:\/\/api.w.org\/{rel}","templated":true}]}}

<p>Questo berretto sottile ed elasticizzato è ideale per profilare i vostri dipendenti. Questo berretto ha una qualità a base di cotone e la superficie è particolarmente adatta agli abbellimenti, poiché viene applicato solo un piccolo ricamo Blåkläder. Il berretto 2063 è disponibile in sette colori diversi. </p>
<p>DETTAGLI: Buone superfici per la finitura. Logo Blåkläder intrecciato sul retro. CARATTERISTICHE PRINCIPALI: Unisex. TESSUTO: Giallo alta visibilità. Unito. ISTRUZIONI DI LAVAGGIO: Non candeggiare. CERTIFICAZIONE: Non certificato High Vis</p>
<p>95% cotone, 5% elastan, polo, 210 g/m²</p>

<p>Diese dünne und elastische Mütze eignet sich hervorragend für die Profilierung Ihrer Mitarbeiter. Diese Mütze hat eine Baumwoll-basierende Qualität und die Oberfläche eignet sich besonders gut für Veredelungen, da nur ein kleiner Blåkläder-Stick angebracht ist. Die Mütze 2063 ist in sieben verschiedenen Farben erhältlich. DETAILS: Gute Oberflächen für Veredelung. Gewebtes Blåkläder Logo hinten. HAUPTEIGENSCHAFTEN: Unisex. [&hellip;]</p>
