{"id":567917,"date":"2025-03-04T06:43:42","date_gmt":"2025-03-04T05:43:42","guid":{"rendered":"https:\/\/shop.kustom.ch\/?post_type=product&#038;p=567917"},"modified":"2026-03-31T07:51:24","modified_gmt":"2026-03-31T06:51:24","slug":"winterjacke-safe-compete-2","status":"publish","type":"product","link":"https:\/\/shop.kustom.ch\/it\/prodotto\/winterjacke-safe-compete-2\/","title":{"rendered":"Giacca invernale SAFE COMPETE"},"content":{"rendered":"<p>Fluorescente con nastro riflettente verticale e orizzontale. Bicolore. Traspirante, antivento e idrorepellente. Colletto interno in materiale morbido e resistente. Maniche staccabili. Schiena allungata. Chiusura con cerniera, striscia di protezione dalle intemperie e bottoni a pressione nascosti. Tasca con zip sotto la patta di protezione dalle intemperie. Tasche sul petto con patta e chiusura a velcro. Tasca sul petto per cellulare con zip. Anello a D. Tasca portapenne. Tasche anteriori. Polsini a coste (nascosti sotto l'abbottonatura di protezione dalle intemperie) e chiusura con bottoni a pressione ai polsi. Regolazione con bottoni a pressione sul bordo inferiore. Bottoni a pressione per il cappuccio. La fodera trapuntata pu\u00f2 essere rimossa con la zip e indossata separatamente - con collo e tasche a coste. La fodera \u00e8 anche una giacca che pu\u00f2 essere indossata separatamente. La giacca \u00e8 inoltre certificata EN ISO 20471, \u00e8 fluorescente e presenta elementi riflettenti orizzontali e strisce riflettenti sulle spalle. 09335-880 \u00e8 quindi sia una giacca invernale certificata EN ISO 20471 - classe 3, sia una giacca hard shell certificata EN ISO 20471 - classe 3, sia un gilet hard shell certificato EN ISO 20471 - classe 2, sia una giacca termica certificata EN ISO 20471 - classe 3, sia un gilet termico certificato EN ISO 20471 - classe 1 in un unico prodotto - perfetto per qualsiasi condizione atmosferica. Completate il prodotto con il cappuccio, 05114-880 (vedi MASCOT\u00ae COMPLETE).<\/p>\n<p>OEKO-TEX\u00ae STANDARD 100; EN ISO 20471 - Classe 3; Hi-Vis Gruppo A; Hi-Vis Gruppo C<br \/>\n100% Poliestere (MASCOTEX\u00ae)<br \/>\nNon mettere in ammollo. Lavare separatamente. Non utilizzare ammorbidenti.<br \/>\n240 g\/m\u00b2<br \/>\nLavaggio delicato max. 40\u00b0 C; non candeggiare; non asciugare in asciugatrice; non stirare; non lavare a secco.<\/p>\n<p><a href=\"https:\/\/mascotsitecore-1ccb8.kxcdn.com\/pdf\/09335-880-141-de.pdf\" target=\"_blank\" rel=\"noopener\"><u>Aprire la scheda tecnica del prodotto<\/u><\/a><\/p>","protected":false},"excerpt":{"rendered":"<ul>\n<li>Traspirante, antivento e idrorepellente.<\/li>\n<li>Il cappuccio pu\u00f2 essere fissato con bottoni a pressione.<\/li>\n<li>Prodotto multifunzionale che pu\u00f2 essere adattato a diverse situazioni - composto da giacca, gilet, giacca termica e gilet termico.<\/li>\n<li>La fodera trapuntata \u00e8 una giacca a s\u00e9 stante, certificata EN ISO 20471, con collo a coste e maniche staccabili.<\/li>\n<li>Protezione aggiuntiva contro il freddo grazie alla schiena allungata.<\/li>\n<\/ul>","protected":false},"featured_media":567953,"template":"","meta":[],"product_brand":[],"product_cat":[4186],"product_tag":[],"class_list":{"0":"post-567917","1":"product","2":"type-product","3":"status-publish","4":"has-post-thumbnail","6":"product_cat-jacken","7":"pa_brand-mascot","8":"pa_brand-type-workwear","9":"pa_filter-color-blau","10":"pa_filter-color-gelb","11":"pa_filter-color-grau","12":"pa_filter-color-orange","14":"first","15":"instock","16":"sale","17":"taxable","18":"shipping-taxable","19":"purchasable","20":"product-type-variable","21":"add-to-wishlist-before_image"},"exclude_global_add_ons":[],"addons":[],"acf":[],"_links":{"self":[{"href":"https:\/\/shop.kustom.ch\/it\/wp-json\/wp\/v2\/product\/567917"}],"collection":[{"href":"https:\/\/shop.kustom.ch\/it\/wp-json\/wp\/v2\/product"}],"about":[{"href":"https:\/\/shop.kustom.ch\/it\/wp-json\/wp\/v2\/types\/product"}],"wp:featuredmedia":[{"embeddable":true,"href":"https:\/\/shop.kustom.ch\/it\/wp-json\/wp\/v2\/media\/567953"}],"wp:attachment":[{"href":"https:\/\/shop.kustom.ch\/it\/wp-json\/wp\/v2\/media?parent=567917"}],"wp:term":[{"taxonomy":"product_brand","embeddable":true,"href":"https:\/\/shop.kustom.ch\/it\/wp-json\/wp\/v2\/product_brand?post=567917"},{"taxonomy":"product_cat","embeddable":true,"href":"https:\/\/shop.kustom.ch\/it\/wp-json\/wp\/v2\/product_cat?post=567917"},{"taxonomy":"product_tag","embeddable":true,"href":"https:\/\/shop.kustom.ch\/it\/wp-json\/wp\/v2\/product_tag?post=567917"}],"curies":[{"name":"wp","href":"https:\/\/api.w.org\/{rel}","templated":true}]}}

<p>Fluorescente con nastro riflettente verticale e orizzontale. Bicolore. Traspirante, antivento e idrorepellente. Colletto interno in materiale morbido e resistente. Maniche staccabili. Schiena allungata. Chiusura con cerniera, striscia di protezione dalle intemperie e bottoni a pressione nascosti. Tasca con zip sotto la patta di protezione dalle intemperie. Tasche sul petto con patta e chiusura a velcro. Tasca sul petto per cellulare con zip. Anello a D. Tasca portapenne. Tasche anteriori. Polsini a coste (nascosti sotto l'abbottonatura di protezione dalle intemperie) e chiusura con bottoni a pressione ai polsi. Regolazione con bottoni a pressione sul bordo inferiore. Bottoni a pressione per il cappuccio. La fodera trapuntata può essere rimossa con la zip e indossata separatamente - con collo e tasche a coste. La fodera è anche una giacca che può essere indossata separatamente. La giacca è inoltre certificata EN ISO 20471, è fluorescente e presenta elementi riflettenti orizzontali e strisce riflettenti sulle spalle. 09335-880 è quindi sia una giacca invernale certificata EN ISO 20471 - classe 3, sia una giacca hard shell certificata EN ISO 20471 - classe 3, sia un gilet hard shell certificato EN ISO 20471 - classe 2, sia una giacca termica certificata EN ISO 20471 - classe 3, sia un gilet termico certificato EN ISO 20471 - classe 1 in un unico prodotto - perfetto per qualsiasi condizione atmosferica. Completate il prodotto con il cappuccio, 05114-880 (vedi MASCOT® COMPLETE).</p>
<p>OEKO-TEX® STANDARD 100; EN ISO 20471 - Classe 3; Hi-Vis Gruppo A; Hi-Vis Gruppo C<br />
100% Poliestere (MASCOTEX®)<br />
Non mettere in ammollo. Lavare separatamente. Non utilizzare ammorbidenti.<br />
240 g/m²<br />
Lavaggio delicato max. 40° C; non candeggiare; non asciugare in asciugatrice; non stirare; non lavare a secco.</p>
<p><a href="https://mascotsitecore-1ccb8.kxcdn.com/pdf/09335-880-141-de.pdf" target="_blank" rel="noopener"><u>Aprire la scheda tecnica del prodotto</u></a></p>

<ul>
<li>Traspirante, antivento e idrorepellente.</li>
<li>Il cappuccio può essere fissato con bottoni a pressione.</li>
<li>Prodotto multifunzionale che può essere adattato a diverse situazioni - composto da giacca, gilet, giacca termica e gilet termico.</li>
<li>La fodera trapuntata è una giacca a sé stante, certificata EN ISO 20471, con collo a coste e maniche staccabili.</li>
<li>Protezione aggiuntiva contro il freddo grazie alla schiena allungata.</li>
</ul>
