{"id":541872,"date":"2025-03-04T00:26:06","date_gmt":"2025-03-03T23:26:06","guid":{"rendered":"https:\/\/shop.kustom.ch\/?post_type=product&#038;p=541872"},"modified":"2026-03-30T13:05:22","modified_gmt":"2026-03-30T12:05:22","slug":"werkzeugweste-accelerate-safe","status":"publish","type":"product","link":"https:\/\/shop.kustom.ch\/it\/prodotto\/werkzeugweste-accelerate-safe\/","title":{"rendered":"Gilet porta attrezzi ACCELERATE SAFE"},"content":{"rendered":"<p>Fluorescente con riflessi. Con finitura idrorepellente. Tessuto elasticizzato di ultima generazione con peso ridotto e buona durata. Chiusura con cerniera. Porta carte d'identit\u00e0 rimovibile. Tasca sul petto. Tasca portacellulare sul petto con patta. Due tasche anteriori staccabili e due tasche posteriori. Le tasche posteriori possono essere abbottonate. Tasca interna con chiusura a bottone a pressione. Tasca pensile con tasca portacellulare foderata e chiusura magnetica. Tasche appese con rinforzi in tessuto Kevlar\u00ae e CORDURA\u00ae. Passanti per attrezzi su entrambi i lati della cintura. Regolabile con cerniere su entrambi i lati. Ventilazione sul retro. Ventilazione sui lati con cerniere.<\/p>\n<p>OEKO-TEX\u00ae STANDARD 100; EN ISO 20471 - Classe 1; Gruppo Hi-Vis C<br \/>\n92% poliestere\/8% spandex<br \/>\nESTENSIONE FINALE. Pu\u00f2 restringersi al massimo di 2%. Il prodotto \u00e8 certificato per mantenere le sue propriet\u00e0 dopo 50 lavaggi.<br \/>\n265 g\/m\u00b2<br \/>\nLavaggio delicato max. 40\u00b0 C; non candeggiare; non asciugare in tamburo; non stirare; resiste ai normali lavaggi<\/p>\n<p><a href=\"https:\/\/mascotsitecore-1ccb8.kxcdn.com\/pdf\/19589-711-14010-de.pdf\" target=\"_blank\" rel=\"noopener\"><u>Aprire la scheda tecnica del prodotto<\/u><\/a><\/p>","protected":false},"excerpt":{"rendered":"<ul>\n<li>Il tessuto elasticizzato \u00e8 elastico in tutte le direzioni e offre un'impareggiabile libert\u00e0 di movimento, dove nulla si allunga o intralcia.<\/li>\n<li>Il tessuto elasticizzato multifunzionale combina un peso ridotto con una durata molto elevata ed \u00e8 anche idrorepellente.<\/li>\n<li>Tasche appese con rinforzi in tessuto Kevlar\u00ae e CORDURA\u00ae.<\/li>\n<li>Tasche appese rimovibili.<\/li>\n<li>Passanti per utensili su entrambi i lati.<\/li>\n<li>Ventilazione sul retro.<\/li>\n<\/ul>","protected":false},"featured_media":541886,"template":"","meta":[],"product_brand":[],"product_cat":[4208],"product_tag":[],"class_list":{"0":"post-541872","1":"product","2":"type-product","3":"status-publish","4":"has-post-thumbnail","6":"product_cat-westen","7":"pa_brand-mascot","8":"pa_brand-type-workwear","9":"pa_filter-color-blau","10":"pa_filter-color-gelb","11":"pa_filter-color-orange","12":"pa_filter-color-rot","13":"pa_filter-color-schwarz","15":"first","16":"instock","17":"sale","18":"taxable","19":"shipping-taxable","20":"purchasable","21":"product-type-variable","22":"add-to-wishlist-before_image"},"exclude_global_add_ons":[],"addons":[],"acf":[],"_links":{"self":[{"href":"https:\/\/shop.kustom.ch\/it\/wp-json\/wp\/v2\/product\/541872"}],"collection":[{"href":"https:\/\/shop.kustom.ch\/it\/wp-json\/wp\/v2\/product"}],"about":[{"href":"https:\/\/shop.kustom.ch\/it\/wp-json\/wp\/v2\/types\/product"}],"wp:featuredmedia":[{"embeddable":true,"href":"https:\/\/shop.kustom.ch\/it\/wp-json\/wp\/v2\/media\/541886"}],"wp:attachment":[{"href":"https:\/\/shop.kustom.ch\/it\/wp-json\/wp\/v2\/media?parent=541872"}],"wp:term":[{"taxonomy":"product_brand","embeddable":true,"href":"https:\/\/shop.kustom.ch\/it\/wp-json\/wp\/v2\/product_brand?post=541872"},{"taxonomy":"product_cat","embeddable":true,"href":"https:\/\/shop.kustom.ch\/it\/wp-json\/wp\/v2\/product_cat?post=541872"},{"taxonomy":"product_tag","embeddable":true,"href":"https:\/\/shop.kustom.ch\/it\/wp-json\/wp\/v2\/product_tag?post=541872"}],"curies":[{"name":"wp","href":"https:\/\/api.w.org\/{rel}","templated":true}]}}

<p>Fluorescente con riflessi. Con finitura idrorepellente. Tessuto elasticizzato di ultima generazione con peso ridotto e buona durata. Chiusura con cerniera. Porta carte d'identità rimovibile. Tasca sul petto. Tasca portacellulare sul petto con patta. Due tasche anteriori staccabili e due tasche posteriori. Le tasche posteriori possono essere abbottonate. Tasca interna con chiusura a bottone a pressione. Tasca pensile con tasca portacellulare foderata e chiusura magnetica. Tasche appese con rinforzi in tessuto Kevlar® e CORDURA®. Passanti per attrezzi su entrambi i lati della cintura. Regolabile con cerniere su entrambi i lati. Ventilazione sul retro. Ventilazione sui lati con cerniere.</p>
<p>OEKO-TEX® STANDARD 100; EN ISO 20471 - Classe 1; Gruppo Hi-Vis C<br />
92% poliestere/8% spandex<br />
ESTENSIONE FINALE. Può restringersi al massimo di 2%. Il prodotto è certificato per mantenere le sue proprietà dopo 50 lavaggi.<br />
265 g/m²<br />
Lavaggio delicato max. 40° C; non candeggiare; non asciugare in tamburo; non stirare; resiste ai normali lavaggi</p>
<p><a href="https://mascotsitecore-1ccb8.kxcdn.com/pdf/19589-711-14010-de.pdf" target="_blank" rel="noopener"><u>Aprire la scheda tecnica del prodotto</u></a></p>

<ul>
<li>Il tessuto elasticizzato è elastico in tutte le direzioni e offre un'impareggiabile libertà di movimento, dove nulla si allunga o intralcia.</li>
<li>Il tessuto elasticizzato multifunzionale combina un peso ridotto con una durata molto elevata ed è anche idrorepellente.</li>
<li>Tasche appese con rinforzi in tessuto Kevlar® e CORDURA®.</li>
<li>Tasche appese rimovibili.</li>
<li>Passanti per utensili su entrambi i lati.</li>
<li>Ventilazione sul retro.</li>
</ul>
