{"id":483752,"date":"2025-01-24T00:09:51","date_gmt":"2025-01-23T23:09:51","guid":{"rendered":"https:\/\/shop.kustom.ch\/?post_type=product&#038;p=483752"},"modified":"2026-03-31T13:21:49","modified_gmt":"2026-03-31T12:21:49","slug":"arock","status":"publish","type":"product","link":"https:\/\/shop.kustom.ch\/it\/prodotto\/arock\/","title":{"rendered":"Arock"},"content":{"rendered":"<p>Giacca autunno\/primavera con fodera sottile, robuste cerniere in metallo e bottoni a pressione per un look moderno. Cappuccio arrotolabile, 2 tasche anteriori nascoste con patta e 2 tasche sul petto con zip. Tasca con zip sulla manica. Tasca interna con chiusura a velcro. Coulisse con dettaglio di taglio sull'orlo. Polsini regolabili. Adatto per cuffie \/ smartphone. La zip nella fodera facilita la stampa o il ricamo.<\/p>\n<p>Materiale: 65% poliestere, 35% cotone T\/C twill<\/p>","protected":false},"excerpt":{"rendered":"<p>Eine Herbst- \/ Fr\u00fchlingsjacke mit d\u00fcnnem Futter, robusten Metallreissverschl\u00fcssen und Druckkn\u00f6pfe f\u00fcr einen modernen Look. Aufrollbare Kapuze, 2 versteckt Fronttaschen mit Patte und 2 Brusttaschen mit Reissverschluss. Reissverschlusstasche am \u00c4rmel. Innentasche mit Klettverschluss. Kordelzug mit Cut-Detail am Saum. Einstellbare Manschetten. Kopfh\u00f6rer \/ Smartphone geeignet. Reissverschluss im Futter erleichtert das Bedrucken oder Besticken. Material: 65% Polyester, [&hellip;]<\/p>\n","protected":false},"featured_media":483790,"template":"","meta":[],"product_brand":[],"product_cat":[4186],"product_tag":[],"class_list":{"0":"post-483752","1":"product","2":"type-product","3":"status-publish","4":"has-post-thumbnail","6":"product_cat-jacken","7":"pa_brand-clique","8":"pa_brand-type-sportswear","9":"pa_filter-color-schwarz","11":"first","12":"instock","13":"sale","14":"taxable","15":"shipping-taxable","16":"purchasable","17":"product-type-variable","18":"add-to-wishlist-before_image"},"exclude_global_add_ons":[],"addons":[],"acf":[],"_links":{"self":[{"href":"https:\/\/shop.kustom.ch\/it\/wp-json\/wp\/v2\/product\/483752"}],"collection":[{"href":"https:\/\/shop.kustom.ch\/it\/wp-json\/wp\/v2\/product"}],"about":[{"href":"https:\/\/shop.kustom.ch\/it\/wp-json\/wp\/v2\/types\/product"}],"wp:featuredmedia":[{"embeddable":true,"href":"https:\/\/shop.kustom.ch\/it\/wp-json\/wp\/v2\/media\/483790"}],"wp:attachment":[{"href":"https:\/\/shop.kustom.ch\/it\/wp-json\/wp\/v2\/media?parent=483752"}],"wp:term":[{"taxonomy":"product_brand","embeddable":true,"href":"https:\/\/shop.kustom.ch\/it\/wp-json\/wp\/v2\/product_brand?post=483752"},{"taxonomy":"product_cat","embeddable":true,"href":"https:\/\/shop.kustom.ch\/it\/wp-json\/wp\/v2\/product_cat?post=483752"},{"taxonomy":"product_tag","embeddable":true,"href":"https:\/\/shop.kustom.ch\/it\/wp-json\/wp\/v2\/product_tag?post=483752"}],"curies":[{"name":"wp","href":"https:\/\/api.w.org\/{rel}","templated":true}]}}

<p>Eine Herbst- / Frühlingsjacke mit dünnem Futter, robusten Metallreissverschlüssen und Druckknöpfe für einen modernen Look. Aufrollbare Kapuze, 2 versteckt Fronttaschen mit Patte und 2 Brusttaschen mit Reissverschluss. Reissverschlusstasche am Ärmel. Innentasche mit Klettverschluss. Kordelzug mit Cut-Detail am Saum. Einstellbare Manschetten. Kopfhörer / Smartphone geeignet. Reissverschluss im Futter erleichtert das Bedrucken oder Besticken. Material: 65% Polyester, [&hellip;]</p>
