{"id":483477,"date":"2025-01-24T00:08:09","date_gmt":"2025-01-23T23:08:09","guid":{"rendered":"https:\/\/shop.kustom.ch\/?post_type=product&#038;p=483477"},"modified":"2026-03-31T13:14:36","modified_gmt":"2026-03-31T12:14:36","slug":"2-0-daypack","status":"publish","type":"product","link":"https:\/\/shop.kustom.ch\/it\/prodotto\/2-0-daypack\/","title":{"rendered":"Zaino 2.0"},"content":{"rendered":"<p>Zaino leggero e flessibile per un uso attivo quotidiano. Tre ampi scomparti con tasca aggiuntiva in rete con cerniera. Il terzo scomparto \u00e8 accessibile tramite una zip nascosta sotto le cinghie. Due tasche funzionali facilmente accessibili nella parte superiore e nell'area laterale inferiore. Due grandi tasche in rete sui lati con cinghie elastiche e due tasche pi\u00f9 piccole sulle cinghie. Il sistema di imbracatura \u00e8 ben congegnato: una fascia toracica e una cintura sul fianco assicurano una tenuta antiscivolo anche quando ci si muove molto. Elementi riflettenti per una buona visibilit\u00e0 notturna. Dimensioni e volume: 41 x 23 x 13 cm - 12 litri<\/p>\n<p>Materiale: poliestere 100% 150D con rivestimento in PU<\/p>","protected":false},"excerpt":{"rendered":"<p>Leichter, flexibler Tagesrucksack f\u00fcr den aktiven Alltag. Drei grosse F\u00e4cher mit zus\u00e4tzlicher Meshtasche mit Reissverschluss. Das dritte Fach ist durch einen unter den Tr\u00e4gern verborgenen Reissverschluss zug\u00e4nglich. Zwei einfach zug\u00e4ngliche Funktionstaschen oben und im unteren Seitenbereich. Zwei grosse Meshtaschen an den Seiten mit elastischem Band und zwei kleinere Taschen an den Tr\u00e4gern. Das Gurtsystem ist [&hellip;]<\/p>\n","protected":false},"featured_media":483505,"template":"","meta":[],"product_brand":[],"product_cat":[4195,4209],"product_tag":[],"class_list":{"0":"post-483477","1":"product","2":"type-product","3":"status-publish","4":"has-post-thumbnail","6":"product_cat-rucksaecke-taschen","7":"product_cat-zubehoer","8":"pa_brand-clique","9":"pa_brand-type-sportswear","10":"pa_filter-color-schwarz","12":"first","13":"instock","14":"sale","15":"taxable","16":"shipping-taxable","17":"purchasable","18":"product-type-variable","19":"add-to-wishlist-before_image"},"exclude_global_add_ons":[],"addons":[],"acf":[],"_links":{"self":[{"href":"https:\/\/shop.kustom.ch\/it\/wp-json\/wp\/v2\/product\/483477"}],"collection":[{"href":"https:\/\/shop.kustom.ch\/it\/wp-json\/wp\/v2\/product"}],"about":[{"href":"https:\/\/shop.kustom.ch\/it\/wp-json\/wp\/v2\/types\/product"}],"wp:featuredmedia":[{"embeddable":true,"href":"https:\/\/shop.kustom.ch\/it\/wp-json\/wp\/v2\/media\/483505"}],"wp:attachment":[{"href":"https:\/\/shop.kustom.ch\/it\/wp-json\/wp\/v2\/media?parent=483477"}],"wp:term":[{"taxonomy":"product_brand","embeddable":true,"href":"https:\/\/shop.kustom.ch\/it\/wp-json\/wp\/v2\/product_brand?post=483477"},{"taxonomy":"product_cat","embeddable":true,"href":"https:\/\/shop.kustom.ch\/it\/wp-json\/wp\/v2\/product_cat?post=483477"},{"taxonomy":"product_tag","embeddable":true,"href":"https:\/\/shop.kustom.ch\/it\/wp-json\/wp\/v2\/product_tag?post=483477"}],"curies":[{"name":"wp","href":"https:\/\/api.w.org\/{rel}","templated":true}]}}

<p>Zaino leggero e flessibile per un uso attivo quotidiano. Tre ampi scomparti con tasca aggiuntiva in rete con cerniera. Il terzo scomparto è accessibile tramite una zip nascosta sotto le cinghie. Due tasche funzionali facilmente accessibili nella parte superiore e nell'area laterale inferiore. Due grandi tasche in rete sui lati con cinghie elastiche e due tasche più piccole sulle cinghie. Il sistema di imbracatura è ben congegnato: una fascia toracica e una cintura sul fianco assicurano una tenuta antiscivolo anche quando ci si muove molto. Elementi riflettenti per una buona visibilità notturna. Dimensioni e volume: 41 x 23 x 13 cm - 12 litri</p>
<p>Materiale: poliestere 100% 150D con rivestimento in PU</p>

<p>Leichter, flexibler Tagesrucksack für den aktiven Alltag. Drei grosse Fächer mit zusätzlicher Meshtasche mit Reissverschluss. Das dritte Fach ist durch einen unter den Trägern verborgenen Reissverschluss zugänglich. Zwei einfach zugängliche Funktionstaschen oben und im unteren Seitenbereich. Zwei grosse Meshtaschen an den Seiten mit elastischem Band und zwei kleinere Taschen an den Trägern. Das Gurtsystem ist [&hellip;]</p>
