{"id":246014,"date":"2024-04-06T07:17:48","date_gmt":"2024-04-06T06:17:48","guid":{"rendered":"https:\/\/kustomshop.kinsta.cloud\/?post_type=product&#038;p=246014"},"modified":"2026-03-27T13:15:09","modified_gmt":"2026-03-27T12:15:09","slug":"core-explore-isolate-jacket-m","status":"publish","type":"product","link":"https:\/\/shop.kustom.ch\/it\/prodotto\/core-explore-isolate-jacket-m\/","title":{"rendered":"CORE Explore Isolate Jacket M"},"content":{"rendered":"<p>Fate risplendere il vostro logo nelle giornate fredde con la giacca Core Explore Isolate. Questa calda giacca con imbottitura termica in poliestere riciclato presenta un inserto non trapuntato perfetto per il branding. Una scelta eccellente per la maggior parte delle attivit\u00e0 quotidiane all'aperto con tempo freddo. Due tasche laterali con zip. Vestibilit\u00e0 regolare.<\/p>\n<p>- Ampia imbottitura termica trapuntata<br \/>\n- Imbottitura in poliestere riciclato<br \/>\n- Inserto non trapuntato, perfetto per l'applicazione di un logo.<br \/>\n- Due tasche laterali con zip<br \/>\n- Logo Craft sul petto e logo a sei punte sulla schiena<br \/>\n- Vestibilit\u00e0 normale<\/p>\n<p>Materiale: Materiale: poliammide 100% Imbottitura: poliestere riciclato 100%<\/p>","protected":false},"excerpt":{"rendered":"<p>Lassen Sie Ihr Logo an kalten Tagen mit dem Core Explore Isolate Jacket aufleuchten. Diese warme Jacke mit W\u00e4rmepolsterung aus Recyclingpolyester verf\u00fcgt \u00fcber einen ungesteppten Einsatz, der sich perfekt zum Anbringen eines Logos eignet. Eine hervorragende Wahl f\u00fcr die meisten Outdoor-Alltagsaktivit\u00e4ten bei kaltem Wetter. Zwei Seitentaschen mit Reissverschluss. Normale Passform. \u2022 Breit abgesteppte W\u00e4rmepolsterung \u2022 [&hellip;]<\/p>\n","protected":false},"featured_media":246070,"template":"","meta":[],"product_brand":[],"product_cat":[4186],"product_tag":[],"class_list":{"0":"post-246014","1":"product","2":"type-product","3":"status-publish","4":"has-post-thumbnail","6":"product_cat-jacken","7":"pa_brand-craft-retail-sportswear","8":"pa_brand-type-sportswear","9":"pa_filter-color-blau","10":"pa_filter-color-grau","11":"pa_filter-color-gruen","12":"pa_filter-color-rot","13":"pa_filter-color-schwarz","15":"first","16":"instock","17":"sale","18":"taxable","19":"shipping-taxable","20":"purchasable","21":"product-type-variable","22":"add-to-wishlist-before_image"},"exclude_global_add_ons":[],"addons":[],"acf":[],"_links":{"self":[{"href":"https:\/\/shop.kustom.ch\/it\/wp-json\/wp\/v2\/product\/246014"}],"collection":[{"href":"https:\/\/shop.kustom.ch\/it\/wp-json\/wp\/v2\/product"}],"about":[{"href":"https:\/\/shop.kustom.ch\/it\/wp-json\/wp\/v2\/types\/product"}],"wp:featuredmedia":[{"embeddable":true,"href":"https:\/\/shop.kustom.ch\/it\/wp-json\/wp\/v2\/media\/246070"}],"wp:attachment":[{"href":"https:\/\/shop.kustom.ch\/it\/wp-json\/wp\/v2\/media?parent=246014"}],"wp:term":[{"taxonomy":"product_brand","embeddable":true,"href":"https:\/\/shop.kustom.ch\/it\/wp-json\/wp\/v2\/product_brand?post=246014"},{"taxonomy":"product_cat","embeddable":true,"href":"https:\/\/shop.kustom.ch\/it\/wp-json\/wp\/v2\/product_cat?post=246014"},{"taxonomy":"product_tag","embeddable":true,"href":"https:\/\/shop.kustom.ch\/it\/wp-json\/wp\/v2\/product_tag?post=246014"}],"curies":[{"name":"wp","href":"https:\/\/api.w.org\/{rel}","templated":true}]}}

<p>Fate risplendere il vostro logo nelle giornate fredde con la giacca Core Explore Isolate. Questa calda giacca con imbottitura termica in poliestere riciclato presenta un inserto non trapuntato perfetto per il branding. Una scelta eccellente per la maggior parte delle attività quotidiane all'aperto con tempo freddo. Due tasche laterali con zip. Vestibilità regolare.</p>
<p>- Ampia imbottitura termica trapuntata<br />
- Imbottitura in poliestere riciclato<br />
- Inserto non trapuntato, perfetto per l'applicazione di un logo.<br />
- Due tasche laterali con zip<br />
- Logo Craft sul petto e logo a sei punte sulla schiena<br />
- Vestibilità normale</p>
<p>Materiale: Materiale: poliammide 100% Imbottitura: poliestere riciclato 100%</p>

<p>Lassen Sie Ihr Logo an kalten Tagen mit dem Core Explore Isolate Jacket aufleuchten. Diese warme Jacke mit Wärmepolsterung aus Recyclingpolyester verfügt über einen ungesteppten Einsatz, der sich perfekt zum Anbringen eines Logos eignet. Eine hervorragende Wahl für die meisten Outdoor-Alltagsaktivitäten bei kaltem Wetter. Zwei Seitentaschen mit Reissverschluss. Normale Passform. • Breit abgesteppte Wärmepolsterung • [&hellip;]</p>
