{"id":106213,"date":"2024-03-20T18:13:53","date_gmt":"2024-03-20T17:13:53","guid":{"rendered":"https:\/\/kustomshop.kinsta.cloud\/produkt\/pro-nordic-race-jacket-m\/"},"modified":"2026-03-27T14:18:52","modified_gmt":"2026-03-27T13:18:52","slug":"pro-nordic-race-jacket-m","status":"publish","type":"product","link":"https:\/\/shop.kustom.ch\/it\/prodotto\/pro-nordic-race-jacket-m\/","title":{"rendered":"Giacca PRO Nordic Race M"},"content":{"rendered":"<p>Giacca da cross-country ad alte prestazioni di livello professionale, realizzata in materiale Ventair\u00ae a 3 strati elasticizzato, aderente al corpo e altamente funzionale. Maglia spazzolata sul retro e ventilazione tagliata al laser sul davanti, cuciture tagliate al laser e nastrate, elastico in vita sul retro e vestibilit\u00e0 aerodinamica per la massima velocit\u00e0.<\/p>\n<ul>\n<li>15 000\/10 000<\/li>\n<li><span style=\"background-color: var(--body-bg-color); color: var(--body-color); font-family: var(--body-font-family),sans-serif; font-size: 1.125rem; font-weight: var(--body-font-weight,400);\">Logo a sei punte sulla coscia<\/span><\/li>\n<li>Cintura in vita con coulisse<\/li>\n<li><span style=\"background-color: var(--body-bg-color); color: var(--body-color); font-family: var(--body-font-family),sans-serif; font-size: 1.125rem; font-weight: var(--body-font-weight,400);\">Due tasche laterali<\/span><\/li>\n<\/ul>","protected":false},"excerpt":{"rendered":"<p>Pro-grade Hochleistungs-Langlaufjacke aus elastischem, k\u00f6rperbetontem und hochfunktionellem 3-Lagen-Material Ventair\u00ae. Angerautes Jersey am R\u00fccken und vorne lasergeschnittene L\u00fcftung, lasergeschnittene und getapte N\u00e4hte, hinten elastischer Bund sowie aerodynamischer Sitz f\u00fcr h\u00f6chste Geschwindigkeit. 15 000\/10 000 Sechs-Punkte-Logo am Oberschenkel Bund mit Kordelzug Zwei Seitentaschen<\/p>","protected":false},"featured_media":106212,"template":"","meta":[],"product_brand":[],"product_cat":[4186],"product_tag":[],"class_list":{"0":"post-106213","1":"product","2":"type-product","3":"status-publish","4":"has-post-thumbnail","6":"product_cat-jacken","7":"pa_brand-craft-retail-sportswear","8":"pa_brand-type-sportswear","9":"pa_filter-color-blau","10":"pa_filter-color-grau","12":"first","13":"outofstock","14":"sale","15":"taxable","16":"shipping-taxable","17":"purchasable","18":"product-type-variable","19":"add-to-wishlist-before_image"},"exclude_global_add_ons":[],"addons":[],"acf":[],"_links":{"self":[{"href":"https:\/\/shop.kustom.ch\/it\/wp-json\/wp\/v2\/product\/106213"}],"collection":[{"href":"https:\/\/shop.kustom.ch\/it\/wp-json\/wp\/v2\/product"}],"about":[{"href":"https:\/\/shop.kustom.ch\/it\/wp-json\/wp\/v2\/types\/product"}],"wp:featuredmedia":[{"embeddable":true,"href":"https:\/\/shop.kustom.ch\/it\/wp-json\/wp\/v2\/media\/106212"}],"wp:attachment":[{"href":"https:\/\/shop.kustom.ch\/it\/wp-json\/wp\/v2\/media?parent=106213"}],"wp:term":[{"taxonomy":"product_brand","embeddable":true,"href":"https:\/\/shop.kustom.ch\/it\/wp-json\/wp\/v2\/product_brand?post=106213"},{"taxonomy":"product_cat","embeddable":true,"href":"https:\/\/shop.kustom.ch\/it\/wp-json\/wp\/v2\/product_cat?post=106213"},{"taxonomy":"product_tag","embeddable":true,"href":"https:\/\/shop.kustom.ch\/it\/wp-json\/wp\/v2\/product_tag?post=106213"}],"curies":[{"name":"wp","href":"https:\/\/api.w.org\/{rel}","templated":true}]}}

<p>Giacca da cross-country ad alte prestazioni di livello professionale, realizzata in materiale Ventair® a 3 strati elasticizzato, aderente al corpo e altamente funzionale. Maglia spazzolata sul retro e ventilazione tagliata al laser sul davanti, cuciture tagliate al laser e nastrate, elastico in vita sul retro e vestibilità aerodinamica per la massima velocità.</p>
<ul>
<li>15 000/10 000</li>
<li><span style="background-color: var(--body-bg-color); color: var(--body-color); font-family: var(--body-font-family),sans-serif; font-size: 1.125rem; font-weight: var(--body-font-weight,400);">Logo a sei punte sulla coscia</span></li>
<li>Cintura in vita con coulisse</li>
<li><span style="background-color: var(--body-bg-color); color: var(--body-color); font-family: var(--body-font-family),sans-serif; font-size: 1.125rem; font-weight: var(--body-font-weight,400);">Due tasche laterali</span></li>
</ul>

<p>Pro-grade Hochleistungs-Langlaufjacke aus elastischem, körperbetontem und hochfunktionellem 3-Lagen-Material Ventair®. Angerautes Jersey am Rücken und vorne lasergeschnittene Lüftung, lasergeschnittene und getapte Nähte, hinten elastischer Bund sowie aerodynamischer Sitz für höchste Geschwindigkeit. 15 000/10 000 Sechs-Punkte-Logo am Oberschenkel Bund mit Kordelzug Zwei Seitentaschen</p>
