{"id":105041,"date":"2024-03-20T18:07:00","date_gmt":"2024-03-20T17:07:00","guid":{"rendered":"https:\/\/kustomshop.kinsta.cloud\/produkt\/adv-essence-wind-jacket-m\/"},"modified":"2026-04-20T12:23:45","modified_gmt":"2026-04-20T11:23:45","slug":"adv-essence-wind-jacket-m","status":"publish","type":"product","link":"https:\/\/shop.kustom.ch\/it\/prodotto\/adv-essence-wind-jacket-m\/","title":{"rendered":"Giacca a vento ADV Essence M"},"content":{"rendered":"<p>Giacca a vento impermeabile per allenamenti intensivi, corsa e attivit\u00e0 sportive simili. Realizzata in morbido e leggero tessuto di poliestere riciclato, con aree traforate sulla parte superiore del corpo e sotto le maniche per una maggiore ventilazione. Polsini elasticizzati.<br \/>\n- Tessuto leggero in poliestere riciclato, idrorepellente e antivento<br \/>\n- Aree traforate sulla parte superiore del corpo e sotto le maniche per una maggiore ventilazione<br \/>\n- Polsini elasticizzati<br \/>\n- Due tasche laterali con zip<br \/>\n- Cintura in vita con coulisse<\/p>\n<p>Materiale: poliestere riciclato 60% poliestere 40%<\/p>","protected":false},"excerpt":{"rendered":"<p>Wasserfeste Windjacke f\u00fcr intensives Training, Laufen und \u00e4hnliche sportliche Aktivit\u00e4ten. Aus weichem, leichtem Recycling-Polyestergewebe, mit perforierten Bereichen am Oberk\u00f6rper und unter den \u00c4rmeln f\u00fcr erh\u00f6hte Ventilation. Elastische \u00c4rmelabschl\u00fcsse. \u2022 Wind- und wasserabweisendes, leichtes Recycling-Polyestergewebe \u2022 Perforierte Bereiche am Oberk\u00f6rper und unter den \u00c4rmeln f\u00fcr erh\u00f6hte Ventilation \u2022 Elastische \u00c4rmelabschl\u00fcsse \u2022 Zwei Seitentaschen mit Reissverschluss \u2022 [&hellip;]<\/p>\n","protected":false},"featured_media":105040,"template":"","meta":[],"product_brand":[],"product_cat":[4186],"product_tag":[],"class_list":{"0":"post-105041","1":"product","2":"type-product","3":"status-publish","4":"has-post-thumbnail","6":"product_cat-jacken","7":"pa_brand-craft-retail-sportswear","8":"pa_brand-type-sportswear","9":"pa_filter-color-gelb","10":"pa_filter-color-gruen","11":"pa_filter-color-schwarz","13":"first","14":"instock","15":"sale","16":"taxable","17":"shipping-taxable","18":"purchasable","19":"product-type-variable","20":"add-to-wishlist-before_image"},"exclude_global_add_ons":[],"addons":[],"acf":[],"_links":{"self":[{"href":"https:\/\/shop.kustom.ch\/it\/wp-json\/wp\/v2\/product\/105041"}],"collection":[{"href":"https:\/\/shop.kustom.ch\/it\/wp-json\/wp\/v2\/product"}],"about":[{"href":"https:\/\/shop.kustom.ch\/it\/wp-json\/wp\/v2\/types\/product"}],"wp:featuredmedia":[{"embeddable":true,"href":"https:\/\/shop.kustom.ch\/it\/wp-json\/wp\/v2\/media\/105040"}],"wp:attachment":[{"href":"https:\/\/shop.kustom.ch\/it\/wp-json\/wp\/v2\/media?parent=105041"}],"wp:term":[{"taxonomy":"product_brand","embeddable":true,"href":"https:\/\/shop.kustom.ch\/it\/wp-json\/wp\/v2\/product_brand?post=105041"},{"taxonomy":"product_cat","embeddable":true,"href":"https:\/\/shop.kustom.ch\/it\/wp-json\/wp\/v2\/product_cat?post=105041"},{"taxonomy":"product_tag","embeddable":true,"href":"https:\/\/shop.kustom.ch\/it\/wp-json\/wp\/v2\/product_tag?post=105041"}],"curies":[{"name":"wp","href":"https:\/\/api.w.org\/{rel}","templated":true}]}}

<p>Giacca a vento impermeabile per allenamenti intensivi, corsa e attività sportive simili. Realizzata in morbido e leggero tessuto di poliestere riciclato, con aree traforate sulla parte superiore del corpo e sotto le maniche per una maggiore ventilazione. Polsini elasticizzati.<br />
- Tessuto leggero in poliestere riciclato, idrorepellente e antivento<br />
- Aree traforate sulla parte superiore del corpo e sotto le maniche per una maggiore ventilazione<br />
- Polsini elasticizzati<br />
- Due tasche laterali con zip<br />
- Cintura in vita con coulisse</p>
<p>Materiale: poliestere riciclato 60% poliestere 40%</p>

<p>Wasserfeste Windjacke für intensives Training, Laufen und ähnliche sportliche Aktivitäten. Aus weichem, leichtem Recycling-Polyestergewebe, mit perforierten Bereichen am Oberkörper und unter den Ärmeln für erhöhte Ventilation. Elastische Ärmelabschlüsse. • Wind- und wasserabweisendes, leichtes Recycling-Polyestergewebe • Perforierte Bereiche am Oberkörper und unter den Ärmeln für erhöhte Ventilation • Elastische Ärmelabschlüsse • Zwei Seitentaschen mit Reissverschluss • [&hellip;]</p>
