{"id":92344,"date":"2024-03-20T16:39:30","date_gmt":"2024-03-20T15:39:30","guid":{"rendered":"https:\/\/kustomshop.kinsta.cloud\/produkt\/glide-pants-m\/"},"modified":"2026-03-27T14:04:56","modified_gmt":"2026-03-27T13:04:56","slug":"glide-pants-m","status":"publish","type":"product","link":"https:\/\/shop.kustom.ch\/fr\/produit\/glide-pants-m\/","title":{"rendered":"Glide Pants M"},"content":{"rendered":"<p>Pantalon softshell avec fermeture \u00e9clair au bas des jambes pour tous les entra\u00eenements en plein air.<br \/>\n- Mat\u00e9riau lamin\u00e9 3L, 8k\/8k<br \/>\n- poche avec fermeture \u00e9clair pour ranger des objets en toute s\u00e9curit\u00e9<br \/>\n- Genoux pr\u00e9form\u00e9s<br \/>\n- fermeture \u00e9clair au bout des jambes pour faciliter l'habillage et le d\u00e9shabillage<br \/>\n- Bas de jambes \u00e9lastiques pour un ajustement optimal<br \/>\n- Genoux en jersey pour une libert\u00e9 de mouvement illimit\u00e9e<\/p>\n<p>Mat\u00e9riau : Corps : Face : 100% Polyester Mid : 100% PU Back : 100% Polyester Upper Back Body : 92% Polyester 8% Elasthanne Lower Back Body : 92% Polyester 8% Elasthanne<\/p>","protected":false},"excerpt":{"rendered":"<p>Softshell-Pants mit Reissverschluss an den Beinenden f\u00fcr alle Outdoor-Trainings. \u2022 Laminiertes 3L-Material, 8k\/8k \u2022 Tasche mit Reissverschluss zur sicheren Aufbewahrung von Gegenst\u00e4nden \u2022 Vorgeformte Knie \u2022 Reissverschluss an den Beinenden f\u00fcr einfaches An- und Ausziehen \u2022 Elastische Beinenden f\u00fcr einen optimalen Sitz \u2022 Jersey-Kniekehle f\u00fcr uneingeschr\u00e4nkte Bewegungsfreiheit Material: Body: Face : 100% Polyester Mid: 100% [&hellip;]<\/p>\n","protected":false},"featured_media":248138,"template":"","meta":[],"product_brand":[],"product_cat":[4185],"product_tag":[],"class_list":{"0":"post-92344","1":"product","2":"type-product","3":"status-publish","4":"has-post-thumbnail","6":"product_cat-hosen","7":"pa_brand-craft-retail-sportswear","8":"pa_brand-type-sportswear","9":"pa_filter-color-blau","10":"pa_filter-color-schwarz","12":"first","13":"instock","14":"sale","15":"taxable","16":"shipping-taxable","17":"purchasable","18":"product-type-variable","19":"add-to-wishlist-before_image"},"exclude_global_add_ons":[],"addons":[],"acf":[],"_links":{"self":[{"href":"https:\/\/shop.kustom.ch\/fr\/wp-json\/wp\/v2\/product\/92344"}],"collection":[{"href":"https:\/\/shop.kustom.ch\/fr\/wp-json\/wp\/v2\/product"}],"about":[{"href":"https:\/\/shop.kustom.ch\/fr\/wp-json\/wp\/v2\/types\/product"}],"wp:featuredmedia":[{"embeddable":true,"href":"https:\/\/shop.kustom.ch\/fr\/wp-json\/wp\/v2\/media\/248138"}],"wp:attachment":[{"href":"https:\/\/shop.kustom.ch\/fr\/wp-json\/wp\/v2\/media?parent=92344"}],"wp:term":[{"taxonomy":"product_brand","embeddable":true,"href":"https:\/\/shop.kustom.ch\/fr\/wp-json\/wp\/v2\/product_brand?post=92344"},{"taxonomy":"product_cat","embeddable":true,"href":"https:\/\/shop.kustom.ch\/fr\/wp-json\/wp\/v2\/product_cat?post=92344"},{"taxonomy":"product_tag","embeddable":true,"href":"https:\/\/shop.kustom.ch\/fr\/wp-json\/wp\/v2\/product_tag?post=92344"}],"curies":[{"name":"wp","href":"https:\/\/api.w.org\/{rel}","templated":true}]}}

<p>Pantalon softshell avec fermeture éclair au bas des jambes pour tous les entraînements en plein air.<br />
- Matériau laminé 3L, 8k/8k<br />
- poche avec fermeture éclair pour ranger des objets en toute sécurité<br />
- Genoux préformés<br />
- fermeture éclair au bout des jambes pour faciliter l'habillage et le déshabillage<br />
- Bas de jambes élastiques pour un ajustement optimal<br />
- Genoux en jersey pour une liberté de mouvement illimitée</p>
<p>Matériau : Corps : Face : 100% Polyester Mid : 100% PU Back : 100% Polyester Upper Back Body : 92% Polyester 8% Elasthanne Lower Back Body : 92% Polyester 8% Elasthanne</p>

<p>Softshell-Pants mit Reissverschluss an den Beinenden für alle Outdoor-Trainings. • Laminiertes 3L-Material, 8k/8k • Tasche mit Reissverschluss zur sicheren Aufbewahrung von Gegenständen • Vorgeformte Knie • Reissverschluss an den Beinenden für einfaches An- und Ausziehen • Elastische Beinenden für einen optimalen Sitz • Jersey-Kniekehle für uneingeschränkte Bewegungsfreiheit Material: Body: Face : 100% Polyester Mid: 100% [&hellip;]</p>
