{"id":696709,"date":"2026-03-16T16:27:58","date_gmt":"2026-03-16T15:27:58","guid":{"rendered":"https:\/\/shop.kustom.ch\/?post_type=product&#038;p=696709"},"modified":"2026-03-31T09:04:44","modified_gmt":"2026-03-31T08:04:44","slug":"regenjacke-2","status":"publish","type":"product","link":"https:\/\/shop.kustom.ch\/fr\/produit\/regenjacke-2\/","title":{"rendered":"Veste de pluie"},"content":{"rendered":"<p>Cette veste de pluie extr\u00eamement l\u00e9g\u00e8re est imperm\u00e9able au vent et \u00e0 l'eau, ses coutures sont soud\u00e9es et elle vous garde au sec, m\u00eame par mauvais temps. La veste poss\u00e8de une capuche amovible et une doublure en mesh pour une bonne ventilation et une respirabilit\u00e9 optimale. La colonne d'eau est de 5.000 mm. Le pantalon 1866 est disponible pour aller avec.<\/p>\n<p>100% Polyester, enduit simple, imperm\u00e9able au vent et \u00e0 l'eau, respirant, 120 g\/m<\/p>","protected":false},"excerpt":{"rendered":"<p>Diese extrem leichte Regenjacke ist wind- und wasserdicht, hat verschweisste N\u00e4hte und h\u00e4lt Sie auch bei noch so schlechtem Wetter trocken. Die Jacke hat eine abnehmbare Kapuze und Mesh-Futter f\u00fcr gute Bel\u00fcftung und optimale Atmungsaktivit\u00e4t. Die Wassers\u00e4ule betr\u00e4gt 5.000 mm. Passend dazu ist die Hose 1866 erh\u00e4ltlich. 100% Polyester, einfach beschichtet, wind- und wasserdicht, atmungsaktiv, [&hellip;]<\/p>\n","protected":false},"featured_media":696710,"template":"","meta":[],"product_brand":[],"product_cat":[4186],"product_tag":[],"class_list":{"0":"post-696709","1":"product","2":"type-product","3":"status-publish","4":"has-post-thumbnail","6":"product_cat-jacken","7":"pa_brand-blaklaeder","8":"pa_brand-type-workwear","9":"pa_filter-color-schwarz","11":"first","12":"instock","13":"sale","14":"taxable","15":"shipping-taxable","16":"purchasable","17":"product-type-variable","18":"add-to-wishlist-before_image"},"exclude_global_add_ons":[],"addons":[],"acf":[],"_links":{"self":[{"href":"https:\/\/shop.kustom.ch\/fr\/wp-json\/wp\/v2\/product\/696709"}],"collection":[{"href":"https:\/\/shop.kustom.ch\/fr\/wp-json\/wp\/v2\/product"}],"about":[{"href":"https:\/\/shop.kustom.ch\/fr\/wp-json\/wp\/v2\/types\/product"}],"wp:featuredmedia":[{"embeddable":true,"href":"https:\/\/shop.kustom.ch\/fr\/wp-json\/wp\/v2\/media\/696710"}],"wp:attachment":[{"href":"https:\/\/shop.kustom.ch\/fr\/wp-json\/wp\/v2\/media?parent=696709"}],"wp:term":[{"taxonomy":"product_brand","embeddable":true,"href":"https:\/\/shop.kustom.ch\/fr\/wp-json\/wp\/v2\/product_brand?post=696709"},{"taxonomy":"product_cat","embeddable":true,"href":"https:\/\/shop.kustom.ch\/fr\/wp-json\/wp\/v2\/product_cat?post=696709"},{"taxonomy":"product_tag","embeddable":true,"href":"https:\/\/shop.kustom.ch\/fr\/wp-json\/wp\/v2\/product_tag?post=696709"}],"curies":[{"name":"wp","href":"https:\/\/api.w.org\/{rel}","templated":true}]}}

<p>Cette veste de pluie extrêmement légère est imperméable au vent et à l'eau, ses coutures sont soudées et elle vous garde au sec, même par mauvais temps. La veste possède une capuche amovible et une doublure en mesh pour une bonne ventilation et une respirabilité optimale. La colonne d'eau est de 5.000 mm. Le pantalon 1866 est disponible pour aller avec.</p>
<p>100% Polyester, enduit simple, imperméable au vent et à l'eau, respirant, 120 g/m</p>

<p>Diese extrem leichte Regenjacke ist wind- und wasserdicht, hat verschweisste Nähte und hält Sie auch bei noch so schlechtem Wetter trocken. Die Jacke hat eine abnehmbare Kapuze und Mesh-Futter für gute Belüftung und optimale Atmungsaktivität. Die Wassersäule beträgt 5.000 mm. Passend dazu ist die Hose 1866 erhältlich. 100% Polyester, einfach beschichtet, wind- und wasserdicht, atmungsaktiv, [&hellip;]</p>
