{"id":696465,"date":"2026-03-16T16:24:07","date_gmt":"2026-03-16T15:24:07","guid":{"rendered":"https:\/\/shop.kustom.ch\/?post_type=product&#038;p=696465"},"modified":"2026-03-31T09:00:10","modified_gmt":"2026-03-31T08:00:10","slug":"hemdjacke-stretch","status":"publish","type":"product","link":"https:\/\/shop.kustom.ch\/fr\/produit\/hemdjacke-stretch\/","title":{"rendered":"Veste-chemise Stretch"},"content":{"rendered":"<p>Veste-chemise industrielle et de service en stretch l\u00e9ger \u00e0 deux sens, fabriqu\u00e9e dans un tissu m\u00e9lang\u00e9 frais, r\u00e9sistant et \u00e9lastique, compos\u00e9 de polyester, de coton et d'\u00e9lastomultiester - une fibre stretch qui r\u00e9siste \u00e0 des temp\u00e9ratures de lavage plus \u00e9lev\u00e9es et assure un meilleur confort tout au long de la journ\u00e9e de travail. La veste-chemise est exempte de rayures et de m\u00e9tal, ce qui la rend particuli\u00e8rement adapt\u00e9e aux environnements industriels o\u00f9 les exigences de s\u00e9curit\u00e9 sont strictes. Id\u00e9ale aussi bien comme sur-chemise que comme veste plus l\u00e9g\u00e8re.<\/p>\n<p>50% polyester, 25% \u00e9lastomultiester, 25% coton, tissage simple, stretch 2 directions, 170 g\/m<\/p>","protected":false},"excerpt":{"rendered":"<p>Industrie und Service Hemdjacke aus leichtem 2-Wege-Stretch, gefertigt aus einem k\u00fchlen, strapazierf\u00e4higen und elastischen Mischgewebe, bestehend aus Polyester, Baumwolle und Elastomultiester &#8211; einer Stretchfaser, die h\u00f6heren Waschtemperaturen standh\u00e4lt und den gesamten Arbeitstag f\u00fcr mehr Komfort sorgt. Die Hemdjacke ist kratz- und metallfrei, wodurch sie sich besonders gut f\u00fcr industrielle Umgebungen mit strengen Sicherheitsanforderungen eignet. Ideal [&hellip;]<\/p>\n","protected":false},"featured_media":696466,"template":"","meta":[],"product_brand":[],"product_cat":[4186],"product_tag":[],"class_list":{"0":"post-696465","1":"product","2":"type-product","3":"status-publish","4":"has-post-thumbnail","6":"product_cat-jacken","7":"pa_brand-blaklaeder","8":"pa_brand-type-workwear","9":"pa_filter-color-blau","10":"pa_filter-color-grau","11":"pa_filter-color-schwarz","13":"first","14":"instock","15":"sale","16":"taxable","17":"shipping-taxable","18":"purchasable","19":"product-type-variable","20":"add-to-wishlist-before_image"},"exclude_global_add_ons":[],"addons":[],"acf":[],"_links":{"self":[{"href":"https:\/\/shop.kustom.ch\/fr\/wp-json\/wp\/v2\/product\/696465"}],"collection":[{"href":"https:\/\/shop.kustom.ch\/fr\/wp-json\/wp\/v2\/product"}],"about":[{"href":"https:\/\/shop.kustom.ch\/fr\/wp-json\/wp\/v2\/types\/product"}],"wp:featuredmedia":[{"embeddable":true,"href":"https:\/\/shop.kustom.ch\/fr\/wp-json\/wp\/v2\/media\/696466"}],"wp:attachment":[{"href":"https:\/\/shop.kustom.ch\/fr\/wp-json\/wp\/v2\/media?parent=696465"}],"wp:term":[{"taxonomy":"product_brand","embeddable":true,"href":"https:\/\/shop.kustom.ch\/fr\/wp-json\/wp\/v2\/product_brand?post=696465"},{"taxonomy":"product_cat","embeddable":true,"href":"https:\/\/shop.kustom.ch\/fr\/wp-json\/wp\/v2\/product_cat?post=696465"},{"taxonomy":"product_tag","embeddable":true,"href":"https:\/\/shop.kustom.ch\/fr\/wp-json\/wp\/v2\/product_tag?post=696465"}],"curies":[{"name":"wp","href":"https:\/\/api.w.org\/{rel}","templated":true}]}}

<p>Veste-chemise industrielle et de service en stretch léger à deux sens, fabriquée dans un tissu mélangé frais, résistant et élastique, composé de polyester, de coton et d'élastomultiester - une fibre stretch qui résiste à des températures de lavage plus élevées et assure un meilleur confort tout au long de la journée de travail. La veste-chemise est exempte de rayures et de métal, ce qui la rend particulièrement adaptée aux environnements industriels où les exigences de sécurité sont strictes. Idéale aussi bien comme sur-chemise que comme veste plus légère.</p>
<p>50% polyester, 25% élastomultiester, 25% coton, tissage simple, stretch 2 directions, 170 g/m</p>

<p>Industrie und Service Hemdjacke aus leichtem 2-Wege-Stretch, gefertigt aus einem kühlen, strapazierfähigen und elastischen Mischgewebe, bestehend aus Polyester, Baumwolle und Elastomultiester &#8211; einer Stretchfaser, die höheren Waschtemperaturen standhält und den gesamten Arbeitstag für mehr Komfort sorgt. Die Hemdjacke ist kratz- und metallfrei, wodurch sie sich besonders gut für industrielle Umgebungen mit strengen Sicherheitsanforderungen eignet. Ideal [&hellip;]</p>
