{"id":696329,"date":"2026-03-16T16:22:16","date_gmt":"2026-03-16T15:22:16","guid":{"rendered":"https:\/\/shop.kustom.ch\/?post_type=product&#038;p=696329"},"modified":"2026-03-31T08:59:44","modified_gmt":"2026-03-31T07:59:44","slug":"high-vis-regenmantel-level-1","status":"publish","type":"product","link":"https:\/\/shop.kustom.ch\/fr\/produit\/high-vis-regenmantel-level-1\/","title":{"rendered":"Manteau de pluie haute visibilit\u00e9 niveau 1"},"content":{"rendered":"<p>Un imperm\u00e9able haute visibilit\u00e9 pour tous ceux qui ont des t\u00e2ches professionnelles n\u00e9cessitant des v\u00eatements de pluie l\u00e9gers et doux. Il est imperm\u00e9able au vent et \u00e0 l'eau et poss\u00e8de des coutures soud\u00e9es ainsi qu'une capuche amovible et r\u00e9glable. Le manteau poss\u00e8de des poches avant \u00e0 rabat facilement accessibles et une fermeture \u00e0 glissi\u00e8re \u00e0 double sens dissimul\u00e9e qui s'\u00e9tend jusqu'au bouton temp\u00eate sur le col. Une bonne coupe avec des manches r\u00e9glables par velcro. Certifi\u00e9 selon EN 343, V\u00eatements de protection contre le mauvais temps. EN ISO 20471, classe 3, v\u00eatements de protection \u00e0 haute visibilit\u00e9. La couleur 3300 est un mod\u00e8le de fin de s\u00e9rie. Pour plus d'informations, consultez le catalogue 2017. La couleur 5300 a \u00e9t\u00e9 actualis\u00e9e. Les anciens mod\u00e8les sont livr\u00e9s jusqu'\u00e0 \u00e9puisement des stocks.<\/p>\n<p>polyester 100%, enduit de PU, coupe-vent et imperm\u00e9able, 185g\/m<\/p>","protected":false},"excerpt":{"rendered":"<p>Ein Regenmantel in High Vis f\u00fcr all jene mit Arbeitsaufgaben, die leichte und sanfte Regenkleidung erfordern. Er ist wind- und wasserdicht und hat veschweisste N\u00e4hte, sowie eine abnehmbare und verstellbare Kapuze. Der Mantel besitzt leicht zug\u00e4ngliche Vordertaschen mit Patte und einen verdeckten Zwei-Wege Reissverschluss, der bis zum Sturmknopf am Kragen reicht. Eine gute Passform mit [&hellip;]<\/p>\n","protected":false},"featured_media":696383,"template":"","meta":[],"product_brand":[],"product_cat":[10704],"product_tag":[],"class_list":{"0":"post-696329","1":"product","2":"type-product","3":"status-publish","4":"has-post-thumbnail","6":"product_cat-kittel","7":"pa_brand-blaklaeder","8":"pa_brand-type-workwear","9":"pa_filter-color-blau","10":"pa_filter-color-gelb","11":"pa_filter-color-orange","12":"pa_filter-color-schwarz","14":"first","15":"instock","16":"sale","17":"taxable","18":"shipping-taxable","19":"purchasable","20":"product-type-variable","21":"add-to-wishlist-before_image"},"exclude_global_add_ons":[],"addons":[],"acf":[],"_links":{"self":[{"href":"https:\/\/shop.kustom.ch\/fr\/wp-json\/wp\/v2\/product\/696329"}],"collection":[{"href":"https:\/\/shop.kustom.ch\/fr\/wp-json\/wp\/v2\/product"}],"about":[{"href":"https:\/\/shop.kustom.ch\/fr\/wp-json\/wp\/v2\/types\/product"}],"wp:featuredmedia":[{"embeddable":true,"href":"https:\/\/shop.kustom.ch\/fr\/wp-json\/wp\/v2\/media\/696383"}],"wp:attachment":[{"href":"https:\/\/shop.kustom.ch\/fr\/wp-json\/wp\/v2\/media?parent=696329"}],"wp:term":[{"taxonomy":"product_brand","embeddable":true,"href":"https:\/\/shop.kustom.ch\/fr\/wp-json\/wp\/v2\/product_brand?post=696329"},{"taxonomy":"product_cat","embeddable":true,"href":"https:\/\/shop.kustom.ch\/fr\/wp-json\/wp\/v2\/product_cat?post=696329"},{"taxonomy":"product_tag","embeddable":true,"href":"https:\/\/shop.kustom.ch\/fr\/wp-json\/wp\/v2\/product_tag?post=696329"}],"curies":[{"name":"wp","href":"https:\/\/api.w.org\/{rel}","templated":true}]}}

Manteau de pluie haute visibilité niveau 1

<p>Un imperméable haute visibilité pour tous ceux qui ont des tâches professionnelles nécessitant des vêtements de pluie légers et doux. Il est imperméable au vent et à l'eau et possède des coutures soudées ainsi qu'une capuche amovible et réglable. Le manteau possède des poches avant à rabat facilement accessibles et une fermeture à glissière à double sens dissimulée qui s'étend jusqu'au bouton tempête sur le col. Une bonne coupe avec des manches réglables par velcro. Certifié selon EN 343, Vêtements de protection contre le mauvais temps. EN ISO 20471, classe 3, vêtements de protection à haute visibilité. La couleur 3300 est un modèle de fin de série. Pour plus d'informations, consultez le catalogue 2017. La couleur 5300 a été actualisée. Les anciens modèles sont livrés jusqu'à épuisement des stocks.</p>
<p>polyester 100%, enduit de PU, coupe-vent et imperméable, 185g/m</p>

<p>Ein Regenmantel in High Vis für all jene mit Arbeitsaufgaben, die leichte und sanfte Regenkleidung erfordern. Er ist wind- und wasserdicht und hat veschweisste Nähte, sowie eine abnehmbare und verstellbare Kapuze. Der Mantel besitzt leicht zugängliche Vordertaschen mit Patte und einen verdeckten Zwei-Wege Reissverschluss, der bis zum Sturmknopf am Kragen reicht. Eine gute Passform mit [&hellip;]</p>
