{"id":696300,"date":"2026-03-16T16:21:48","date_gmt":"2026-03-16T15:21:48","guid":{"rendered":"https:\/\/shop.kustom.ch\/?post_type=product&#038;p=696300"},"modified":"2026-03-31T08:59:39","modified_gmt":"2026-03-31T07:59:39","slug":"high-vis-regenjacke-level-1-2","status":"publish","type":"product","link":"https:\/\/shop.kustom.ch\/fr\/produit\/high-vis-regenjacke-level-1-2\/","title":{"rendered":"Veste de pluie haute visibilit\u00e9 niveau 1"},"content":{"rendered":"<p>Une veste de pluie haute visibilit\u00e9 pour tous ceux qui ont des t\u00e2ches professionnelles n\u00e9cessitant des v\u00eatements de pluie l\u00e9gers et doux. Elle est imperm\u00e9able au vent et \u00e0 l'eau et poss\u00e8de des coutures soud\u00e9es ainsi qu'une capuche amovible et r\u00e9glable. La veste est dot\u00e9e d'une fermeture \u00e0 glissi\u00e8re bidirectionnelle dissimul\u00e9e qui s'\u00e9tend jusqu'au bouton temp\u00eate du col. Une bonne coupe avec des manches r\u00e9glables par velcro. Elle poss\u00e8de des poches facilement accessibles avec rabat et un larmier \u00e0 la taille avec \u00e9coulement dans le dos. Certifi\u00e9 selon EN 343, v\u00eatements de protection contre le mauvais temps et EN ISO 20471, classe 3, v\u00eatements de protection \u00e0 haute visibilit\u00e9. Le coloris 5300 a \u00e9t\u00e9 mis \u00e0 jour. Les anciens mod\u00e8les sont livr\u00e9s jusqu'\u00e0 \u00e9puisement des stocks.<\/p>\n<p>polyester 100%, enduit de PU, coupe-vent et imperm\u00e9able, 185g\/m<\/p>","protected":false},"excerpt":{"rendered":"<p>Eine Regenjacke in High Vis f\u00fcr all jene mit Arbeitsaufgaben, die leichte und sanfte Regenkleidung erfordern. Sie ist wind- und wasserdicht und hat veschweisste N\u00e4hte, sowie eine abnehmbare und verstellbare Kapuze. Die Jacke hat einen verdeckten Zwei-Wege-Reissverschluss, der bis zum Sturmknopf am Kragen reicht. Eine gute Passform mit verstellbaren \u00c4rmeln mit Klettverschluss. Sie besitzt leicht [&hellip;]<\/p>\n","protected":false},"featured_media":696337,"template":"","meta":[],"product_brand":[],"product_cat":[4186],"product_tag":[],"class_list":{"0":"post-696300","1":"product","2":"type-product","3":"status-publish","4":"has-post-thumbnail","6":"product_cat-jacken","7":"pa_brand-blaklaeder","8":"pa_brand-type-workwear","9":"pa_filter-color-blau","10":"pa_filter-color-gelb","11":"pa_filter-color-orange","12":"pa_filter-color-rot","13":"pa_filter-color-schwarz","15":"first","16":"instock","17":"sale","18":"taxable","19":"shipping-taxable","20":"purchasable","21":"product-type-variable","22":"add-to-wishlist-before_image"},"exclude_global_add_ons":[],"addons":[],"acf":[],"_links":{"self":[{"href":"https:\/\/shop.kustom.ch\/fr\/wp-json\/wp\/v2\/product\/696300"}],"collection":[{"href":"https:\/\/shop.kustom.ch\/fr\/wp-json\/wp\/v2\/product"}],"about":[{"href":"https:\/\/shop.kustom.ch\/fr\/wp-json\/wp\/v2\/types\/product"}],"wp:featuredmedia":[{"embeddable":true,"href":"https:\/\/shop.kustom.ch\/fr\/wp-json\/wp\/v2\/media\/696337"}],"wp:attachment":[{"href":"https:\/\/shop.kustom.ch\/fr\/wp-json\/wp\/v2\/media?parent=696300"}],"wp:term":[{"taxonomy":"product_brand","embeddable":true,"href":"https:\/\/shop.kustom.ch\/fr\/wp-json\/wp\/v2\/product_brand?post=696300"},{"taxonomy":"product_cat","embeddable":true,"href":"https:\/\/shop.kustom.ch\/fr\/wp-json\/wp\/v2\/product_cat?post=696300"},{"taxonomy":"product_tag","embeddable":true,"href":"https:\/\/shop.kustom.ch\/fr\/wp-json\/wp\/v2\/product_tag?post=696300"}],"curies":[{"name":"wp","href":"https:\/\/api.w.org\/{rel}","templated":true}]}}

Veste de pluie haute visibilité niveau 1

<p>Une veste de pluie haute visibilité pour tous ceux qui ont des tâches professionnelles nécessitant des vêtements de pluie légers et doux. Elle est imperméable au vent et à l'eau et possède des coutures soudées ainsi qu'une capuche amovible et réglable. La veste est dotée d'une fermeture à glissière bidirectionnelle dissimulée qui s'étend jusqu'au bouton tempête du col. Une bonne coupe avec des manches réglables par velcro. Elle possède des poches facilement accessibles avec rabat et un larmier à la taille avec écoulement dans le dos. Certifié selon EN 343, vêtements de protection contre le mauvais temps et EN ISO 20471, classe 3, vêtements de protection à haute visibilité. Le coloris 5300 a été mis à jour. Les anciens modèles sont livrés jusqu'à épuisement des stocks.</p>
<p>polyester 100%, enduit de PU, coupe-vent et imperméable, 185g/m</p>

<p>Eine Regenjacke in High Vis für all jene mit Arbeitsaufgaben, die leichte und sanfte Regenkleidung erfordern. Sie ist wind- und wasserdicht und hat veschweisste Nähte, sowie eine abnehmbare und verstellbare Kapuze. Die Jacke hat einen verdeckten Zwei-Wege-Reissverschluss, der bis zum Sturmknopf am Kragen reicht. Eine gute Passform mit verstellbaren Ärmeln mit Klettverschluss. Sie besitzt leicht [&hellip;]</p>
