{"id":696264,"date":"2026-03-16T16:21:15","date_gmt":"2026-03-16T15:21:15","guid":{"rendered":"https:\/\/shop.kustom.ch\/?post_type=product&#038;p=696264"},"modified":"2026-03-31T08:59:32","modified_gmt":"2026-03-31T07:59:32","slug":"regenjacke-level-2-2","status":"publish","type":"product","link":"https:\/\/shop.kustom.ch\/fr\/produit\/regenjacke-level-2-2\/","title":{"rendered":"Veste de pluie niveau 2"},"content":{"rendered":"<p>Une veste de pluie pour tous ceux qui ont des t\u00e2ches professionnelles n\u00e9cessitant des v\u00eatements de pluie robustes mais mobiles. Elle est \u00e9tanche au vent et \u00e0 l'eau avec des coutures soud\u00e9es et dispose d'une ventilation dans le dos et d'une capuche amovible et r\u00e9glable. Elle poss\u00e8de des poches facilement accessibles, ainsi qu'une poche amovible pour carte d'identit\u00e9, des poches avant avec rabat et boutons-pression et une poche Napol\u00e9on \u00e0 l'int\u00e9rieur du rabat. Fermeture \u00e0 glissi\u00e8re robuste \u00e0 double sens qui s'\u00e9tend jusqu'au col et fermeture frontale avec boutons-pression et un bouton temp\u00eate qui emp\u00eache les liquides de p\u00e9n\u00e9trer. Bonne coupe avec une taille r\u00e9glable et un cordon de serrage, ainsi que des manches r\u00e9glables avec velcro et un poignet en n\u00e9opr\u00e8ne \u00e0 l'int\u00e9rieur qui maintient la chaleur du corps m\u00eame lorsqu'il est mouill\u00e9. Un col doux, doubl\u00e9 en polaire, assure un grand confort. Certifi\u00e9 selon la norme EN 343, v\u00eatements de protection contre le mauvais temps.<\/p>\n<p>polyester 100%, enduit de PU, coupe-vent et imperm\u00e9able, 240g\/m<\/p>","protected":false},"excerpt":{"rendered":"<p>Eine Regenjacke f\u00fcr all jene mit Arbeitsaufgaben, die robuste aber bewegliche Regenkleidung erfordern. Sie ist wind- und wasserdicht mit verschweissten N\u00e4hten und hat eine Bel\u00fcftung am R\u00fccken und eine abnehmbare und verstellbare Kapuze. Sie besitzt leicht zug\u00e4ngliche Taschen, sowie eine abnehmbare Ausweistasche, Vordertaschen mit Patte und Druckkn\u00f6pfe und Napoleontasche innerhalb der Windleiste. Robuster Zwei-Wege Reissverschluss, [&hellip;]<\/p>\n","protected":false},"featured_media":696290,"template":"","meta":[],"product_brand":[],"product_cat":[4186],"product_tag":[],"class_list":{"0":"post-696264","1":"product","2":"type-product","3":"status-publish","4":"has-post-thumbnail","6":"product_cat-jacken","7":"pa_brand-blaklaeder","8":"pa_brand-type-workwear","9":"pa_filter-color-schwarz","11":"first","12":"instock","13":"sale","14":"taxable","15":"shipping-taxable","16":"purchasable","17":"product-type-variable","18":"add-to-wishlist-before_image"},"exclude_global_add_ons":[],"addons":[],"acf":[],"_links":{"self":[{"href":"https:\/\/shop.kustom.ch\/fr\/wp-json\/wp\/v2\/product\/696264"}],"collection":[{"href":"https:\/\/shop.kustom.ch\/fr\/wp-json\/wp\/v2\/product"}],"about":[{"href":"https:\/\/shop.kustom.ch\/fr\/wp-json\/wp\/v2\/types\/product"}],"wp:featuredmedia":[{"embeddable":true,"href":"https:\/\/shop.kustom.ch\/fr\/wp-json\/wp\/v2\/media\/696290"}],"wp:attachment":[{"href":"https:\/\/shop.kustom.ch\/fr\/wp-json\/wp\/v2\/media?parent=696264"}],"wp:term":[{"taxonomy":"product_brand","embeddable":true,"href":"https:\/\/shop.kustom.ch\/fr\/wp-json\/wp\/v2\/product_brand?post=696264"},{"taxonomy":"product_cat","embeddable":true,"href":"https:\/\/shop.kustom.ch\/fr\/wp-json\/wp\/v2\/product_cat?post=696264"},{"taxonomy":"product_tag","embeddable":true,"href":"https:\/\/shop.kustom.ch\/fr\/wp-json\/wp\/v2\/product_tag?post=696264"}],"curies":[{"name":"wp","href":"https:\/\/api.w.org\/{rel}","templated":true}]}}

<p>Une veste de pluie pour tous ceux qui ont des tâches professionnelles nécessitant des vêtements de pluie robustes mais mobiles. Elle est étanche au vent et à l'eau avec des coutures soudées et dispose d'une ventilation dans le dos et d'une capuche amovible et réglable. Elle possède des poches facilement accessibles, ainsi qu'une poche amovible pour carte d'identité, des poches avant avec rabat et boutons-pression et une poche Napoléon à l'intérieur du rabat. Fermeture à glissière robuste à double sens qui s'étend jusqu'au col et fermeture frontale avec boutons-pression et un bouton tempête qui empêche les liquides de pénétrer. Bonne coupe avec une taille réglable et un cordon de serrage, ainsi que des manches réglables avec velcro et un poignet en néoprène à l'intérieur qui maintient la chaleur du corps même lorsqu'il est mouillé. Un col doux, doublé en polaire, assure un grand confort. Certifié selon la norme EN 343, vêtements de protection contre le mauvais temps.</p>
<p>polyester 100%, enduit de PU, coupe-vent et imperméable, 240g/m</p>

<p>Eine Regenjacke für all jene mit Arbeitsaufgaben, die robuste aber bewegliche Regenkleidung erfordern. Sie ist wind- und wasserdicht mit verschweissten Nähten und hat eine Belüftung am Rücken und eine abnehmbare und verstellbare Kapuze. Sie besitzt leicht zugängliche Taschen, sowie eine abnehmbare Ausweistasche, Vordertaschen mit Patte und Druckknöpfe und Napoleontasche innerhalb der Windleiste. Robuster Zwei-Wege Reissverschluss, [&hellip;]</p>
