{"id":696232,"date":"2026-03-16T16:20:52","date_gmt":"2026-03-16T15:20:52","guid":{"rendered":"https:\/\/shop.kustom.ch\/?post_type=product&#038;p=696232"},"modified":"2026-03-31T08:59:25","modified_gmt":"2026-03-31T07:59:25","slug":"regenjacke-level-1","status":"publish","type":"product","link":"https:\/\/shop.kustom.ch\/fr\/produit\/regenjacke-level-1\/","title":{"rendered":"Veste de pluie niveau 1"},"content":{"rendered":"<p>Une veste de pluie pour tous ceux qui ont des t\u00e2ches professionnelles n\u00e9cessitant des v\u00eatements de pluie l\u00e9gers et doux. Elle est imperm\u00e9able au vent et \u00e0 l'eau et poss\u00e8de des coutures soud\u00e9es, ainsi qu'une capuche amovible et r\u00e9glable. La veste est dot\u00e9e d'un bord d'\u00e9gouttage \u00e0 la taille avec un \u00e9coulement au dos et est \u00e9quip\u00e9e de poches avant facilement accessibles (dont une avec un anneau en D). La fermeture frontale est dot\u00e9e d'une fermeture \u00e0 glissi\u00e8re \u00e0 double sens dissimul\u00e9e qui s'\u00e9tend jusqu'au bouton temp\u00eate du col et de manches r\u00e9glables avec fermeture velcro. La veste est dot\u00e9e de bandes r\u00e9fl\u00e9chissantes sur les manches et dans le dos. Elle est certifi\u00e9e selon la norme EN 343, V\u00eatements de protection contre le mauvais temps. Les couleurs 4600 et 9900 ont \u00e9t\u00e9 mises \u00e0 jour. L'ancien mod\u00e8le sera livr\u00e9 jusqu'\u00e0 \u00e9puisement des stocks.<\/p>\n<p>polyester 100%, enduit de PU, coupe-vent et imperm\u00e9able, 185g\/m<\/p>","protected":false},"excerpt":{"rendered":"<p>Eine Regenjacke f\u00fcr all jene mit Arbeitsaufgaben, die leichte und sanfte Regenkleidung erfordern. Sie ist wind- und wasserdicht und hat veschweisste N\u00e4hte, sowie eine abnehmbare und verstellbare Kapuze. Die Jacke hat eine Tropfkante am Bund mit einem Ablauf am R\u00fccken und ist mit leicht zug\u00e4nglichen Vordertaschen (eine mit D-Ring) versehen. Der Frontverschluss hat einen verdeckten [&hellip;]<\/p>\n","protected":false},"featured_media":696233,"template":"","meta":[],"product_brand":[],"product_cat":[4186],"product_tag":[],"class_list":{"0":"post-696232","1":"product","2":"type-product","3":"status-publish","4":"has-post-thumbnail","6":"product_cat-jacken","7":"pa_brand-blaklaeder","8":"pa_brand-type-workwear","9":"pa_filter-color-schwarz","11":"first","12":"instock","13":"sale","14":"taxable","15":"shipping-taxable","16":"purchasable","17":"product-type-variable","18":"add-to-wishlist-before_image"},"exclude_global_add_ons":[],"addons":[],"acf":[],"_links":{"self":[{"href":"https:\/\/shop.kustom.ch\/fr\/wp-json\/wp\/v2\/product\/696232"}],"collection":[{"href":"https:\/\/shop.kustom.ch\/fr\/wp-json\/wp\/v2\/product"}],"about":[{"href":"https:\/\/shop.kustom.ch\/fr\/wp-json\/wp\/v2\/types\/product"}],"wp:featuredmedia":[{"embeddable":true,"href":"https:\/\/shop.kustom.ch\/fr\/wp-json\/wp\/v2\/media\/696233"}],"wp:attachment":[{"href":"https:\/\/shop.kustom.ch\/fr\/wp-json\/wp\/v2\/media?parent=696232"}],"wp:term":[{"taxonomy":"product_brand","embeddable":true,"href":"https:\/\/shop.kustom.ch\/fr\/wp-json\/wp\/v2\/product_brand?post=696232"},{"taxonomy":"product_cat","embeddable":true,"href":"https:\/\/shop.kustom.ch\/fr\/wp-json\/wp\/v2\/product_cat?post=696232"},{"taxonomy":"product_tag","embeddable":true,"href":"https:\/\/shop.kustom.ch\/fr\/wp-json\/wp\/v2\/product_tag?post=696232"}],"curies":[{"name":"wp","href":"https:\/\/api.w.org\/{rel}","templated":true}]}}

<p>Une veste de pluie pour tous ceux qui ont des tâches professionnelles nécessitant des vêtements de pluie légers et doux. Elle est imperméable au vent et à l'eau et possède des coutures soudées, ainsi qu'une capuche amovible et réglable. La veste est dotée d'un bord d'égouttage à la taille avec un écoulement au dos et est équipée de poches avant facilement accessibles (dont une avec un anneau en D). La fermeture frontale est dotée d'une fermeture à glissière à double sens dissimulée qui s'étend jusqu'au bouton tempête du col et de manches réglables avec fermeture velcro. La veste est dotée de bandes réfléchissantes sur les manches et dans le dos. Elle est certifiée selon la norme EN 343, Vêtements de protection contre le mauvais temps. Les couleurs 4600 et 9900 ont été mises à jour. L'ancien modèle sera livré jusqu'à épuisement des stocks.</p>
<p>polyester 100%, enduit de PU, coupe-vent et imperméable, 185g/m</p>

<p>Eine Regenjacke für all jene mit Arbeitsaufgaben, die leichte und sanfte Regenkleidung erfordern. Sie ist wind- und wasserdicht und hat veschweisste Nähte, sowie eine abnehmbare und verstellbare Kapuze. Die Jacke hat eine Tropfkante am Bund mit einem Ablauf am Rücken und ist mit leicht zugänglichen Vordertaschen (eine mit D-Ring) versehen. Der Frontverschluss hat einen verdeckten [&hellip;]</p>
