{"id":696045,"date":"2026-03-16T16:18:24","date_gmt":"2026-03-16T15:18:24","guid":{"rendered":"https:\/\/shop.kustom.ch\/?post_type=product&#038;p=696045"},"modified":"2026-03-31T08:56:04","modified_gmt":"2026-03-31T07:56:04","slug":"damen-kapuzenjacke-2","status":"publish","type":"product","link":"https:\/\/shop.kustom.ch\/fr\/produit\/damen-kapuzenjacke-2\/","title":{"rendered":"Veste \u00e0 capuche pour femmes"},"content":{"rendered":"<p>Eine schicke Kapuzenjacke, die sich sowohl f\u00fcr die Arbeit als auch f\u00fcr die Freizeit eignet. Diese Kapuzenjacke aus Polyester hat einen durchgehenden Zwei-Wege-Reissverschluss und einen gem\u00fctlichen, etwas h\u00f6heren Halsausschnitt an der Kapuze. Kordelzug am Saum. Die dezenten schwarzen Reflexdetails befinden sich sowohl auf der Vorderseite als auch auf der Kapuze und als Kr\u00f6nung gibt es eine Brusttasche mit hervorragender Veredelungsm\u00f6glichkeit. Auch als Herrenmodell 3540 erh\u00e4ltlich.<\/p>\n<p>100% Polyester, molleton piqu\u00e9, bross\u00e9 d'un c\u00f4t\u00e9, 260 g\/m<\/p>","protected":false},"excerpt":{"rendered":"<p>Eine schicke Kapuzenjacke, die sich sowohl f\u00fcr die Arbeit als auch f\u00fcr die Freizeit eignet. Diese Kapuzenjacke aus Polyester hat einen durchgehenden Zwei-Wege-Reissverschluss und einen gem\u00fctlichen, etwas h\u00f6heren Halsausschnitt an der Kapuze. Kordelzug am Saum. Die dezenten schwarzen Reflexdetails befinden sich sowohl auf der Vorderseite als auch auf der Kapuze und als Kr\u00f6nung gibt es [&hellip;]<\/p>\n","protected":false},"featured_media":696046,"template":"","meta":[],"product_brand":[],"product_cat":[4186],"product_tag":[],"class_list":{"0":"post-696045","1":"product","2":"type-product","3":"status-publish","4":"has-post-thumbnail","6":"product_cat-jacken","7":"pa_brand-blaklaeder","8":"pa_brand-type-workwear","9":"pa_filter-color-gruen","10":"pa_filter-color-rot","11":"pa_filter-color-schwarz","13":"first","14":"instock","15":"sale","16":"taxable","17":"shipping-taxable","18":"purchasable","19":"product-type-variable","20":"add-to-wishlist-before_image"},"exclude_global_add_ons":[],"addons":[],"acf":[],"_links":{"self":[{"href":"https:\/\/shop.kustom.ch\/fr\/wp-json\/wp\/v2\/product\/696045"}],"collection":[{"href":"https:\/\/shop.kustom.ch\/fr\/wp-json\/wp\/v2\/product"}],"about":[{"href":"https:\/\/shop.kustom.ch\/fr\/wp-json\/wp\/v2\/types\/product"}],"wp:featuredmedia":[{"embeddable":true,"href":"https:\/\/shop.kustom.ch\/fr\/wp-json\/wp\/v2\/media\/696046"}],"wp:attachment":[{"href":"https:\/\/shop.kustom.ch\/fr\/wp-json\/wp\/v2\/media?parent=696045"}],"wp:term":[{"taxonomy":"product_brand","embeddable":true,"href":"https:\/\/shop.kustom.ch\/fr\/wp-json\/wp\/v2\/product_brand?post=696045"},{"taxonomy":"product_cat","embeddable":true,"href":"https:\/\/shop.kustom.ch\/fr\/wp-json\/wp\/v2\/product_cat?post=696045"},{"taxonomy":"product_tag","embeddable":true,"href":"https:\/\/shop.kustom.ch\/fr\/wp-json\/wp\/v2\/product_tag?post=696045"}],"curies":[{"name":"wp","href":"https:\/\/api.w.org\/{rel}","templated":true}]}}

Veste à capuche pour femmes

<p>Eine schicke Kapuzenjacke, die sich sowohl für die Arbeit als auch für die Freizeit eignet. Diese Kapuzenjacke aus Polyester hat einen durchgehenden Zwei-Wege-Reissverschluss und einen gemütlichen, etwas höheren Halsausschnitt an der Kapuze. Kordelzug am Saum. Die dezenten schwarzen Reflexdetails befinden sich sowohl auf der Vorderseite als auch auf der Kapuze und als Krönung gibt es eine Brusttasche mit hervorragender Veredelungsmöglichkeit. Auch als Herrenmodell 3540 erhältlich.</p>
<p>100% Polyester, molleton piqué, brossé d'un côté, 260 g/m</p>

<p>Eine schicke Kapuzenjacke, die sich sowohl für die Arbeit als auch für die Freizeit eignet. Diese Kapuzenjacke aus Polyester hat einen durchgehenden Zwei-Wege-Reissverschluss und einen gemütlichen, etwas höheren Halsausschnitt an der Kapuze. Kordelzug am Saum. Die dezenten schwarzen Reflexdetails befinden sich sowohl auf der Vorderseite als auch auf der Kapuze und als Krönung gibt es [&hellip;]</p>
