{"id":695379,"date":"2026-03-16T16:07:38","date_gmt":"2026-03-16T15:07:38","guid":{"rendered":"https:\/\/shop.kustom.ch\/?post_type=product&#038;p=695379"},"modified":"2026-03-31T08:46:04","modified_gmt":"2026-03-31T07:46:04","slug":"arbeitshandschuh-supreme-strong-3","status":"publish","type":"product","link":"https:\/\/shop.kustom.ch\/fr\/produit\/arbeitshandschuh-supreme-strong-3\/","title":{"rendered":"Gant de travail Supreme Strong"},"content":{"rendered":"<p>Les mod\u00e8les Supreme Strong sont fabriqu\u00e9s en cuir synth\u00e9tique de haute qualit\u00e9, qui offre une excellente dext\u00e9rit\u00e9 et une grande r\u00e9sistance \u00e0 l'usure. Le mod\u00e8le 2852 n'est pas doubl\u00e9 et poss\u00e8de une fermeture velcro au niveau des manchettes. Sa coupe pr\u00e9form\u00e9e et sa paume rembourr\u00e9e le rendent extr\u00eamement confortable. La fonction \u00e9cran tactile sur le dessus de l'index permet d'utiliser l'\u00e9cran sans avoir \u00e0 retirer le gant. Ce mod\u00e8le est id\u00e9al comme gant polyvalent pour les environnements de travail difficiles qui exigent \u00e9galement une bonne dext\u00e9rit\u00e9, comme dans le b\u00e2timent.<\/p>\n<p>PU, polyester<\/p>","protected":false},"excerpt":{"rendered":"<p>Die Supreme Strong-Modelle sind aus hochwertigem Kunstleder gefertigt, das eine ausgezeichnete Fingerfertigkeit und hohe Strapazierf\u00e4higkeit bietet. Das Modell 2852 ist ungef\u00fcttert und hat einen Klettverschluss an den Stulpen. Die vorgeformte Passform und die gepolsterte Handfl\u00e4che machen ihn \u00e4usserst bequem. Die Touchscreen-Funktion auf der Oberseite des Zeigefingers erm\u00f6glicht die Bedienung des Bildschirms, ohne den Handschuh ausziehen [&hellip;]<\/p>\n","protected":false},"featured_media":695380,"template":"","meta":[],"product_brand":[],"product_cat":[4180],"product_tag":[],"class_list":{"0":"post-695379","1":"product","2":"type-product","3":"status-publish","4":"has-post-thumbnail","6":"product_cat-handschuhe","7":"pa_brand-blaklaeder","8":"pa_brand-type-workwear","9":"pa_filter-color-blau","10":"pa_filter-color-schwarz","12":"first","13":"instock","14":"sale","15":"taxable","16":"shipping-taxable","17":"purchasable","18":"product-type-variable","19":"add-to-wishlist-before_image"},"exclude_global_add_ons":[],"addons":[],"acf":[],"_links":{"self":[{"href":"https:\/\/shop.kustom.ch\/fr\/wp-json\/wp\/v2\/product\/695379"}],"collection":[{"href":"https:\/\/shop.kustom.ch\/fr\/wp-json\/wp\/v2\/product"}],"about":[{"href":"https:\/\/shop.kustom.ch\/fr\/wp-json\/wp\/v2\/types\/product"}],"wp:featuredmedia":[{"embeddable":true,"href":"https:\/\/shop.kustom.ch\/fr\/wp-json\/wp\/v2\/media\/695380"}],"wp:attachment":[{"href":"https:\/\/shop.kustom.ch\/fr\/wp-json\/wp\/v2\/media?parent=695379"}],"wp:term":[{"taxonomy":"product_brand","embeddable":true,"href":"https:\/\/shop.kustom.ch\/fr\/wp-json\/wp\/v2\/product_brand?post=695379"},{"taxonomy":"product_cat","embeddable":true,"href":"https:\/\/shop.kustom.ch\/fr\/wp-json\/wp\/v2\/product_cat?post=695379"},{"taxonomy":"product_tag","embeddable":true,"href":"https:\/\/shop.kustom.ch\/fr\/wp-json\/wp\/v2\/product_tag?post=695379"}],"curies":[{"name":"wp","href":"https:\/\/api.w.org\/{rel}","templated":true}]}}

<p>Les modèles Supreme Strong sont fabriqués en cuir synthétique de haute qualité, qui offre une excellente dextérité et une grande résistance à l'usure. Le modèle 2852 n'est pas doublé et possède une fermeture velcro au niveau des manchettes. Sa coupe préformée et sa paume rembourrée le rendent extrêmement confortable. La fonction écran tactile sur le dessus de l'index permet d'utiliser l'écran sans avoir à retirer le gant. Ce modèle est idéal comme gant polyvalent pour les environnements de travail difficiles qui exigent également une bonne dextérité, comme dans le bâtiment.</p>
<p>PU, polyester</p>

<p>Die Supreme Strong-Modelle sind aus hochwertigem Kunstleder gefertigt, das eine ausgezeichnete Fingerfertigkeit und hohe Strapazierfähigkeit bietet. Das Modell 2852 ist ungefüttert und hat einen Klettverschluss an den Stulpen. Die vorgeformte Passform und die gepolsterte Handfläche machen ihn äusserst bequem. Die Touchscreen-Funktion auf der Oberseite des Zeigefingers ermöglicht die Bedienung des Bildschirms, ohne den Handschuh ausziehen [&hellip;]</p>
