{"id":695228,"date":"2026-03-16T16:05:11","date_gmt":"2026-03-16T15:05:11","guid":{"rendered":"https:\/\/shop.kustom.ch\/?post_type=product&#038;p=695228"},"modified":"2026-03-31T08:44:03","modified_gmt":"2026-03-31T07:44:03","slug":"blaklaeder-toolrig-hammerhalter","status":"publish","type":"product","link":"https:\/\/shop.kustom.ch\/fr\/produit\/blaklaeder-toolrig-hammerhalter\/","title":{"rendered":"Porte-marteau ToolRig\u2122 Bl\u00e5kl\u00e4der"},"content":{"rendered":"<p>Un porte-marteau robuste et r\u00e9glable qui facilite le travail. Gr\u00e2ce au syst\u00e8me ToolRig\u2122 de Bl\u00e5kl\u00e4der, il se fixe rapidement et offre un endroit stable pour ton marteau, o\u00f9 tu peux toujours l'avoir \u00e0 port\u00e9e de main. La taille de la boucle peut \u00eatre r\u00e9gl\u00e9e de mani\u00e8re \u00e0 ce que tu obtiennes exactement la bonne mesure entre un rangement s\u00fbr et un acc\u00e8s rapide. Le support peut \u00eatre tourn\u00e9 \u00e0 45\u00b0 dans les deux sens, ce qui permet d'ins\u00e9rer et de retirer facilement le marteau et de travailler confortablement aussi bien pour les droitiers que pour les gauchers. Gr\u00e2ce \u00e0 la boucle de 10 cm, le marteau reste bien en place sans osciller, m\u00eame lorsque tu es en mouvement. Si la boucle est r\u00e9gl\u00e9e sur la plus petite taille, elle convient aussi parfaitement pour fixer une \u00e9querre de but\u00e9e.<\/p>","protected":false},"excerpt":{"rendered":"<p>Ein robuster, verstellbarer Hammerhalter, der die Arbeit einfacher macht. Mit dem Bl\u00e5kl\u00e4der ToolRig\u2122 System l\u00e4sst er sich schnell befestigen und bietet einen stabilen Platz f\u00fcr deinen Hammer, wo du ihn immer schnell zur Hand hast. Die Schlaufengr\u00f6sse l\u00e4sst sich so einstellen, dass du genau das richtige Mass zwischen sicherer Aufbewahrung und schnellem Zugriff bekommst. Der [&hellip;]<\/p>\n","protected":false},"featured_media":695234,"template":"","meta":[],"product_brand":[],"product_cat":[4209],"product_tag":[],"class_list":{"0":"post-695228","1":"product","2":"type-product","3":"status-publish","4":"has-post-thumbnail","6":"product_cat-zubehoer","7":"pa_brand-blaklaeder","8":"pa_brand-type-workwear","9":"pa_filter-color-schwarz","11":"first","12":"instock","13":"sale","14":"taxable","15":"shipping-taxable","16":"purchasable","17":"product-type-variable","18":"add-to-wishlist-before_image"},"exclude_global_add_ons":[],"addons":[],"acf":[],"_links":{"self":[{"href":"https:\/\/shop.kustom.ch\/fr\/wp-json\/wp\/v2\/product\/695228"}],"collection":[{"href":"https:\/\/shop.kustom.ch\/fr\/wp-json\/wp\/v2\/product"}],"about":[{"href":"https:\/\/shop.kustom.ch\/fr\/wp-json\/wp\/v2\/types\/product"}],"wp:featuredmedia":[{"embeddable":true,"href":"https:\/\/shop.kustom.ch\/fr\/wp-json\/wp\/v2\/media\/695234"}],"wp:attachment":[{"href":"https:\/\/shop.kustom.ch\/fr\/wp-json\/wp\/v2\/media?parent=695228"}],"wp:term":[{"taxonomy":"product_brand","embeddable":true,"href":"https:\/\/shop.kustom.ch\/fr\/wp-json\/wp\/v2\/product_brand?post=695228"},{"taxonomy":"product_cat","embeddable":true,"href":"https:\/\/shop.kustom.ch\/fr\/wp-json\/wp\/v2\/product_cat?post=695228"},{"taxonomy":"product_tag","embeddable":true,"href":"https:\/\/shop.kustom.ch\/fr\/wp-json\/wp\/v2\/product_tag?post=695228"}],"curies":[{"name":"wp","href":"https:\/\/api.w.org\/{rel}","templated":true}]}}

Porte-marteau ToolRig™ Blåkläder

<p>Un porte-marteau robuste et réglable qui facilite le travail. Grâce au système ToolRig™ de Blåkläder, il se fixe rapidement et offre un endroit stable pour ton marteau, où tu peux toujours l'avoir à portée de main. La taille de la boucle peut être réglée de manière à ce que tu obtiennes exactement la bonne mesure entre un rangement sûr et un accès rapide. Le support peut être tourné à 45° dans les deux sens, ce qui permet d'insérer et de retirer facilement le marteau et de travailler confortablement aussi bien pour les droitiers que pour les gauchers. Grâce à la boucle de 10 cm, le marteau reste bien en place sans osciller, même lorsque tu es en mouvement. Si la boucle est réglée sur la plus petite taille, elle convient aussi parfaitement pour fixer une équerre de butée.</p>

<p>Ein robuster, verstellbarer Hammerhalter, der die Arbeit einfacher macht. Mit dem Blåkläder ToolRig™ System lässt er sich schnell befestigen und bietet einen stabilen Platz für deinen Hammer, wo du ihn immer schnell zur Hand hast. Die Schlaufengrösse lässt sich so einstellen, dass du genau das richtige Mass zwischen sicherer Aufbewahrung und schnellem Zugriff bekommst. Der [&hellip;]</p>
