{"id":680178,"date":"2026-01-29T14:49:47","date_gmt":"2026-01-29T13:49:47","guid":{"rendered":"https:\/\/shop.kustom.ch\/?post_type=product&#038;p=680178"},"modified":"2026-03-31T16:00:39","modified_gmt":"2026-03-31T15:00:39","slug":"mantel-wardrobe","status":"publish","type":"product","link":"https:\/\/shop.kustom.ch\/fr\/produit\/mantel-wardrobe\/","title":{"rendered":"Manteau Wardrobe"},"content":{"rendered":"<p>Logo r\u00e9tro JAKO de l'ann\u00e9e 1992<br \/>\nTissu ext\u00e9rieur coupe-vent et imperm\u00e9able avec membrane<br \/>\nDoublure matelass\u00e9e<br \/>\nBas des manches avec poignets \u00e9lastiques<br \/>\ncol et poignets en tricot c\u00f4tel\u00e9<br \/>\nPoche plaqu\u00e9e avec rabat<br \/>\nPoches poitrine<br \/>\npoche zipp\u00e9e sur la manche<br \/>\nPoche int\u00e9rieure<br \/>\nCoutures tapiss\u00e9es<br \/>\nLogo JAKO en contraste<br \/>\n100 % Polyester<br \/>\n5000 mm TPU<br \/>\nRembourrage : 100 % polyester<br \/>\nDoublure int\u00e9rieure : 100 % polyester<\/p>","protected":false},"excerpt":{"rendered":"<p>JAKO Retro Logo aus dem Jahr 1992 Wind- und wasserabweisendes Obermaterial mit Membran Gestepptes Innenfutter \u00c4rmelabschluss mit elastischen B\u00fcndchen Kragen- und \u00c4rmelb\u00fcndchen aus Strick-Ripp Aufgesetzte Tasche mit Klappe Brusttaschen Reissverschlusstasche auf dem \u00c4rmel Innentasche Getapte N\u00e4hte JAKO Logo in Kontrast 100 % Polyester 5000 mm TPU Wattierung: 100 % Polyester Innenfutter: 100 % Polyester<\/p>","protected":false},"featured_media":680222,"template":"","meta":[],"product_brand":[],"product_cat":[4186],"product_tag":[],"class_list":{"0":"post-680178","1":"product","2":"type-product","3":"status-publish","4":"has-post-thumbnail","6":"product_cat-jacken","7":"pa_brand-jako","8":"pa_brand-type-sportswear","9":"pa_filter-color-blau","10":"pa_filter-color-schwarz","12":"first","13":"instock","14":"sale","15":"taxable","16":"shipping-taxable","17":"purchasable","18":"product-type-variable","19":"add-to-wishlist-before_image"},"exclude_global_add_ons":[],"addons":[],"acf":[],"_links":{"self":[{"href":"https:\/\/shop.kustom.ch\/fr\/wp-json\/wp\/v2\/product\/680178"}],"collection":[{"href":"https:\/\/shop.kustom.ch\/fr\/wp-json\/wp\/v2\/product"}],"about":[{"href":"https:\/\/shop.kustom.ch\/fr\/wp-json\/wp\/v2\/types\/product"}],"wp:featuredmedia":[{"embeddable":true,"href":"https:\/\/shop.kustom.ch\/fr\/wp-json\/wp\/v2\/media\/680222"}],"wp:attachment":[{"href":"https:\/\/shop.kustom.ch\/fr\/wp-json\/wp\/v2\/media?parent=680178"}],"wp:term":[{"taxonomy":"product_brand","embeddable":true,"href":"https:\/\/shop.kustom.ch\/fr\/wp-json\/wp\/v2\/product_brand?post=680178"},{"taxonomy":"product_cat","embeddable":true,"href":"https:\/\/shop.kustom.ch\/fr\/wp-json\/wp\/v2\/product_cat?post=680178"},{"taxonomy":"product_tag","embeddable":true,"href":"https:\/\/shop.kustom.ch\/fr\/wp-json\/wp\/v2\/product_tag?post=680178"}],"curies":[{"name":"wp","href":"https:\/\/api.w.org\/{rel}","templated":true}]}}

<p>Logo rétro JAKO de l'année 1992<br />
Tissu extérieur coupe-vent et imperméable avec membrane<br />
Doublure matelassée<br />
Bas des manches avec poignets élastiques<br />
col et poignets en tricot côtelé<br />
Poche plaquée avec rabat<br />
Poches poitrine<br />
poche zippée sur la manche<br />
Poche intérieure<br />
Coutures tapissées<br />
Logo JAKO en contraste<br />
100 % Polyester<br />
5000 mm TPU<br />
Rembourrage : 100 % polyester<br />
Doublure intérieure : 100 % polyester</p>

<p>JAKO Retro Logo aus dem Jahr 1992 Wind- und wasserabweisendes Obermaterial mit Membran Gestepptes Innenfutter Ärmelabschluss mit elastischen Bündchen Kragen- und Ärmelbündchen aus Strick-Ripp Aufgesetzte Tasche mit Klappe Brusttaschen Reissverschlusstasche auf dem Ärmel Innentasche Getapte Nähte JAKO Logo in Kontrast 100 % Polyester 5000 mm TPU Wattierung: 100 % Polyester Innenfutter: 100 % Polyester</p>
