{"id":660551,"date":"2025-04-29T05:00:39","date_gmt":"2025-04-29T04:00:39","guid":{"rendered":"https:\/\/shop.kustom.ch\/?post_type=product&#038;p=660551"},"modified":"2026-03-31T08:30:39","modified_gmt":"2026-03-31T07:30:39","slug":"high-vis-arbeitshose-mit-stretch-2","status":"publish","type":"product","link":"https:\/\/shop.kustom.ch\/fr\/produit\/high-vis-arbeitshose-mit-stretch-2\/","title":{"rendered":"Pantalon de travail haute visibilit\u00e9 avec stretch"},"content":{"rendered":"<p>Pantalon de travail haute visibilit\u00e9 avec empi\u00e8cements stretch \u00e0 l'entrejambe, aux hanches et aux poches genouill\u00e8res en CORDURA\u00ae stretch pour un confort optimal. Le pantalon est dot\u00e9 de poches holster et d'une poche m\u00e8tre. Certifi\u00e9 selon EN ISO 20471, classe 2. Produit et \u00e9tiquet\u00e9 selon le standard OEKO-TEX\u00ae MADE IN GREENLe standard OEKO-TEX\u00ae MADE IN GREEN garantit que les textiles et les produits en cuir sont produits de mani\u00e8re durable et socialement responsable, qu'ils sont exempts de substances nocives et qu'ils sont enti\u00e8rement tra\u00e7ables. Cela garantit un produit s\u00fbr et respectueux de l'environnement.En savoir plus sur les labels de durabilit\u00e9 appos\u00e9s sur nos v\u00eatements.<\/p>\n<p>FONCTIONNALIT\u00c9 : Inserts stretch \u00e0 l'entrejambe, aux genoux et au fessier. Jambes de pantalon de forme particuli\u00e8rement ergonomique. D\u00c9TAILS : fermeture \u00e9clair en plastique \u00e0 l'entrejambe. Passants, dont un avec anneau en D. POCHES : Poche sur la jambe avec soufflet, fermeture \u00e0 glissi\u00e8re, poche pour stylo et couteau. Poche arri\u00e8re, dont une avec rabat. Poche pour t\u00e9l\u00e9phone portable \u00e0 l'int\u00e9rieur. Poches rembourr\u00e9es aux genoux. Poches lat\u00e9rales. Poches \u00e0 outils renforc\u00e9es en trois parties. Poche m\u00e8tre renforc\u00e9e avec porte couteau et poche stylo. RENFORCEMENT : Poches de genouill\u00e8res renforc\u00e9es en CORDURA\u00ae stretch. Poches \u00e0 outils et poche m\u00e8tre renforc\u00e9es en CORDURA\u00ae. REFLEX : Bandes r\u00e9fl\u00e9chissantes de 70 mm de large. Mat\u00e9riel r\u00e9fl\u00e9chissant tout autour des jambes. INSTRUCTIONS DE LAVAGE : Nombre de lavages : 50. Couleur 55XX\/XX55 - Lavage \u00e0 domicile selon EN ISO 20471. 60\u00b0 C. Ne pas blanchir. Ne pas repasser. Ne pas nettoyer \u00e0 sec. Ne pas essorer. ACTIVIT\u00c9S PRINCIPALES : Conducteur. Travailleurs manuels. Travailleurs de la route et de la construction. EN 14004. EN ISO 20471. TISSU : Disponible pour hommes et femmes. Hommes : bleu. Jaune haute visibilit\u00e9. Poches pour genouill\u00e8res. L\u00e9g\u00e8rement rembourr\u00e9. Insert en stretch. Poches \u00e0 outils. Tissu extensible. Protection haute visibilit\u00e9. USP : poches genouill\u00e8res renforc\u00e9es en CORDURA\u00ae. Poches \u00e0 outils renforc\u00e9es en CORDURA\u00ae. Jambes pr\u00e9form\u00e9es. R\u00e9sistant \u00e0 l'eau. CERTIFICATION : EN 14404:2004+A1:2010 avec genouill\u00e8res 4027, 4057, 4058 et 4032. EN ISO 20471, classe 2. Les v\u00eatements de classe 2 et 3 en orange sont conformes au RIS-3279-TOM Issue 2. Groupe de certification Y<\/p>\n<p>65% polyester, 35% coton, serg\u00e9, ext\u00e9rieur hydrofuge, 240g\/m<\/p>","protected":false},"excerpt":{"rendered":"<p>High Vis Arbeitshose mit Stretch Eins\u00e4tzen im Schritt, an der H\u00fcfte und an den Kniepolstertaschen in CORDURA\u00ae Stretch f\u00fcr optimalen Komfort. Die Bundhose hat Holstertaschen und eine Zollstocktasche. Zertifiziert nach EN ISO 20471, Klasse 2. Produziert und gekennzeichnet nach dem OEKO-TEX\u00ae MADE IN GREEN StandardDer OEKO-TEX\u00ae MADE IN GREEN Standard stellt sicher, dass Textilien und [&hellip;]<\/p>\n","protected":false},"featured_media":660560,"template":"","meta":[],"product_brand":[],"product_cat":[4185],"product_tag":[],"class_list":{"0":"post-660551","1":"product","2":"type-product","3":"status-publish","4":"has-post-thumbnail","6":"product_cat-hosen","7":"pa_brand-blaklaeder","8":"pa_brand-type-workwear","9":"pa_filter-color-blau","10":"pa_filter-color-gelb","11":"pa_filter-color-grau","12":"pa_filter-color-orange","13":"pa_filter-color-rot","14":"pa_filter-color-schwarz","16":"first","17":"instock","18":"sale","19":"taxable","20":"shipping-taxable","21":"purchasable","22":"product-type-variable","23":"add-to-wishlist-before_image"},"exclude_global_add_ons":[],"addons":[],"acf":[],"_links":{"self":[{"href":"https:\/\/shop.kustom.ch\/fr\/wp-json\/wp\/v2\/product\/660551"}],"collection":[{"href":"https:\/\/shop.kustom.ch\/fr\/wp-json\/wp\/v2\/product"}],"about":[{"href":"https:\/\/shop.kustom.ch\/fr\/wp-json\/wp\/v2\/types\/product"}],"wp:featuredmedia":[{"embeddable":true,"href":"https:\/\/shop.kustom.ch\/fr\/wp-json\/wp\/v2\/media\/660560"}],"wp:attachment":[{"href":"https:\/\/shop.kustom.ch\/fr\/wp-json\/wp\/v2\/media?parent=660551"}],"wp:term":[{"taxonomy":"product_brand","embeddable":true,"href":"https:\/\/shop.kustom.ch\/fr\/wp-json\/wp\/v2\/product_brand?post=660551"},{"taxonomy":"product_cat","embeddable":true,"href":"https:\/\/shop.kustom.ch\/fr\/wp-json\/wp\/v2\/product_cat?post=660551"},{"taxonomy":"product_tag","embeddable":true,"href":"https:\/\/shop.kustom.ch\/fr\/wp-json\/wp\/v2\/product_tag?post=660551"}],"curies":[{"name":"wp","href":"https:\/\/api.w.org\/{rel}","templated":true}]}}

Pantalon de travail haute visibilité avec stretch

<p>Pantalon de travail haute visibilité avec empiècements stretch à l'entrejambe, aux hanches et aux poches genouillères en CORDURA® stretch pour un confort optimal. Le pantalon est doté de poches holster et d'une poche mètre. Certifié selon EN ISO 20471, classe 2. Produit et étiqueté selon le standard OEKO-TEX® MADE IN GREENLe standard OEKO-TEX® MADE IN GREEN garantit que les textiles et les produits en cuir sont produits de manière durable et socialement responsable, qu'ils sont exempts de substances nocives et qu'ils sont entièrement traçables. Cela garantit un produit sûr et respectueux de l'environnement.En savoir plus sur les labels de durabilité apposés sur nos vêtements.</p>
<p>FONCTIONNALITÉ : Inserts stretch à l'entrejambe, aux genoux et au fessier. Jambes de pantalon de forme particulièrement ergonomique. DÉTAILS : fermeture éclair en plastique à l'entrejambe. Passants, dont un avec anneau en D. POCHES : Poche sur la jambe avec soufflet, fermeture à glissière, poche pour stylo et couteau. Poche arrière, dont une avec rabat. Poche pour téléphone portable à l'intérieur. Poches rembourrées aux genoux. Poches latérales. Poches à outils renforcées en trois parties. Poche mètre renforcée avec porte couteau et poche stylo. RENFORCEMENT : Poches de genouillères renforcées en CORDURA® stretch. Poches à outils et poche mètre renforcées en CORDURA®. REFLEX : Bandes réfléchissantes de 70 mm de large. Matériel réfléchissant tout autour des jambes. INSTRUCTIONS DE LAVAGE : Nombre de lavages : 50. Couleur 55XX/XX55 - Lavage à domicile selon EN ISO 20471. 60° C. Ne pas blanchir. Ne pas repasser. Ne pas nettoyer à sec. Ne pas essorer. ACTIVITÉS PRINCIPALES : Conducteur. Travailleurs manuels. Travailleurs de la route et de la construction. EN 14004. EN ISO 20471. TISSU : Disponible pour hommes et femmes. Hommes : bleu. Jaune haute visibilité. Poches pour genouillères. Légèrement rembourré. Insert en stretch. Poches à outils. Tissu extensible. Protection haute visibilité. USP : poches genouillères renforcées en CORDURA®. Poches à outils renforcées en CORDURA®. Jambes préformées. Résistant à l'eau. CERTIFICATION : EN 14404:2004+A1:2010 avec genouillères 4027, 4057, 4058 et 4032. EN ISO 20471, classe 2. Les vêtements de classe 2 et 3 en orange sont conformes au RIS-3279-TOM Issue 2. Groupe de certification Y</p>
<p>65% polyester, 35% coton, sergé, extérieur hydrofuge, 240g/m</p>

<p>High Vis Arbeitshose mit Stretch Einsätzen im Schritt, an der Hüfte und an den Kniepolstertaschen in CORDURA® Stretch für optimalen Komfort. Die Bundhose hat Holstertaschen und eine Zollstocktasche. Zertifiziert nach EN ISO 20471, Klasse 2. Produziert und gekennzeichnet nach dem OEKO-TEX® MADE IN GREEN StandardDer OEKO-TEX® MADE IN GREEN Standard stellt sicher, dass Textilien und [&hellip;]</p>
