{"id":659260,"date":"2025-04-29T04:44:50","date_gmt":"2025-04-29T03:44:50","guid":{"rendered":"https:\/\/shop.kustom.ch\/?post_type=product&#038;p=659260"},"modified":"2026-03-31T08:39:04","modified_gmt":"2026-03-31T07:39:04","slug":"flammschutz-halstuch-schlauchschal-2","status":"publish","type":"product","link":"https:\/\/shop.kustom.ch\/fr\/produit\/flammschutz-halstuch-schlauchschal-2\/","title":{"rendered":"Foulard\/\u00e9charpe ignifug\u00e9(e)"},"content":{"rendered":"<p>Prot\u00e8ge le cou et la nuque du vent et des courants d'air. Peut \u00eatre utilis\u00e9 comme casquette, bandeau de soudage, bonnet frontal, etc. Gr\u00e2ce au mat\u00e9riau confortable et difficilement inflammable, il offre une protection durable contre la chaleur, les flammes et les arcs \u00e9lectriques, entre autres. Le v\u00eatement est certifi\u00e9 selon EN ISO 14116, EN 1149-5.La qualit\u00e9 1764 est test\u00e9e et approuv\u00e9e selon APC 1 et a une valeur ELIM de 7,3 cal\/cm\u00b2.<\/p>\n<p>FONCTIONNALIT\u00c9 : peut \u00eatre port\u00e9 comme bonnet, foulard ou bandeau. D\u00c9TAILS : \u00c9tiquettes de certification ext\u00e9rieures. INSTRUCTIONS DE LAVAGE : 60\u00b0 C. Ne pas blanchir. Ne pas repasser. Ne pas nettoyer \u00e0 sec. S\u00e8che-linge - bas. CARACT\u00c9RISTIQUES PRINCIPALES : Unisexe. EN 1149-5. EN ISO 14116. TISSU : noir. Protection contre les flammes. CERTIFICATION : EN 1149-5. EN ISO 14116, indice 3<\/p>\n<p>59% modacrylique, 39% coton, 2% autres fibres, tricot c\u00f4tel\u00e9, difficilement inflammable, antistatique, 250g\/m<\/p>","protected":false},"excerpt":{"rendered":"<p>Sch\u00fctzt Hals und Nacken vor Wind und Zugluft. Kann als M\u00fctze, Schweissband, Stirnhaube usw. verwendet werden. Dank des bequemen, schwer entflammbaren Materials bietet er dauerhaften Schutz u. a. gegen Hitze, Flammen und Lichtbogen. Das Kleidungsst\u00fcck ist nach EN ISO 14116, EN 1149-5 zertifiziert.Die Qualit\u00e4t 1764 ist nach APC 1 gepr\u00fcft und zugelassen und hat einen [&hellip;]<\/p>\n","protected":false},"featured_media":659301,"template":"","meta":[],"product_brand":[],"product_cat":[4209],"product_tag":[],"class_list":{"0":"post-659260","1":"product","2":"type-product","3":"status-publish","4":"has-post-thumbnail","6":"product_cat-zubehoer","7":"pa_brand-blaklaeder","8":"pa_brand-type-workwear","9":"pa_filter-color-schwarz","11":"first","12":"instock","13":"sale","14":"taxable","15":"shipping-taxable","16":"purchasable","17":"product-type-variable","18":"add-to-wishlist-before_image"},"exclude_global_add_ons":[],"addons":[],"acf":[],"_links":{"self":[{"href":"https:\/\/shop.kustom.ch\/fr\/wp-json\/wp\/v2\/product\/659260"}],"collection":[{"href":"https:\/\/shop.kustom.ch\/fr\/wp-json\/wp\/v2\/product"}],"about":[{"href":"https:\/\/shop.kustom.ch\/fr\/wp-json\/wp\/v2\/types\/product"}],"wp:featuredmedia":[{"embeddable":true,"href":"https:\/\/shop.kustom.ch\/fr\/wp-json\/wp\/v2\/media\/659301"}],"wp:attachment":[{"href":"https:\/\/shop.kustom.ch\/fr\/wp-json\/wp\/v2\/media?parent=659260"}],"wp:term":[{"taxonomy":"product_brand","embeddable":true,"href":"https:\/\/shop.kustom.ch\/fr\/wp-json\/wp\/v2\/product_brand?post=659260"},{"taxonomy":"product_cat","embeddable":true,"href":"https:\/\/shop.kustom.ch\/fr\/wp-json\/wp\/v2\/product_cat?post=659260"},{"taxonomy":"product_tag","embeddable":true,"href":"https:\/\/shop.kustom.ch\/fr\/wp-json\/wp\/v2\/product_tag?post=659260"}],"curies":[{"name":"wp","href":"https:\/\/api.w.org\/{rel}","templated":true}]}}

Foulard/écharpe ignifugé(e)

<p>Protège le cou et la nuque du vent et des courants d'air. Peut être utilisé comme casquette, bandeau de soudage, bonnet frontal, etc. Grâce au matériau confortable et difficilement inflammable, il offre une protection durable contre la chaleur, les flammes et les arcs électriques, entre autres. Le vêtement est certifié selon EN ISO 14116, EN 1149-5.La qualité 1764 est testée et approuvée selon APC 1 et a une valeur ELIM de 7,3 cal/cm².</p>
<p>FONCTIONNALITÉ : peut être porté comme bonnet, foulard ou bandeau. DÉTAILS : Étiquettes de certification extérieures. INSTRUCTIONS DE LAVAGE : 60° C. Ne pas blanchir. Ne pas repasser. Ne pas nettoyer à sec. Sèche-linge - bas. CARACTÉRISTIQUES PRINCIPALES : Unisexe. EN 1149-5. EN ISO 14116. TISSU : noir. Protection contre les flammes. CERTIFICATION : EN 1149-5. EN ISO 14116, indice 3</p>
<p>59% modacrylique, 39% coton, 2% autres fibres, tricot côtelé, difficilement inflammable, antistatique, 250g/m</p>

<p>Schützt Hals und Nacken vor Wind und Zugluft. Kann als Mütze, Schweissband, Stirnhaube usw. verwendet werden. Dank des bequemen, schwer entflammbaren Materials bietet er dauerhaften Schutz u. a. gegen Hitze, Flammen und Lichtbogen. Das Kleidungsstück ist nach EN ISO 14116, EN 1149-5 zertifiziert.Die Qualität 1764 ist nach APC 1 geprüft und zugelassen und hat einen [&hellip;]</p>
