{"id":658947,"date":"2025-04-29T04:43:03","date_gmt":"2025-04-29T03:43:03","guid":{"rendered":"https:\/\/shop.kustom.ch\/?post_type=product&#038;p=658947"},"modified":"2026-03-31T08:20:23","modified_gmt":"2026-03-31T07:20:23","slug":"apc-2-arbeitshose-inhaerent","status":"publish","type":"product","link":"https:\/\/shop.kustom.ch\/fr\/produit\/apc-2-arbeitshose-inhaerent\/","title":{"rendered":"Pantalon de travail APC 2 Inh\u00e9rent"},"content":{"rendered":"<p>Pantalon en mati\u00e8re douce, souple et r\u00e9sistante avec une fine doublure sur le devant. Dans les zones doubl\u00e9es, le pantalon est homologu\u00e9 selon la classe de protection sup\u00e9rieure contre les arcs \u00e9lectriques parasites APC 2.Deux poches sur la jambe avec soufflet et rabat, sur le c\u00f4t\u00e9 gauche avec poche int\u00e9rieure pour carte d'identit\u00e9 et t\u00e9l\u00e9phone portable. Le pantalon a deux poches arri\u00e8re avec fermeture \u00e0 bouton-pression. Il s'agit d'un v\u00eatement sans m\u00e9tal avec boutons-pression en plastique et fermeture \u00e0 glissi\u00e8re.Certifi\u00e9 selon EN 1149-5, EN ISO 11611, EN ISO 11612, EN 61482-2 APC 1 (APC 2 si doubl\u00e9), EN 13034.<\/p>\n<p>FONCTIONNALIT\u00c9 : les parties doubl\u00e9es du v\u00eatement sont conformes \u00e0 la norme APC 2 (EN 61482-2:2020). Exempt de m\u00e9tal. Surface r\u00e9sistante \u00e0 l'huile, \u00e0 la salet\u00e9 et \u00e0 l'eau. D\u00c9TAILS : Poche d'identification amovible pour les v\u00eatements ignifuges. \u00c9tiquettes de certification ext\u00e9rieures. Boutons en plastique. Passants, dont un avec anneau en D. \u00c9lastique \u00e0 la taille. Taille haute \u00e0 l'arri\u00e8re. POCHES : Poches sur les jambes avec soufflet, rabat avec bouton. Poches arri\u00e8re \u00e0 soufflet et \u00e0 rabat. Poches ext\u00e9rieures pour genouill\u00e8res. REFLEX : Bande r\u00e9fl\u00e9chissante \u00e0 certains endroits pour une meilleure visibilit\u00e9. FERMETURE : Possibilit\u00e9 de rallonger l'ourlet de la jambe, ne s'applique pas aux tailles D. Largeur de l'ourlet de la jambe r\u00e9glable avec des boutons-pression en plastique. INSTRUCTIONS DE LAVAGE : 60\u00b0 C. Ne pas blanchir. Ne pas repasser. Ne pas nettoyer \u00e0 sec. S\u00e8che-linge - bas. TEXTES PRINCIPAUX : \u00c9lectricien. Travailleur manuel. EN 1149-5. EN 13034. EN 14004. EN 61482-2. EN ISO 11611. EN ISO 11612. TISSU : Hommes. bleu. Poches pour genouill\u00e8res. Sans m\u00e9tal. Protection contre les flammes. CERTIFICATION : EN 1149-5. 50 lavages max. EN 13034 PB (6). Max. 20 cycles de lavage. EN 14404 2004+A1 2010, type 1, niveau 0 avec genouill\u00e8re art. 4057. APC 2, ATPV 26 cal\/cm\u00b2, ELIM 23 cal\/cm\u00b2 sur les parties doubl\u00e9es. ATPV - 11 cal\/cm\u00b2. ELIM - 10 cal\/cm\u00b2. EN 61482-2, APC 1. 50 cycles de lavage maximum. EN ISO 11611, classe 1 A1+A2. Max. 50 cycles de lavage. EN ISO 11612 A1, A2, B1, C1, E2, F1. Max. 50 cycles de lavage<\/p>\n<p>44% Modacrylique, 30% Coton, 20% FR Polyamide, 5% Aramide, 1% antistatique, Ripstop, ignifug\u00e9, antistatique, 260 g\/m<\/p>","protected":false},"excerpt":{"rendered":"<p>Hose aus weichem, anschmiegsamem und strapazierf\u00e4higem Material mit einem d\u00fcnnen Innenfutter auf der Vorderseite. In den gef\u00fctterten Bereichen ist die Hose nach der h\u00f6heren St\u00f6rlichtbogenschutzklasse APC 2 zugelassen.Zwei Beintaschen mit Balg und Patte, auf der linken Seite mit innenliegendem Ausweis- und Handyfach. Die Hose hat zwei Ges\u00e4sstaschen mit Druckknopfverschluss. Es handelt sich um ein metallfreies [&hellip;]<\/p>\n","protected":false},"featured_media":659007,"template":"","meta":[],"product_brand":[],"product_cat":[4185],"product_tag":[],"class_list":{"0":"post-658947","1":"product","2":"type-product","3":"status-publish","4":"has-post-thumbnail","6":"product_cat-hosen","7":"pa_brand-blaklaeder","8":"pa_brand-type-workwear","9":"pa_filter-color-blau","11":"first","12":"instock","13":"sale","14":"taxable","15":"shipping-taxable","16":"purchasable","17":"product-type-variable","18":"add-to-wishlist-before_image"},"exclude_global_add_ons":[],"addons":[],"acf":[],"_links":{"self":[{"href":"https:\/\/shop.kustom.ch\/fr\/wp-json\/wp\/v2\/product\/658947"}],"collection":[{"href":"https:\/\/shop.kustom.ch\/fr\/wp-json\/wp\/v2\/product"}],"about":[{"href":"https:\/\/shop.kustom.ch\/fr\/wp-json\/wp\/v2\/types\/product"}],"wp:featuredmedia":[{"embeddable":true,"href":"https:\/\/shop.kustom.ch\/fr\/wp-json\/wp\/v2\/media\/659007"}],"wp:attachment":[{"href":"https:\/\/shop.kustom.ch\/fr\/wp-json\/wp\/v2\/media?parent=658947"}],"wp:term":[{"taxonomy":"product_brand","embeddable":true,"href":"https:\/\/shop.kustom.ch\/fr\/wp-json\/wp\/v2\/product_brand?post=658947"},{"taxonomy":"product_cat","embeddable":true,"href":"https:\/\/shop.kustom.ch\/fr\/wp-json\/wp\/v2\/product_cat?post=658947"},{"taxonomy":"product_tag","embeddable":true,"href":"https:\/\/shop.kustom.ch\/fr\/wp-json\/wp\/v2\/product_tag?post=658947"}],"curies":[{"name":"wp","href":"https:\/\/api.w.org\/{rel}","templated":true}]}}

Pantalon de travail APC 2 Inhérent

<p>Pantalon en matière douce, souple et résistante avec une fine doublure sur le devant. Dans les zones doublées, le pantalon est homologué selon la classe de protection supérieure contre les arcs électriques parasites APC 2.Deux poches sur la jambe avec soufflet et rabat, sur le côté gauche avec poche intérieure pour carte d'identité et téléphone portable. Le pantalon a deux poches arrière avec fermeture à bouton-pression. Il s'agit d'un vêtement sans métal avec boutons-pression en plastique et fermeture à glissière.Certifié selon EN 1149-5, EN ISO 11611, EN ISO 11612, EN 61482-2 APC 1 (APC 2 si doublé), EN 13034.</p>
<p>FONCTIONNALITÉ : les parties doublées du vêtement sont conformes à la norme APC 2 (EN 61482-2:2020). Exempt de métal. Surface résistante à l'huile, à la saleté et à l'eau. DÉTAILS : Poche d'identification amovible pour les vêtements ignifuges. Étiquettes de certification extérieures. Boutons en plastique. Passants, dont un avec anneau en D. Élastique à la taille. Taille haute à l'arrière. POCHES : Poches sur les jambes avec soufflet, rabat avec bouton. Poches arrière à soufflet et à rabat. Poches extérieures pour genouillères. REFLEX : Bande réfléchissante à certains endroits pour une meilleure visibilité. FERMETURE : Possibilité de rallonger l'ourlet de la jambe, ne s'applique pas aux tailles D. Largeur de l'ourlet de la jambe réglable avec des boutons-pression en plastique. INSTRUCTIONS DE LAVAGE : 60° C. Ne pas blanchir. Ne pas repasser. Ne pas nettoyer à sec. Sèche-linge - bas. TEXTES PRINCIPAUX : Électricien. Travailleur manuel. EN 1149-5. EN 13034. EN 14004. EN 61482-2. EN ISO 11611. EN ISO 11612. TISSU : Hommes. bleu. Poches pour genouillères. Sans métal. Protection contre les flammes. CERTIFICATION : EN 1149-5. 50 lavages max. EN 13034 PB (6). Max. 20 cycles de lavage. EN 14404 2004+A1 2010, type 1, niveau 0 avec genouillère art. 4057. APC 2, ATPV 26 cal/cm², ELIM 23 cal/cm² sur les parties doublées. ATPV - 11 cal/cm². ELIM - 10 cal/cm². EN 61482-2, APC 1. 50 cycles de lavage maximum. EN ISO 11611, classe 1 A1+A2. Max. 50 cycles de lavage. EN ISO 11612 A1, A2, B1, C1, E2, F1. Max. 50 cycles de lavage</p>
<p>44% Modacrylique, 30% Coton, 20% FR Polyamide, 5% Aramide, 1% antistatique, Ripstop, ignifugé, antistatique, 260 g/m</p>

<p>Hose aus weichem, anschmiegsamem und strapazierfähigem Material mit einem dünnen Innenfutter auf der Vorderseite. In den gefütterten Bereichen ist die Hose nach der höheren Störlichtbogenschutzklasse APC 2 zugelassen.Zwei Beintaschen mit Balg und Patte, auf der linken Seite mit innenliegendem Ausweis- und Handyfach. Die Hose hat zwei Gesässtaschen mit Druckknopfverschluss. Es handelt sich um ein metallfreies [&hellip;]</p>
