{"id":650424,"date":"2025-04-08T03:21:59","date_gmt":"2025-04-08T02:21:59","guid":{"rendered":"https:\/\/shop.kustom.ch\/?post_type=product&#038;p=650424"},"modified":"2026-03-30T12:51:16","modified_gmt":"2026-03-30T11:51:16","slug":"softshell-jacke-accelerate-multisafe-2","status":"publish","type":"product","link":"https:\/\/shop.kustom.ch\/fr\/produit\/softshell-jacke-accelerate-multisafe-2\/","title":{"rendered":"Veste softshell ACCELERATE MULTISAFE"},"content":{"rendered":"<p>R\u00e9sistant au vent et \u00e0 l'eau. Bicolore, elle est tr\u00e8s r\u00e9sistante. Fluorescent et avec des reflets obliques. Antistatique, ignifuge et avec protection contre les acides. Prot\u00e8ge contre les arcs \u00e9lectriques et les soudures occasionnelles. Col montant. Fermeture \u00e0 glissi\u00e8re Quick Release et double rabat de protection contre les intemp\u00e9ries avec fermeture magn\u00e9tique. Sangle pour une alarme de gaz. Pr\u00e9vu pour la fixation d'un porte-cartes d'identit\u00e9. Poches poitrine avec fermeture \u00e0 glissi\u00e8re. Poches avant avec fermeture \u00e0 glissi\u00e8re. Avec effets d'impression.<\/p>\n<p>OEKO-TEX\u00ae STANDARD 100 ; EN 1149-5 ; EN ISO 11611 Class 2 (A1, A2) ; EN ISO 11612 (A1, A2, B1, C1, E2, F1) ; EN 13034 (Type 6) ; EN 13034, cat\u00e9gorie J ; EN 61482-1-2 APC 2 ; EN IEC 61482-1-1 (ELIM 25 cal\/cm\u00b2, ATPV 27 cal\/cm\u00b2) ; EN ISO 20471 - Classe 2 ; Hi-Vis Groupe A<br \/>\n26% Modacryl\/25% Polyester\/23% Polyur\u00e9thane\/21% Coton\/4% Aramide\/1% Fibres de carbone<br \/>\nSoftshell \u00e0 3 couches. Peut r\u00e9tr\u00e9cir au maximum de 3%. Le produit est certifi\u00e9 selon la norme EN ISO 20471 qu'il conserve ses propri\u00e9t\u00e9s pendant 25 lavages \u00e0 domicile. Afin de respecter la norme EN 13034, il est recommand\u00e9 d'appliquer un traitement d'impr\u00e9gnation d\u00e8s le premier lavage.<br \/>\n410 g\/m<br \/>\nLavage de couleur, max. 60\u00b0 C ; Pas de blanchiment ; Supporte le s\u00e8che-linge - temp\u00e9rature de d\u00e9part max. 60\u00b0 C ; Pas de repassage ; Ne convient pas au nettoyage \u00e0 sec<\/p>\n<p><a href=\"https:\/\/mascotsitecore-1ccb8.kxcdn.com\/pdf\/21002-335-17010-de.pdf\" target=\"_blank\" rel=\"noopener\"><u>Ouvrir la fiche produit<\/u><\/a><\/p>","protected":false},"excerpt":{"rendered":"<ul>\n<li>Haute protection avec des propri\u00e9t\u00e9s antistatiques, antiacides et ignifuges.<\/li>\n<li>Prot\u00e8ge en cas d'arcs \u00e9lectriques.<\/li>\n<li>R\u00e9sistant au vent et \u00e0 l'eau.<\/li>\n<li>Fermeture \u00e0 glissi\u00e8re et double barre de protection contre les intemp\u00e9ries avec fermeture magn\u00e9tique.<\/li>\n<li>La fermeture \u00e9clair \u00e0 d\u00e9gagement rapide permet d'ouvrir rapidement la fermeture \u00e9clair par le haut.<\/li>\n<li>Sangle pour une alarme de gaz.<\/li>\n<\/ul>","protected":false},"featured_media":650426,"template":"","meta":[],"product_brand":[],"product_cat":[4186],"product_tag":[],"class_list":{"0":"post-650424","1":"product","2":"type-product","3":"status-publish","4":"has-post-thumbnail","6":"product_cat-jacken","7":"pa_brand-mascot","8":"pa_brand-type-workwear","9":"pa_filter-color-blau","10":"pa_filter-color-gelb","11":"pa_filter-color-schwarz","13":"first","14":"instock","15":"sale","16":"taxable","17":"shipping-taxable","18":"purchasable","19":"product-type-variable","20":"add-to-wishlist-before_image"},"exclude_global_add_ons":[],"addons":[],"acf":[],"_links":{"self":[{"href":"https:\/\/shop.kustom.ch\/fr\/wp-json\/wp\/v2\/product\/650424"}],"collection":[{"href":"https:\/\/shop.kustom.ch\/fr\/wp-json\/wp\/v2\/product"}],"about":[{"href":"https:\/\/shop.kustom.ch\/fr\/wp-json\/wp\/v2\/types\/product"}],"wp:featuredmedia":[{"embeddable":true,"href":"https:\/\/shop.kustom.ch\/fr\/wp-json\/wp\/v2\/media\/650426"}],"wp:attachment":[{"href":"https:\/\/shop.kustom.ch\/fr\/wp-json\/wp\/v2\/media?parent=650424"}],"wp:term":[{"taxonomy":"product_brand","embeddable":true,"href":"https:\/\/shop.kustom.ch\/fr\/wp-json\/wp\/v2\/product_brand?post=650424"},{"taxonomy":"product_cat","embeddable":true,"href":"https:\/\/shop.kustom.ch\/fr\/wp-json\/wp\/v2\/product_cat?post=650424"},{"taxonomy":"product_tag","embeddable":true,"href":"https:\/\/shop.kustom.ch\/fr\/wp-json\/wp\/v2\/product_tag?post=650424"}],"curies":[{"name":"wp","href":"https:\/\/api.w.org\/{rel}","templated":true}]}}

<p>Résistant au vent et à l'eau. Bicolore, elle est très résistante. Fluorescent et avec des reflets obliques. Antistatique, ignifuge et avec protection contre les acides. Protège contre les arcs électriques et les soudures occasionnelles. Col montant. Fermeture à glissière Quick Release et double rabat de protection contre les intempéries avec fermeture magnétique. Sangle pour une alarme de gaz. Prévu pour la fixation d'un porte-cartes d'identité. Poches poitrine avec fermeture à glissière. Poches avant avec fermeture à glissière. Avec effets d'impression.</p>
<p>OEKO-TEX® STANDARD 100 ; EN 1149-5 ; EN ISO 11611 Class 2 (A1, A2) ; EN ISO 11612 (A1, A2, B1, C1, E2, F1) ; EN 13034 (Type 6) ; EN 13034, catégorie J ; EN 61482-1-2 APC 2 ; EN IEC 61482-1-1 (ELIM 25 cal/cm², ATPV 27 cal/cm²) ; EN ISO 20471 - Classe 2 ; Hi-Vis Groupe A<br />
26% Modacryl/25% Polyester/23% Polyuréthane/21% Coton/4% Aramide/1% Fibres de carbone<br />
Softshell à 3 couches. Peut rétrécir au maximum de 3%. Le produit est certifié selon la norme EN ISO 20471 qu'il conserve ses propriétés pendant 25 lavages à domicile. Afin de respecter la norme EN 13034, il est recommandé d'appliquer un traitement d'imprégnation dès le premier lavage.<br />
410 g/m<br />
Lavage de couleur, max. 60° C ; Pas de blanchiment ; Supporte le sèche-linge - température de départ max. 60° C ; Pas de repassage ; Ne convient pas au nettoyage à sec</p>
<p><a href="https://mascotsitecore-1ccb8.kxcdn.com/pdf/21002-335-17010-de.pdf" target="_blank" rel="noopener"><u>Ouvrir la fiche produit</u></a></p>

<ul>
<li>Haute protection avec des propriétés antistatiques, antiacides et ignifuges.</li>
<li>Protège en cas d'arcs électriques.</li>
<li>Résistant au vent et à l'eau.</li>
<li>Fermeture à glissière et double barre de protection contre les intempéries avec fermeture magnétique.</li>
<li>La fermeture éclair à dégagement rapide permet d'ouvrir rapidement la fermeture éclair par le haut.</li>
<li>Sangle pour une alarme de gaz.</li>
</ul>
