{"id":649219,"date":"2025-04-08T02:50:31","date_gmt":"2025-04-08T01:50:31","guid":{"rendered":"https:\/\/shop.kustom.ch\/?post_type=product&#038;p=649219"},"modified":"2026-03-30T13:07:29","modified_gmt":"2026-03-30T12:07:29","slug":"softshell-jacke-mit-kapuze-accelerate-safe","status":"publish","type":"product","link":"https:\/\/shop.kustom.ch\/fr\/produit\/softshell-jacke-mit-kapuze-accelerate-safe\/","title":{"rendered":"Veste softshell avec capuche ACCELERATE SAFE"},"content":{"rendered":"<p>Respirant, coupe-vent et d\u00e9perlant. Bicolore, avec des couleurs vives. Polaire \u00e0 l'int\u00e9rieur. Fermeture avec fermeture \u00e9clair et double rabat de protection contre les intemp\u00e9ries. Capuche amovible, avec cordons \u00e9lastiques r\u00e9glables. Col montant. Poche int\u00e9rieure. Dos allong\u00e9. Poche de poitrine avec fermeture \u00e9clair. Anneau en D. Les manches \u00e0 la coupe ergonomique permettent une grande libert\u00e9 de mouvement. Poignets c\u00f4tel\u00e9s (cach\u00e9s sous la patte de protection contre les intemp\u00e9ries). Poignets avec renforts en tissu CORDURA\u00ae et fermeture velcro. Poches avant avec fermeture \u00e0 glissi\u00e8re. Avec impression et r\u00e9flecteurs.<\/p>\n<p>OEKO-TEX\u00ae STANDARD 100<br \/>\n100% Polyester<br \/>\nRipstop\/3 couches Soft Shell.<br \/>\n360 g\/m<br \/>\nLinge d\u00e9licat, max. 40\u00b0 C ; Pas de blanchiment ; Supporte le s\u00e8che-linge - temp\u00e9rature de d\u00e9part max. 60\u00b0 C ; Pas de repassage ; Supporte le nettoyage normal<\/p>\n<p><a href=\"https:\/\/mascotsitecore-1ccb8.kxcdn.com\/pdf\/23002-246-01014-de.pdf\" target=\"_blank\" rel=\"noopener\"><u>Ouvrir la fiche produit<\/u><\/a><\/p>","protected":false},"excerpt":{"rendered":"<ul>\n<li>Respirant, coupe-vent et d\u00e9perlant.<\/li>\n<li>Double bande de protection contre les intemp\u00e9ries pour une protection suppl\u00e9mentaire en cas de mauvais temps.<\/li>\n<li>Protection suppl\u00e9mentaire contre le froid gr\u00e2ce au dos rallong\u00e9.<\/li>\n<\/ul>","protected":false},"featured_media":649220,"template":"","meta":[],"product_brand":[],"product_cat":[4186],"product_tag":[],"class_list":{"0":"post-649219","1":"product","2":"type-product","3":"status-publish","4":"has-post-thumbnail","6":"product_cat-jacken","7":"pa_brand-mascot","8":"pa_brand-type-workwear","9":"pa_filter-color-gelb","10":"pa_filter-color-orange","11":"pa_filter-color-schwarz","13":"first","14":"instock","15":"sale","16":"taxable","17":"shipping-taxable","18":"purchasable","19":"product-type-variable","20":"add-to-wishlist-before_image"},"exclude_global_add_ons":[],"addons":[],"acf":[],"_links":{"self":[{"href":"https:\/\/shop.kustom.ch\/fr\/wp-json\/wp\/v2\/product\/649219"}],"collection":[{"href":"https:\/\/shop.kustom.ch\/fr\/wp-json\/wp\/v2\/product"}],"about":[{"href":"https:\/\/shop.kustom.ch\/fr\/wp-json\/wp\/v2\/types\/product"}],"wp:featuredmedia":[{"embeddable":true,"href":"https:\/\/shop.kustom.ch\/fr\/wp-json\/wp\/v2\/media\/649220"}],"wp:attachment":[{"href":"https:\/\/shop.kustom.ch\/fr\/wp-json\/wp\/v2\/media?parent=649219"}],"wp:term":[{"taxonomy":"product_brand","embeddable":true,"href":"https:\/\/shop.kustom.ch\/fr\/wp-json\/wp\/v2\/product_brand?post=649219"},{"taxonomy":"product_cat","embeddable":true,"href":"https:\/\/shop.kustom.ch\/fr\/wp-json\/wp\/v2\/product_cat?post=649219"},{"taxonomy":"product_tag","embeddable":true,"href":"https:\/\/shop.kustom.ch\/fr\/wp-json\/wp\/v2\/product_tag?post=649219"}],"curies":[{"name":"wp","href":"https:\/\/api.w.org\/{rel}","templated":true}]}}

<p>Respirant, coupe-vent et déperlant. Bicolore, avec des couleurs vives. Polaire à l'intérieur. Fermeture avec fermeture éclair et double rabat de protection contre les intempéries. Capuche amovible, avec cordons élastiques réglables. Col montant. Poche intérieure. Dos allongé. Poche de poitrine avec fermeture éclair. Anneau en D. Les manches à la coupe ergonomique permettent une grande liberté de mouvement. Poignets côtelés (cachés sous la patte de protection contre les intempéries). Poignets avec renforts en tissu CORDURA® et fermeture velcro. Poches avant avec fermeture à glissière. Avec impression et réflecteurs.</p>
<p>OEKO-TEX® STANDARD 100<br />
100% Polyester<br />
Ripstop/3 couches Soft Shell.<br />
360 g/m<br />
Linge délicat, max. 40° C ; Pas de blanchiment ; Supporte le sèche-linge - température de départ max. 60° C ; Pas de repassage ; Supporte le nettoyage normal</p>
<p><a href="https://mascotsitecore-1ccb8.kxcdn.com/pdf/23002-246-01014-de.pdf" target="_blank" rel="noopener"><u>Ouvrir la fiche produit</u></a></p>

<ul>
<li>Respirant, coupe-vent et déperlant.</li>
<li>Double bande de protection contre les intempéries pour une protection supplémentaire en cas de mauvais temps.</li>
<li>Protection supplémentaire contre le froid grâce au dos rallongé.</li>
</ul>
