{"id":649106,"date":"2025-04-08T02:48:17","date_gmt":"2025-04-08T01:48:17","guid":{"rendered":"https:\/\/shop.kustom.ch\/?post_type=product&#038;p=649106"},"modified":"2026-03-30T13:08:43","modified_gmt":"2026-03-30T12:08:43","slug":"jacke-accelerate-safe-4","status":"publish","type":"product","link":"https:\/\/shop.kustom.ch\/fr\/produit\/jacke-accelerate-safe-4\/","title":{"rendered":"Veste ACCELERATE SAFE"},"content":{"rendered":"<p>Fluorescent et avec des reflets obliques. Certaines parties du produit sont en tissu stretch. Combinaison de la qualit\u00e9 de tissu l\u00e9ger 236 et de la qualit\u00e9 de tissu ULTIMATE STRETCH 511. Col montant. Fermeture avec fermeture \u00e9clair et double rabat de protection contre les intemp\u00e9ries. Anneau en D. Poche de poitrine avec fermeture \u00e0 glissi\u00e8re. Poches avant avec fermeture \u00e9clair. Poches int\u00e9rieures. \u00c9lastique dans le bord inf\u00e9rieur sur les c\u00f4t\u00e9s. \u00c9lastique aux poignets.<\/p>\n<p>OEKO-TEX\u00ae STANDARD 100 ; EN ISO 20471 - classe 2 (XS-L) ; EN ISO 20471 - classe 3 (XL-5XL) ; Hi-Vis groupe A ; ProWash\u00ae.<br \/>\n70% Polyester\/30% Coton<br \/>\nTwill\/ripstop. Peut r\u00e9tr\u00e9cir au maximum de 2%. Le produit poss\u00e8de une certification selon laquelle il conserve ses propri\u00e9t\u00e9s lors de 50 lavages \u00e0 domicile ou \u2265 25 lavages industriels.<br \/>\n215 g\/m<br \/>\nLavage de couleur, max. 60\u00b0 C ; Pas de blanchiment ; Supporte le s\u00e8che-linge - temp\u00e9rature de d\u00e9part max. 80\u00b0 C ; Pas de repassage ; Supporte le nettoyage normal<\/p>\n<p><a href=\"https:\/\/mascotsitecore-1ccb8.kxcdn.com\/pdf\/24509-236-14-de.pdf\" target=\"_blank\" rel=\"noopener\"><u>Ouvrir la fiche produit<\/u><\/a><\/p>","protected":false},"excerpt":{"rendered":"<ul>\n<li>Coupe moderne, pr\u00e8s du corps, offrant une grande libert\u00e9 de mouvement.<\/li>\n<li>Le produit est une combinaison de tissu solide et de tissu stretch. Le tissu stretch se trouve l\u00e0 o\u00f9 une libert\u00e9 de mouvement suppl\u00e9mentaire est n\u00e9cessaire.<\/li>\n<li>Double bande de protection contre les intemp\u00e9ries pour une protection suppl\u00e9mentaire en cas de mauvais temps.<\/li>\n<li>Anneau en D pour les cl\u00e9s ou les cartes d'identit\u00e9.<\/li>\n<li>Poches avec fermeture \u00e0 glissi\u00e8re.<\/li>\n<li>\u00c9lastique aux extr\u00e9mit\u00e9s des manches.<\/li>\n<li>Le produit est adapt\u00e9 au lavage industriel.<\/li>\n<\/ul>","protected":false},"featured_media":649107,"template":"","meta":[],"product_brand":[],"product_cat":[4186],"product_tag":[],"class_list":{"0":"post-649106","1":"product","2":"type-product","3":"status-publish","4":"has-post-thumbnail","6":"product_cat-jacken","7":"pa_brand-mascot","8":"pa_brand-type-workwear","9":"pa_filter-color-orange","11":"first","12":"instock","13":"sale","14":"taxable","15":"shipping-taxable","16":"purchasable","17":"product-type-variable","18":"add-to-wishlist-before_image"},"exclude_global_add_ons":[],"addons":[],"acf":[],"_links":{"self":[{"href":"https:\/\/shop.kustom.ch\/fr\/wp-json\/wp\/v2\/product\/649106"}],"collection":[{"href":"https:\/\/shop.kustom.ch\/fr\/wp-json\/wp\/v2\/product"}],"about":[{"href":"https:\/\/shop.kustom.ch\/fr\/wp-json\/wp\/v2\/types\/product"}],"wp:featuredmedia":[{"embeddable":true,"href":"https:\/\/shop.kustom.ch\/fr\/wp-json\/wp\/v2\/media\/649107"}],"wp:attachment":[{"href":"https:\/\/shop.kustom.ch\/fr\/wp-json\/wp\/v2\/media?parent=649106"}],"wp:term":[{"taxonomy":"product_brand","embeddable":true,"href":"https:\/\/shop.kustom.ch\/fr\/wp-json\/wp\/v2\/product_brand?post=649106"},{"taxonomy":"product_cat","embeddable":true,"href":"https:\/\/shop.kustom.ch\/fr\/wp-json\/wp\/v2\/product_cat?post=649106"},{"taxonomy":"product_tag","embeddable":true,"href":"https:\/\/shop.kustom.ch\/fr\/wp-json\/wp\/v2\/product_tag?post=649106"}],"curies":[{"name":"wp","href":"https:\/\/api.w.org\/{rel}","templated":true}]}}

<p>Fluorescent et avec des reflets obliques. Certaines parties du produit sont en tissu stretch. Combinaison de la qualité de tissu léger 236 et de la qualité de tissu ULTIMATE STRETCH 511. Col montant. Fermeture avec fermeture éclair et double rabat de protection contre les intempéries. Anneau en D. Poche de poitrine avec fermeture à glissière. Poches avant avec fermeture éclair. Poches intérieures. Élastique dans le bord inférieur sur les côtés. Élastique aux poignets.</p>
<p>OEKO-TEX® STANDARD 100 ; EN ISO 20471 - classe 2 (XS-L) ; EN ISO 20471 - classe 3 (XL-5XL) ; Hi-Vis groupe A ; ProWash®.<br />
70% Polyester/30% Coton<br />
Twill/ripstop. Peut rétrécir au maximum de 2%. Le produit possède une certification selon laquelle il conserve ses propriétés lors de 50 lavages à domicile ou ≥ 25 lavages industriels.<br />
215 g/m<br />
Lavage de couleur, max. 60° C ; Pas de blanchiment ; Supporte le sèche-linge - température de départ max. 80° C ; Pas de repassage ; Supporte le nettoyage normal</p>
<p><a href="https://mascotsitecore-1ccb8.kxcdn.com/pdf/24509-236-14-de.pdf" target="_blank" rel="noopener"><u>Ouvrir la fiche produit</u></a></p>

<ul>
<li>Coupe moderne, près du corps, offrant une grande liberté de mouvement.</li>
<li>Le produit est une combinaison de tissu solide et de tissu stretch. Le tissu stretch se trouve là où une liberté de mouvement supplémentaire est nécessaire.</li>
<li>Double bande de protection contre les intempéries pour une protection supplémentaire en cas de mauvais temps.</li>
<li>Anneau en D pour les clés ou les cartes d'identité.</li>
<li>Poches avec fermeture à glissière.</li>
<li>Élastique aux extrémités des manches.</li>
<li>Le produit est adapté au lavage industriel.</li>
</ul>
