{"id":646818,"date":"2025-04-05T01:28:55","date_gmt":"2025-04-05T00:28:55","guid":{"rendered":"https:\/\/shop.kustom.ch\/?post_type=product&#038;p=646818"},"modified":"2026-03-31T10:49:55","modified_gmt":"2026-03-31T09:49:55","slug":"mammoth-woman","status":"publish","type":"product","link":"https:\/\/shop.kustom.ch\/fr\/produit\/mammoth-woman\/","title":{"rendered":"Femme mammouth"},"content":{"rendered":"<p>Une veste softshell technique, fabriqu\u00e9e \u00e0 partir de polyester recycl\u00e9 certifi\u00e9 et d'\u00e9lasthanne, et offrant \u00e0 la fois fonctionnalit\u00e9 et confort. Deux poches zipp\u00e9es sur les c\u00f4t\u00e9s, une poche zipp\u00e9e sur la poitrine et deux poches int\u00e9rieures suppl\u00e9mentaires pour un maximum d'espace de rangement. Les manches sont r\u00e9glables \u00e0 l'aide de velcro, ce qui permet un ajustement individuel pour faire face au vent et \u00e0 la pluie. L'ourlet peut \u00eatre ajust\u00e9 \u00e0 l'aide d'un cordon de serrage \u00e9lastique afin de garantir un ajustement serr\u00e9. De plus, la veste dispose d'une protection du menton pour augmenter le confort. Cette combinaison de caract\u00e9ristiques rend la veste id\u00e9ale pour les activit\u00e9s de plein air et offre \u00e0 la fois praticit\u00e9 et adaptabilit\u00e9 aux conditions m\u00e9t\u00e9orologiques changeantes. Emball\u00e9e dans un sac biosourc\u00e9 et compostable.<\/p>\n<p>Mati\u00e8re : Tissu ext\u00e9rieur : 96% polyester recycl\u00e9, 4% \u00e9lasthanne. Stretch 4 directions associ\u00e9 \u00e0 une polaire en polyester recycl\u00e9 100% 330 g\/m2. Oeko-Tex Standard 100<\/p>","protected":false},"excerpt":{"rendered":"<p>Eine technische Softshell Jacke, hergestellt aus zertifiziertem Recycling-Polyester und Elasthan, und bietet sowohl Funktionalit\u00e4t als auch Komfort. Zwei Reissverschlusstaschen an den Seiten, eine Reissverschluss-Brusttasche und zwei zus\u00e4tzliche Innentaschen f\u00fcr maximalen Stauraum. Die \u00c4rmel sind mit Klettverschluss verstellbar, was eine individuelle Anpassung erm\u00f6glicht, um Wind und Regen abzuwehren. Der Saum kann mit einem elastischen Kordelzug verstellt [&hellip;]<\/p>\n","protected":false},"featured_media":646855,"template":"","meta":[],"product_brand":[],"product_cat":[4186],"product_tag":[],"class_list":{"0":"post-646818","1":"product","2":"type-product","3":"status-publish","4":"has-post-thumbnail","6":"product_cat-jacken","7":"pa_brand-harvest","8":"pa_brand-type-workwear","9":"pa_filter-color-blau","10":"pa_filter-color-grau","11":"pa_filter-color-rot","12":"pa_filter-color-schwarz","14":"first","15":"instock","16":"sale","17":"taxable","18":"shipping-taxable","19":"purchasable","20":"product-type-variable","21":"add-to-wishlist-before_image"},"exclude_global_add_ons":[],"addons":[],"acf":[],"_links":{"self":[{"href":"https:\/\/shop.kustom.ch\/fr\/wp-json\/wp\/v2\/product\/646818"}],"collection":[{"href":"https:\/\/shop.kustom.ch\/fr\/wp-json\/wp\/v2\/product"}],"about":[{"href":"https:\/\/shop.kustom.ch\/fr\/wp-json\/wp\/v2\/types\/product"}],"wp:featuredmedia":[{"embeddable":true,"href":"https:\/\/shop.kustom.ch\/fr\/wp-json\/wp\/v2\/media\/646855"}],"wp:attachment":[{"href":"https:\/\/shop.kustom.ch\/fr\/wp-json\/wp\/v2\/media?parent=646818"}],"wp:term":[{"taxonomy":"product_brand","embeddable":true,"href":"https:\/\/shop.kustom.ch\/fr\/wp-json\/wp\/v2\/product_brand?post=646818"},{"taxonomy":"product_cat","embeddable":true,"href":"https:\/\/shop.kustom.ch\/fr\/wp-json\/wp\/v2\/product_cat?post=646818"},{"taxonomy":"product_tag","embeddable":true,"href":"https:\/\/shop.kustom.ch\/fr\/wp-json\/wp\/v2\/product_tag?post=646818"}],"curies":[{"name":"wp","href":"https:\/\/api.w.org\/{rel}","templated":true}]}}

<p>Une veste softshell technique, fabriquée à partir de polyester recyclé certifié et d'élasthanne, et offrant à la fois fonctionnalité et confort. Deux poches zippées sur les côtés, une poche zippée sur la poitrine et deux poches intérieures supplémentaires pour un maximum d'espace de rangement. Les manches sont réglables à l'aide de velcro, ce qui permet un ajustement individuel pour faire face au vent et à la pluie. L'ourlet peut être ajusté à l'aide d'un cordon de serrage élastique afin de garantir un ajustement serré. De plus, la veste dispose d'une protection du menton pour augmenter le confort. Cette combinaison de caractéristiques rend la veste idéale pour les activités de plein air et offre à la fois praticité et adaptabilité aux conditions météorologiques changeantes. Emballée dans un sac biosourcé et compostable.</p>
<p>Matière : Tissu extérieur : 96% polyester recyclé, 4% élasthanne. Stretch 4 directions associé à une polaire en polyester recyclé 100% 330 g/m2. Oeko-Tex Standard 100</p>

<p>Eine technische Softshell Jacke, hergestellt aus zertifiziertem Recycling-Polyester und Elasthan, und bietet sowohl Funktionalität als auch Komfort. Zwei Reissverschlusstaschen an den Seiten, eine Reissverschluss-Brusttasche und zwei zusätzliche Innentaschen für maximalen Stauraum. Die Ärmel sind mit Klettverschluss verstellbar, was eine individuelle Anpassung ermöglicht, um Wind und Regen abzuwehren. Der Saum kann mit einem elastischen Kordelzug verstellt [&hellip;]</p>
