{"id":646687,"date":"2025-04-05T01:28:01","date_gmt":"2025-04-05T00:28:01","guid":{"rendered":"https:\/\/shop.kustom.ch\/?post_type=product&#038;p=646687"},"modified":"2026-03-31T10:40:42","modified_gmt":"2026-03-31T09:40:42","slug":"meadows-woman","status":"publish","type":"product","link":"https:\/\/shop.kustom.ch\/fr\/produit\/meadows-woman\/","title":{"rendered":"Femme de Meadows"},"content":{"rendered":"<p>Cette veste matelass\u00e9e \u00e0 capuche fixe est fabriqu\u00e9e dans un tissu ext\u00e9rieur ripstop r\u00e9sistant, compos\u00e9 de polyamide recycl\u00e9 certifi\u00e9. Une veste \u00e9l\u00e9gante et chaude qui offre un confort et une fonctionnalit\u00e9 exceptionnels. Ce gilet moderne dispose de deux poches zipp\u00e9es sur les c\u00f4t\u00e9s et d'une poche zipp\u00e9e sur la poitrine pour un rangement confortable et s\u00fbr. L'empi\u00e8cement avant permet une personnalisation facile, rendant le gilet unique. Le liser\u00e9 \u00e9lastique sur les manches assure une coupe ajust\u00e9e, tandis que l'ourlet r\u00e9glable avec cordon \u00e9lastique offre un confort personnalis\u00e9. En outre, la veste dispose d'une poche int\u00e9rieure avec fermeture velcro et d'un prot\u00e8ge-menton pour plus de confort et de protection. Emball\u00e9e dans un sac biosourc\u00e9 et compostable.<\/p>\n<p>Mat\u00e9riau : Ext\u00e9rieur : 100% polyamide recycl\u00e9, ripstop 38 g\/m2. Doublure : 100% polyester recycl\u00e9 37 g\/m2. Garnissage : qualit\u00e9 recycl\u00e9e180 g\/m2. Oeko-Tex Standard 100<\/p>","protected":false},"excerpt":{"rendered":"<p>Die wattierte Jacke mit fester Kapuze ist aus strapazierf\u00e4higem Ripstop-Aussenstoff gefertigt, der aus zertifiziertem Recycling-Polyamid besteht. Eine stilvolle, warme Jacke, die aussergew\u00f6hnlichen Komfort und Funktionalit\u00e4t bietet. Diese moderne Weste verf\u00fcgt \u00fcber zwei Reissverschlusstaschen an den Seiten und eine Reissverschluss-Brusttasche f\u00fcr bequeme und sichere Aufbewahrung. Die vordere Passe erm\u00f6glicht eine einfache Personalisierung, sodass die Weste einzigartig [&hellip;]<\/p>\n","protected":false},"featured_media":646712,"template":"","meta":[],"product_brand":[],"product_cat":[4186],"product_tag":[],"class_list":{"0":"post-646687","1":"product","2":"type-product","3":"status-publish","4":"has-post-thumbnail","6":"product_cat-jacken","7":"pa_brand-harvest","8":"pa_brand-type-workwear","9":"pa_filter-color-blau","10":"pa_filter-color-grau","11":"pa_filter-color-rot","12":"pa_filter-color-schwarz","14":"first","15":"instock","16":"sale","17":"taxable","18":"shipping-taxable","19":"purchasable","20":"product-type-variable","21":"add-to-wishlist-before_image"},"exclude_global_add_ons":[],"addons":[],"acf":[],"_links":{"self":[{"href":"https:\/\/shop.kustom.ch\/fr\/wp-json\/wp\/v2\/product\/646687"}],"collection":[{"href":"https:\/\/shop.kustom.ch\/fr\/wp-json\/wp\/v2\/product"}],"about":[{"href":"https:\/\/shop.kustom.ch\/fr\/wp-json\/wp\/v2\/types\/product"}],"wp:featuredmedia":[{"embeddable":true,"href":"https:\/\/shop.kustom.ch\/fr\/wp-json\/wp\/v2\/media\/646712"}],"wp:attachment":[{"href":"https:\/\/shop.kustom.ch\/fr\/wp-json\/wp\/v2\/media?parent=646687"}],"wp:term":[{"taxonomy":"product_brand","embeddable":true,"href":"https:\/\/shop.kustom.ch\/fr\/wp-json\/wp\/v2\/product_brand?post=646687"},{"taxonomy":"product_cat","embeddable":true,"href":"https:\/\/shop.kustom.ch\/fr\/wp-json\/wp\/v2\/product_cat?post=646687"},{"taxonomy":"product_tag","embeddable":true,"href":"https:\/\/shop.kustom.ch\/fr\/wp-json\/wp\/v2\/product_tag?post=646687"}],"curies":[{"name":"wp","href":"https:\/\/api.w.org\/{rel}","templated":true}]}}

<p>Cette veste matelassée à capuche fixe est fabriquée dans un tissu extérieur ripstop résistant, composé de polyamide recyclé certifié. Une veste élégante et chaude qui offre un confort et une fonctionnalité exceptionnels. Ce gilet moderne dispose de deux poches zippées sur les côtés et d'une poche zippée sur la poitrine pour un rangement confortable et sûr. L'empiècement avant permet une personnalisation facile, rendant le gilet unique. Le liseré élastique sur les manches assure une coupe ajustée, tandis que l'ourlet réglable avec cordon élastique offre un confort personnalisé. En outre, la veste dispose d'une poche intérieure avec fermeture velcro et d'un protège-menton pour plus de confort et de protection. Emballée dans un sac biosourcé et compostable.</p>
<p>Matériau : Extérieur : 100% polyamide recyclé, ripstop 38 g/m2. Doublure : 100% polyester recyclé 37 g/m2. Garnissage : qualité recyclée180 g/m2. Oeko-Tex Standard 100</p>

<p>Die wattierte Jacke mit fester Kapuze ist aus strapazierfähigem Ripstop-Aussenstoff gefertigt, der aus zertifiziertem Recycling-Polyamid besteht. Eine stilvolle, warme Jacke, die aussergewöhnlichen Komfort und Funktionalität bietet. Diese moderne Weste verfügt über zwei Reissverschlusstaschen an den Seiten und eine Reissverschluss-Brusttasche für bequeme und sichere Aufbewahrung. Die vordere Passe ermöglicht eine einfache Personalisierung, sodass die Weste einzigartig [&hellip;]</p>
