{"id":618642,"date":"2025-03-12T02:52:15","date_gmt":"2025-03-12T01:52:15","guid":{"rendered":"https:\/\/shop.kustom.ch\/?post_type=product&#038;p=618642"},"modified":"2026-03-31T12:49:35","modified_gmt":"2026-03-31T11:49:35","slug":"travel-line-folding-bag","status":"publish","type":"product","link":"https:\/\/shop.kustom.ch\/fr\/produit\/travel-line-folding-bag\/","title":{"rendered":"TRAVEL LINE Sac pliable"},"content":{"rendered":"<p>Notre sac de sport pliable - \u00e9l\u00e9gant, compact et pr\u00eat pour chaque aventure !<br \/>\n2 en 1 : Pratiquement pliable - pour un meilleur rangement ; Mat\u00e9riau ripstop de haute qualit\u00e9 emp\u00eachant le sac de se d\u00e9chirer ; Design All-Black \u00e9l\u00e9gant pour une pr\u00e9sentation styl\u00e9e en voyage et au sport ; Compartiment principal spacieux avec compartiment int\u00e9gr\u00e9 pour eau ou chaussures ; Poche lat\u00e9rale utilisable de mani\u00e8re flexible ; Poche ext\u00e9rieure en mesh pour un acc\u00e8s ultrarapide aux objets les plus importants ; Dimensions (L x l x H) env. 50,5x30x28,5 cm ; Volume env. 44 litres<br \/>\n100% Polyester<\/p>","protected":false},"excerpt":{"rendered":"<p>Unsere faltbare Sporttasche \u2013 stilvoll, kompakt und bereit f\u00fcr jedes Abenteuer! 2 in 1: Praktisch zusammenfaltbar\u2013 f\u00fcr eine bessere Aufbewahrung; Hochwertiges Ripstop-Material verhindert Aufreissen der Tasche; Edles All-Black Design f\u00fcr den stilvollen Auftritt auf Reisen und beim Sport; Ger\u00e4umiges Hauptfach mit integriertem Nass- bzw. Schuhfach; Flexibel nutzbare Seitentasche; Mesh-Aussentasche f\u00fcr blitzschnellen Zugriff auf die wichtigsten [&hellip;]<\/p>\n","protected":false},"featured_media":618656,"template":"","meta":[],"product_brand":[],"product_cat":[4195,4209],"product_tag":[],"class_list":{"0":"post-618642","1":"product","2":"type-product","3":"status-publish","4":"has-post-thumbnail","6":"product_cat-rucksaecke-taschen","7":"product_cat-zubehoer","8":"pa_brand-erima","9":"pa_brand-type-sportswear","10":"pa_filter-color-schwarz","12":"first","13":"instock","14":"sale","15":"taxable","16":"shipping-taxable","17":"purchasable","18":"product-type-variable","19":"add-to-wishlist-before_image"},"exclude_global_add_ons":[],"addons":[],"acf":[],"_links":{"self":[{"href":"https:\/\/shop.kustom.ch\/fr\/wp-json\/wp\/v2\/product\/618642"}],"collection":[{"href":"https:\/\/shop.kustom.ch\/fr\/wp-json\/wp\/v2\/product"}],"about":[{"href":"https:\/\/shop.kustom.ch\/fr\/wp-json\/wp\/v2\/types\/product"}],"wp:featuredmedia":[{"embeddable":true,"href":"https:\/\/shop.kustom.ch\/fr\/wp-json\/wp\/v2\/media\/618656"}],"wp:attachment":[{"href":"https:\/\/shop.kustom.ch\/fr\/wp-json\/wp\/v2\/media?parent=618642"}],"wp:term":[{"taxonomy":"product_brand","embeddable":true,"href":"https:\/\/shop.kustom.ch\/fr\/wp-json\/wp\/v2\/product_brand?post=618642"},{"taxonomy":"product_cat","embeddable":true,"href":"https:\/\/shop.kustom.ch\/fr\/wp-json\/wp\/v2\/product_cat?post=618642"},{"taxonomy":"product_tag","embeddable":true,"href":"https:\/\/shop.kustom.ch\/fr\/wp-json\/wp\/v2\/product_tag?post=618642"}],"curies":[{"name":"wp","href":"https:\/\/api.w.org\/{rel}","templated":true}]}}

<p>Notre sac de sport pliable - élégant, compact et prêt pour chaque aventure !<br />
2 en 1 : Pratiquement pliable - pour un meilleur rangement ; Matériau ripstop de haute qualité empêchant le sac de se déchirer ; Design All-Black élégant pour une présentation stylée en voyage et au sport ; Compartiment principal spacieux avec compartiment intégré pour eau ou chaussures ; Poche latérale utilisable de manière flexible ; Poche extérieure en mesh pour un accès ultrarapide aux objets les plus importants ; Dimensions (L x l x H) env. 50,5x30x28,5 cm ; Volume env. 44 litres<br />
100% Polyester</p>

<p>Unsere faltbare Sporttasche – stilvoll, kompakt und bereit für jedes Abenteuer! 2 in 1: Praktisch zusammenfaltbar– für eine bessere Aufbewahrung; Hochwertiges Ripstop-Material verhindert Aufreissen der Tasche; Edles All-Black Design für den stilvollen Auftritt auf Reisen und beim Sport; Geräumiges Hauptfach mit integriertem Nass- bzw. Schuhfach; Flexibel nutzbare Seitentasche; Mesh-Aussentasche für blitzschnellen Zugriff auf die wichtigsten [&hellip;]</p>
