{"id":615789,"date":"2025-03-12T02:29:47","date_gmt":"2025-03-12T01:29:47","guid":{"rendered":"https:\/\/shop.kustom.ch\/?post_type=product&#038;p=615789"},"modified":"2026-03-31T12:35:29","modified_gmt":"2026-03-31T11:35:29","slug":"premia-parka","status":"publish","type":"product","link":"https:\/\/shop.kustom.ch\/fr\/produit\/premia-parka\/","title":{"rendered":"Parka PREMIA"},"content":{"rendered":"<p>Bien au chaud pendant la saison froide.<br \/>\nVeste d'hiver doubl\u00e9e avec une colonne d'eau de 5.000 mm gr\u00e2ce \u00e0 une membrane hydrofuge ; fermeture \u00e9clair frontale \u00e0 double sens avec protection du menton en polaire \u00e0 l'int\u00e9rieur ; col haut avec capuche doubl\u00e9e et cordon de serrage ; poche int\u00e9rieure avec fermeture \u00e9clair ; poches lat\u00e9rales \u00e0 fermeture \u00e9clair cach\u00e9es ; poignets int\u00e9gr\u00e9s et fermeture velcro ; logo ERIMA sur la poitrine<br \/>\n100% Polyester<\/p>","protected":false},"excerpt":{"rendered":"<p>Gut gew\u00e4rmt durch die kalte Jahreszeit. Gef\u00fctterte Winterjacke mit 5.000 mm Wassers\u00e4ule durch wasserabweisende Membran; 2-Wege-Frontreissverschluss mit Kinnschutz aus Fleece an der Innenseite; Hoher Kragen mit gef\u00fctterter Kapuze und Kordelzug; Innentasche mit Reissverschluss; Seitlich verdeckte Reissverschlusstaschen; Eingearbeitetes B\u00fcndchen und Klettverschluss an den \u00c4rmeln; ERIMA Logo auf der Brust 100% Polyester<\/p>","protected":false},"featured_media":615851,"template":"","meta":[],"product_brand":[],"product_cat":[4186],"product_tag":[],"class_list":{"0":"post-615789","1":"product","2":"type-product","3":"status-publish","4":"has-post-thumbnail","6":"product_cat-jacken","7":"pa_brand-erima","8":"pa_brand-type-sportswear","9":"pa_filter-color-blau","10":"pa_filter-color-schwarz","12":"first","13":"instock","14":"sale","15":"taxable","16":"shipping-taxable","17":"purchasable","18":"product-type-variable","19":"add-to-wishlist-before_image"},"exclude_global_add_ons":[],"addons":[],"acf":[],"_links":{"self":[{"href":"https:\/\/shop.kustom.ch\/fr\/wp-json\/wp\/v2\/product\/615789"}],"collection":[{"href":"https:\/\/shop.kustom.ch\/fr\/wp-json\/wp\/v2\/product"}],"about":[{"href":"https:\/\/shop.kustom.ch\/fr\/wp-json\/wp\/v2\/types\/product"}],"wp:featuredmedia":[{"embeddable":true,"href":"https:\/\/shop.kustom.ch\/fr\/wp-json\/wp\/v2\/media\/615851"}],"wp:attachment":[{"href":"https:\/\/shop.kustom.ch\/fr\/wp-json\/wp\/v2\/media?parent=615789"}],"wp:term":[{"taxonomy":"product_brand","embeddable":true,"href":"https:\/\/shop.kustom.ch\/fr\/wp-json\/wp\/v2\/product_brand?post=615789"},{"taxonomy":"product_cat","embeddable":true,"href":"https:\/\/shop.kustom.ch\/fr\/wp-json\/wp\/v2\/product_cat?post=615789"},{"taxonomy":"product_tag","embeddable":true,"href":"https:\/\/shop.kustom.ch\/fr\/wp-json\/wp\/v2\/product_tag?post=615789"}],"curies":[{"name":"wp","href":"https:\/\/api.w.org\/{rel}","templated":true}]}}

<p>Bien au chaud pendant la saison froide.<br />
Veste d'hiver doublée avec une colonne d'eau de 5.000 mm grâce à une membrane hydrofuge ; fermeture éclair frontale à double sens avec protection du menton en polaire à l'intérieur ; col haut avec capuche doublée et cordon de serrage ; poche intérieure avec fermeture éclair ; poches latérales à fermeture éclair cachées ; poignets intégrés et fermeture velcro ; logo ERIMA sur la poitrine<br />
100% Polyester</p>

<p>Gut gewärmt durch die kalte Jahreszeit. Gefütterte Winterjacke mit 5.000 mm Wassersäule durch wasserabweisende Membran; 2-Wege-Frontreissverschluss mit Kinnschutz aus Fleece an der Innenseite; Hoher Kragen mit gefütterter Kapuze und Kordelzug; Innentasche mit Reissverschluss; Seitlich verdeckte Reissverschlusstaschen; Eingearbeitetes Bündchen und Klettverschluss an den Ärmeln; ERIMA Logo auf der Brust 100% Polyester</p>
