{"id":610561,"date":"2025-03-06T04:16:54","date_gmt":"2025-03-06T03:16:54","guid":{"rendered":"https:\/\/shop.kustom.ch\/?post_type=product&#038;p=610561"},"modified":"2026-04-01T07:17:39","modified_gmt":"2026-04-01T06:17:39","slug":"fhb-original-fiete-arbeitsweste","status":"publish","type":"product","link":"https:\/\/shop.kustom.ch\/fr\/produit\/fhb-original-fiete-arbeitsweste\/","title":{"rendered":"Gilet de travail FIETE"},"content":{"rendered":"<p>Ajustement :<br \/>\nCoupe extra confortable avec beaucoup d'espace et de libert\u00e9 de mouvement.<br \/>\nFiete a une coupe droite et est ample sur le corps.<br \/>\nSacs :<br \/>\nGrandes poches kangourou plaqu\u00e9es avec large ouverture.1 poche zipp\u00e9e int\u00e9gr\u00e9e sur le c\u00f4t\u00e9 droit \u00e0 l'avant.1 poche int\u00e9rieure de couleur naturelle avec fermeture \u00e0 bouton.<br \/>\nEn dessous, une \u00e9tiquette int\u00e9rieure historique FHB-Web est positionn\u00e9e.<br \/>\nFermetures \u00e0 glissi\u00e8re :<br \/>\nLa fermeture \u00e9clair frontale et la fermeture \u00e9clair de la poche lat\u00e9rale sont fabriqu\u00e9es par YKK.<br \/>\ncol :<br \/>\nCol tricot\u00e9 tr\u00e8s agr\u00e9able.r\u00e9sistant en polyamide 100%.<br \/>\nR\u00e9glage de la largeur :<br \/>\n2 boucles noires YKK au niveau des hanches pour pouvoir r\u00e9gler individuellement la largeur du gilet.<br \/>\ncouche interm\u00e9diaire :<br \/>\nLe gilet l\u00e9g\u00e8rement doubl\u00e9 peut aussi \u00eatre merveilleusement port\u00e9 comme couche interm\u00e9diaire chaude les jours de grand froid... Mati\u00e8re : 100% coton<\/p>","protected":false},"excerpt":{"rendered":"<p>Passform: Extra bequeme Passform mit reichlich Spielraum und Bewegungsfreiheit. Fiete ist gerade geschnitten und sitzt locker am K\u00f6rper. Taschen: Aufgesetzte, grosse K\u00e4ngurutaschen mit breitem Eingriff.1 integrierte Reissverschlusstasche auf der rechten Seite vorne.1 naturfarbene Innentasche mit Knopfverschluss. Darunter ist ein historisches FHB-Web-Innenetikett positioniert. Reissverschl\u00fcsse: Der durchgehende Frontreissverschluss und der Reissverschluss der seitlichen Tasche sind von YKK.Die [&hellip;]<\/p>\n","protected":false},"featured_media":672016,"template":"","meta":[],"product_brand":[],"product_cat":[4208],"product_tag":[],"class_list":{"0":"post-610561","1":"product","2":"type-product","3":"status-publish","4":"has-post-thumbnail","6":"product_cat-westen","7":"pa_brand-fhb","8":"pa_brand-type-workwear","9":"pa_filter-color-schwarz","11":"first","12":"instock","13":"sale","14":"taxable","15":"shipping-taxable","16":"purchasable","17":"product-type-variable","18":"add-to-wishlist-before_image"},"exclude_global_add_ons":[],"addons":[],"acf":[],"_links":{"self":[{"href":"https:\/\/shop.kustom.ch\/fr\/wp-json\/wp\/v2\/product\/610561"}],"collection":[{"href":"https:\/\/shop.kustom.ch\/fr\/wp-json\/wp\/v2\/product"}],"about":[{"href":"https:\/\/shop.kustom.ch\/fr\/wp-json\/wp\/v2\/types\/product"}],"wp:featuredmedia":[{"embeddable":true,"href":"https:\/\/shop.kustom.ch\/fr\/wp-json\/wp\/v2\/media\/672016"}],"wp:attachment":[{"href":"https:\/\/shop.kustom.ch\/fr\/wp-json\/wp\/v2\/media?parent=610561"}],"wp:term":[{"taxonomy":"product_brand","embeddable":true,"href":"https:\/\/shop.kustom.ch\/fr\/wp-json\/wp\/v2\/product_brand?post=610561"},{"taxonomy":"product_cat","embeddable":true,"href":"https:\/\/shop.kustom.ch\/fr\/wp-json\/wp\/v2\/product_cat?post=610561"},{"taxonomy":"product_tag","embeddable":true,"href":"https:\/\/shop.kustom.ch\/fr\/wp-json\/wp\/v2\/product_tag?post=610561"}],"curies":[{"name":"wp","href":"https:\/\/api.w.org\/{rel}","templated":true}]}}

<p>Ajustement :<br />
Coupe extra confortable avec beaucoup d'espace et de liberté de mouvement.<br />
Fiete a une coupe droite et est ample sur le corps.<br />
Sacs :<br />
Grandes poches kangourou plaquées avec large ouverture.1 poche zippée intégrée sur le côté droit à l'avant.1 poche intérieure de couleur naturelle avec fermeture à bouton.<br />
En dessous, une étiquette intérieure historique FHB-Web est positionnée.<br />
Fermetures à glissière :<br />
La fermeture éclair frontale et la fermeture éclair de la poche latérale sont fabriquées par YKK.<br />
col :<br />
Col tricoté très agréable.résistant en polyamide 100%.<br />
Réglage de la largeur :<br />
2 boucles noires YKK au niveau des hanches pour pouvoir régler individuellement la largeur du gilet.<br />
couche intermédiaire :<br />
Le gilet légèrement doublé peut aussi être merveilleusement porté comme couche intermédiaire chaude les jours de grand froid... Matière : 100% coton</p>

<p>Passform: Extra bequeme Passform mit reichlich Spielraum und Bewegungsfreiheit. Fiete ist gerade geschnitten und sitzt locker am Körper. Taschen: Aufgesetzte, grosse Kängurutaschen mit breitem Eingriff.1 integrierte Reissverschlusstasche auf der rechten Seite vorne.1 naturfarbene Innentasche mit Knopfverschluss. Darunter ist ein historisches FHB-Web-Innenetikett positioniert. Reissverschlüsse: Der durchgehende Frontreissverschluss und der Reissverschluss der seitlichen Tasche sind von YKK.Die [&hellip;]</p>
