{"id":598398,"date":"2025-03-05T01:54:34","date_gmt":"2025-03-05T00:54:34","guid":{"rendered":"https:\/\/shop.kustom.ch\/?post_type=product&#038;p=598398"},"modified":"2026-03-31T09:05:49","modified_gmt":"2026-03-31T08:05:49","slug":"damen-softshell-jacke-2","status":"publish","type":"product","link":"https:\/\/shop.kustom.ch\/fr\/produit\/damen-softshell-jacke-2\/","title":{"rendered":"Veste softshell pour femme"},"content":{"rendered":"<p>Une veste softshell flexible et polyvalente pour femmes avec une capuche r\u00e9glable et une fermeture \u00e9clair \u00e0 double sens. La veste a \u00e9t\u00e9 con\u00e7ue pour offrir une libert\u00e9 de mouvement maximale et elle est fabriqu\u00e9e dans un tissu extensible, coupe-vent et imperm\u00e9able.<\/p>\n<p>FERMETURE : Ceinture r\u00e9glable avec cordon de serrage. Poignets r\u00e9glables avec fermeture velcro. D\u00c9TAILS : Impression sur la poitrine. Capuche fixe et r\u00e9glable. FERMETURE FRONTALE : fermeture \u00e0 glissi\u00e8re plastique \u00e0 double sens. FONCTIONNALIT\u00c9 : Imperm\u00e9able au vent et \u00e0 l'eau, coutures non scell\u00e9es, respirant. Taille pour femmes. CARACT\u00c9RISTIQUES PRINCIPALES : Artisan. TISSU : Disponible pour hommes et femmes. noir. imperm\u00e9able. Vent \/ humidit\u00e9 \/ froid. POCHES : Poche de poitrine avec fermeture \u00e0 glissi\u00e8re. Poches avant avec fermetures \u00e0 glissi\u00e8re. INSTRUCTIONS DE LAVAGE : ne pas repasser.<\/p>\n<p>100% polyester, tissu softshell 3 couches, imperm\u00e9able 17.000mm, coupe-vent, respirant Ret 7,2, 300 g\/m<\/p>","protected":false},"excerpt":{"rendered":"<p>Eine flexible und vielf\u00e4ltige Softshell Jacke f\u00fcr Damen mit einer einstellbaren Kapuze und einem Zwei-Wege Reissverschluss. Die Jacke wurde entwickelt, um maximale Bewegungsfreiheit zu bieten und sie besteht aus einem Stoff, der dehnbar, wind- und wasserdicht ist. ABSCHLUSS: Verstellbarer Bund mit Kordelzug. Verstellbare \u00c4rmelb\u00fcndchen mit Klettverschluss. DETAILS: Aufdruck auf der Brust. Feste, verstellbare Kapuze. FRONTVERSCHLUSS: [&hellip;]<\/p>\n","protected":false},"featured_media":598454,"template":"","meta":[],"product_brand":[],"product_cat":[4186],"product_tag":[],"class_list":{"0":"post-598398","1":"product","2":"type-product","3":"status-publish","4":"has-post-thumbnail","6":"product_cat-jacken","7":"pa_brand-blaklaeder","8":"pa_brand-type-workwear","9":"pa_filter-color-gelb","10":"pa_filter-color-grau","11":"pa_filter-color-rot","12":"pa_filter-color-schwarz","14":"first","15":"instock","16":"sale","17":"taxable","18":"shipping-taxable","19":"purchasable","20":"product-type-variable","21":"add-to-wishlist-before_image"},"exclude_global_add_ons":[],"addons":[],"acf":[],"_links":{"self":[{"href":"https:\/\/shop.kustom.ch\/fr\/wp-json\/wp\/v2\/product\/598398"}],"collection":[{"href":"https:\/\/shop.kustom.ch\/fr\/wp-json\/wp\/v2\/product"}],"about":[{"href":"https:\/\/shop.kustom.ch\/fr\/wp-json\/wp\/v2\/types\/product"}],"wp:featuredmedia":[{"embeddable":true,"href":"https:\/\/shop.kustom.ch\/fr\/wp-json\/wp\/v2\/media\/598454"}],"wp:attachment":[{"href":"https:\/\/shop.kustom.ch\/fr\/wp-json\/wp\/v2\/media?parent=598398"}],"wp:term":[{"taxonomy":"product_brand","embeddable":true,"href":"https:\/\/shop.kustom.ch\/fr\/wp-json\/wp\/v2\/product_brand?post=598398"},{"taxonomy":"product_cat","embeddable":true,"href":"https:\/\/shop.kustom.ch\/fr\/wp-json\/wp\/v2\/product_cat?post=598398"},{"taxonomy":"product_tag","embeddable":true,"href":"https:\/\/shop.kustom.ch\/fr\/wp-json\/wp\/v2\/product_tag?post=598398"}],"curies":[{"name":"wp","href":"https:\/\/api.w.org\/{rel}","templated":true}]}}

<p>Une veste softshell flexible et polyvalente pour femmes avec une capuche réglable et une fermeture éclair à double sens. La veste a été conçue pour offrir une liberté de mouvement maximale et elle est fabriquée dans un tissu extensible, coupe-vent et imperméable.</p>
<p>FERMETURE : Ceinture réglable avec cordon de serrage. Poignets réglables avec fermeture velcro. DÉTAILS : Impression sur la poitrine. Capuche fixe et réglable. FERMETURE FRONTALE : fermeture à glissière plastique à double sens. FONCTIONNALITÉ : Imperméable au vent et à l'eau, coutures non scellées, respirant. Taille pour femmes. CARACTÉRISTIQUES PRINCIPALES : Artisan. TISSU : Disponible pour hommes et femmes. noir. imperméable. Vent / humidité / froid. POCHES : Poche de poitrine avec fermeture à glissière. Poches avant avec fermetures à glissière. INSTRUCTIONS DE LAVAGE : ne pas repasser.</p>
<p>100% polyester, tissu softshell 3 couches, imperméable 17.000mm, coupe-vent, respirant Ret 7,2, 300 g/m</p>

<p>Eine flexible und vielfältige Softshell Jacke für Damen mit einer einstellbaren Kapuze und einem Zwei-Wege Reissverschluss. Die Jacke wurde entwickelt, um maximale Bewegungsfreiheit zu bieten und sie besteht aus einem Stoff, der dehnbar, wind- und wasserdicht ist. ABSCHLUSS: Verstellbarer Bund mit Kordelzug. Verstellbare Ärmelbündchen mit Klettverschluss. DETAILS: Aufdruck auf der Brust. Feste, verstellbare Kapuze. FRONTVERSCHLUSS: [&hellip;]</p>
